164.76.243.247 - - [06/May/2008:07:44:41 -0400] "GET /NoteBook/releases/NoteBook-0.3.tar.gz HTTP/1.1" 200 30612 "-" "fetch libfetch/2.0"
74.6.22.216 - - [06/May/2008:07:45:05 -0400] "GET /access.log HTTP/1.0" 200 249682 "-" "Mozilla/5.0 (compatible; Yahoo! Slurp; http://help.yahoo.com/help/us/ysearch/slurp)"
77.1.211.56 - - [06/May/2008:08:36:16 -0400] "GET / HTTP/1.1" 200 826 "http://wiki.gnustep.org/index.php/NoteBook.app" "Mozilla/5.0 (X11; U; Linux i686; en-US; rv:1.9b5) Gecko/2008041514 Firefox/3.0b5"
77.1.211.56 - - [06/May/2008:08:36:16 -0400] "GET /icons/blank.gif HTTP/1.1" 200 148 "http://notebook.cowgar.com/" "Mozilla/5.0 (X11; U; Linux i686; en-US; rv:1.9b5) Gecko/2008041514 Firefox/3.0b5"
77.1.211.56 - - [06/May/2008:08:36:16 -0400] "GET /icons/folder.gif HTTP/1.1" 200 225 "http://notebook.cowgar.com/" "Mozilla/5.0 (X11; U; Linux i686; en-US; rv:1.9b5) Gecko/2008041514 Firefox/3.0b5"
77.1.211.56 - - [06/May/2008:08:36:16 -0400] "GET /icons/unknown.gif HTTP/1.1" 200 245 "http://notebook.cowgar.com/" "Mozilla/5.0 (X11; U; Linux i686; en-US; rv:1.9b5) Gecko/2008041514 Firefox/3.0b5"
77.1.211.56 - - [06/May/2008:08:36:16 -0400] "GET /favicon.ico HTTP/1.1" 404 209 "-" "Mozilla/5.0 (X11; U; Linux i686; en-US; rv:1.9b5) Gecko/2008041514 Firefox/3.0b5"
77.1.211.56 - - [06/May/2008:08:36:19 -0400] "GET /favicon.ico HTTP/1.1" 404 209 "-" "Mozilla/5.0 (X11; U; Linux i686; en-US; rv:1.9b5) Gecko/2008041514 Firefox/3.0b5"
77.1.211.56 - - [06/May/2008:08:36:40 -0400] "GET /NoteBook/ HTTP/1.1" 200 809 "http://notebook.cowgar.com/" "Mozilla/5.0 (X11; U; Linux i686; en-US; rv:1.9b5) Gecko/2008041514 Firefox/3.0b5"
77.1.211.56 - - [06/May/2008:08:36:40 -0400] "GET /icons/back.gif HTTP/1.1" 200 216 "http://notebook.cowgar.com/NoteBook/" "Mozilla/5.0 (X11; U; Linux i686; en-US; rv:1.9b5) Gecko/2008041514 Firefox/3.0b5"
77.1.211.56 - - [06/May/2008:08:36:42 -0400] "GET /NoteBook/releases/ HTTP/1.1" 200 860 "http://notebook.cowgar.com/NoteBook/" "Mozilla/5.0 (X11; U; Linux i686; en-US; rv:1.9b5) Gecko/2008041514 Firefox/3.0b5"
77.1.211.56 - - [06/May/2008:08:36:42 -0400] "GET /icons/compressed.gif HTTP/1.1" 200 1038 "http://notebook.cowgar.com/NoteBook/releases/" "Mozilla/5.0 (X11; U; Linux i686; en-US; rv:1.9b5) Gecko/2008041514 Firefox/3.0b5"
67.195.37.112 - - [06/May/2008:09:20:21 -0400] "GET /robots.txt HTTP/1.0" 404 208 "-" "Mozilla/5.0 (compatible; Yahoo! Slurp; http://help.yahoo.com/help/us/ysearch/slurp)"
67.195.37.112 - - [06/May/2008:09:20:21 -0400] "GET /?C=D;O=D HTTP/1.0" 200 826 "-" "Mozilla/5.0 (compatible; Yahoo! Slurp/3.0; http://help.yahoo.com/help/us/ysearch/slurp)"
74.6.17.167 - - [06/May/2008:11:40:38 -0400] "GET /robots.txt HTTP/1.0" 404 208 "-" "Mozilla/5.0 (compatible; Yahoo! Slurp; http://help.yahoo.com/help/us/ysearch/slurp)"
74.6.29.115 - - [06/May/2008:11:40:40 -0400] "GET /?C=M;O=D HTTP/1.0" 200 826 "-" "Mozilla/5.0 (compatible; Yahoo! Slurp; http://help.yahoo.com/help/us/ysearch/slurp)"
67.195.37.112 - - [06/May/2008:13:44:18 -0400] "GET / HTTP/1.0" 200 826 "-" "Mozilla/5.0 (compatible; Yahoo! Slurp/3.0; http://help.yahoo.com/help/us/ysearch/slurp)"
67.195.37.112 - - [06/May/2008:13:49:31 -0400] "GET /?C=D;O=A HTTP/1.0" 200 826 "-" "Mozilla/5.0 (compatible; Yahoo! Slurp/3.0; http://help.yahoo.com/help/us/ysearch/slurp)"
67.195.37.112 - - [06/May/2008:13:59:58 -0400] "GET /robots.txt HTTP/1.0" 404 208 "-" "Mozilla/5.0 (compatible; Yahoo! Slurp; http://help.yahoo.com/help/us/ysearch/slurp)"
67.195.37.112 - - [06/May/2008:13:59:59 -0400] "GET /?C=S;O=A HTTP/1.0" 200 826 "-" "Mozilla/5.0 (compatible; Yahoo! Slurp/3.0; http://help.yahoo.com/help/us/ysearch/slurp)"
74.6.19.223 - - [06/May/2008:14:03:13 -0400] "GET /robots.txt HTTP/1.0" 404 208 "-" "Mozilla/5.0 (compatible; Yahoo! Slurp; http://help.yahoo.com/help/us/ysearch/slurp)"
67.195.51.175 - - [06/May/2008:14:03:13 -0400] "GET /?C=N;O=A HTTP/1.0" 200 826 "-" "Mozilla/5.0 (compatible; Yahoo! Slurp; http://help.yahoo.com/help/us/ysearch/slurp)"
67.195.37.112 - - [06/May/2008:14:06:51 -0400] "GET /?C=S;O=D HTTP/1.0" 200 826 "-" "Mozilla/5.0 (compatible; Yahoo! Slurp/3.0; http://help.yahoo.com/help/us/ysearch/slurp)"
67.195.52.121 - - [06/May/2008:14:09:43 -0400] "GET /NoteBook/releases/ HTTP/1.0" 200 860 "-" "Mozilla/5.0 (compatible; Yahoo! Slurp; http://help.yahoo.com/help/us/ysearch/slurp)"
67.195.52.98 - - [06/May/2008:14:11:38 -0400] "GET /NoteBook/releases/?C=M;O=A HTTP/1.0" 200 860 "-" "Mozilla/5.0 (compatible; Yahoo! Slurp; http://help.yahoo.com/help/us/ysearch/slurp)"
67.195.51.161 - - [06/May/2008:14:12:57 -0400] "GET /NoteBook/releases/?C=S;O=A HTTP/1.0" 200 860 "-" "Mozilla/5.0 (compatible; Yahoo! Slurp; http://help.yahoo.com/help/us/ysearch/slurp)"
67.195.51.180 - - [06/May/2008:14:20:19 -0400] "GET /NoteBook/releases/?C=N;O=D HTTP/1.0" 200 860 "-" "Mozilla/5.0 (compatible; Yahoo! Slurp; http://help.yahoo.com/help/us/ysearch/slurp)"
67.195.52.105 - - [06/May/2008:14:35:18 -0400] "GET /NoteBook/releases/?C=D;O=A HTTP/1.0" 200 860 "-" "Mozilla/5.0 (compatible; Yahoo! Slurp; http://help.yahoo.com/help/us/ysearch/slurp)"
165.111.2.149 - - [06/May/2008:14:53:11 -0400] "GET / HTTP/1.1" 200 826 "http://www.selenic.com/mercurial/wiki/index.cgi/ProjectsUsingMercurial" "Mozilla/5.0 (Macintosh; U; Intel Mac OS X; en-US; rv:1.8.1.14) Gecko/20080404 Firefox/2.0.0.14"
165.111.2.149 - - [06/May/2008:14:53:11 -0400] "GET /icons/blank.gif HTTP/1.1" 200 148 "http://notebook.cowgar.com/" "Mozilla/5.0 (Macintosh; U; Intel Mac OS X; en-US; rv:1.8.1.14) Gecko/20080404 Firefox/2.0.0.14"
165.111.2.149 - - [06/May/2008:14:53:11 -0400] "GET /icons/unknown.gif HTTP/1.1" 200 245 "http://notebook.cowgar.com/" "Mozilla/5.0 (Macintosh; U; Intel Mac OS X; en-US; rv:1.8.1.14) Gecko/20080404 Firefox/2.0.0.14"
165.111.2.149 - - [06/May/2008:14:53:11 -0400] "GET /icons/folder.gif HTTP/1.1" 200 225 "http://notebook.cowgar.com/" "Mozilla/5.0 (Macintosh; U; Intel Mac OS X; en-US; rv:1.8.1.14) Gecko/20080404 Firefox/2.0.0.14"
165.111.2.149 - - [06/May/2008:14:53:11 -0400] "GET /favicon.ico HTTP/1.1" 404 209 "-" "Mozilla/5.0 (Macintosh; U; Intel Mac OS X; en-US; rv:1.8.1.14) Gecko/20080404 Firefox/2.0.0.14"
165.111.2.149 - - [06/May/2008:14:56:15 -0400] "GET /favicon.ico HTTP/1.1" 404 209 "-" "Mozilla/5.0 (Macintosh; U; Intel Mac OS X; en-US; rv:1.8.1.14) Gecko/20080404 Firefox/2.0.0.14"
165.111.2.149 - - [06/May/2008:14:56:19 -0400] "GET /NoteBook/ HTTP/1.1" 200 809 "http://notebook.cowgar.com/" "Mozilla/5.0 (Macintosh; U; Intel Mac OS X; en-US; rv:1.8.1.14) Gecko/20080404 Firefox/2.0.0.14"
165.111.2.149 - - [06/May/2008:14:56:19 -0400] "GET /icons/back.gif HTTP/1.1" 200 216 "http://notebook.cowgar.com/NoteBook/" "Mozilla/5.0 (Macintosh; U; Intel Mac OS X; en-US; rv:1.8.1.14) Gecko/20080404 Firefox/2.0.0.14"
165.111.2.149 - - [06/May/2008:14:56:20 -0400] "GET /NoteBook/releases/ HTTP/1.1" 200 860 "http://notebook.cowgar.com/NoteBook/" "Mozilla/5.0 (Macintosh; U; Intel Mac OS X; en-US; rv:1.8.1.14) Gecko/20080404 Firefox/2.0.0.14"
165.111.2.149 - - [06/May/2008:14:56:20 -0400] "GET /icons/compressed.gif HTTP/1.1" 200 1038 "http://notebook.cowgar.com/NoteBook/releases/" "Mozilla/5.0 (Macintosh; U; Intel Mac OS X; en-US; rv:1.8.1.14) Gecko/20080404 Firefox/2.0.0.14"
67.195.52.125 - - [06/May/2008:15:09:28 -0400] "GET /?C=M;O=D HTTP/1.0" 200 826 "-" "Mozilla/5.0 (compatible; Yahoo! Slurp; http://help.yahoo.com/help/us/ysearch/slurp)"
74.6.17.167 - - [06/May/2008:15:30:05 -0400] "GET /robots.txt HTTP/1.0" 404 208 "-" "Mozilla/5.0 (compatible; Yahoo! Slurp; http://help.yahoo.com/help/us/ysearch/slurp)"
74.6.12.24 - - [06/May/2008:15:30:05 -0400] "GET /NoteBook/releases/?C=S;O=A HTTP/1.0" 200 860 "-" "Mozilla/5.0 (compatible; Yahoo! Slurp; http://help.yahoo.com/help/us/ysearch/slurp)"
74.6.86.152 - - [06/May/2008:15:37:16 -0400] "GET / HTTP/1.0" 200 826 "-" "Mozilla/5.0 (compatible; Yahoo! Slurp; http://help.yahoo.com/help/us/ysearch/slurp)"
74.6.87.118 - - [06/May/2008:15:51:00 -0400] "GET / HTTP/1.0" 200 826 "-" "Mozilla/5.0 (compatible; Yahoo! Slurp; http://help.yahoo.com/help/us/ysearch/slurp)"
74.6.24.234 - - [06/May/2008:15:55:54 -0400] "GET /?C=S;O=A HTTP/1.0" 200 826 "-" "Mozilla/5.0 (compatible; Yahoo! Slurp; http://help.yahoo.com/help/us/ysearch/slurp)"
74.6.19.32 - - [06/May/2008:16:00:25 -0400] "GET /?C=N;O=D HTTP/1.0" 200 826 "-" "Mozilla/5.0 (compatible; Yahoo! Slurp; http://help.yahoo.com/help/us/ysearch/slurp)"
65.55.208.134 - - [06/May/2008:16:11:23 -0400] "GET /robots.txt HTTP/1.1" 404 208 "-" "msnbot/1.1 (+http://search.msn.com/msnbot.htm)"
65.55.208.134 - - [06/May/2008:16:11:23 -0400] "GET / HTTP/1.1" 200 826 "-" "msnbot/1.1 (+http://search.msn.com/msnbot.htm)"
71.173.174.94 - - [06/May/2008:16:57:32 -0400] "GET /access.log HTTP/1.1" 200 258224 "http://www.google.com/search?hl=en&ie=UTF-8&q=filetype%3Alog+access.log+-CVS&btnG=Google+Search" "Mozilla/5.0 (Windows; U; Windows NT 5.1; en-GB; rv:1.8.0.12) Gecko/20070508 Firefox/1.5.0.12"
71.173.174.94 - - [06/May/2008:16:57:34 -0400] "GET /favicon.ico HTTP/1.1" 404 209 "-" "Mozilla/5.0 (Windows; U; Windows NT 5.1; en-GB; rv:1.8.0.12) Gecko/20070508 Firefox/1.5.0.12"
74.6.16.166 - - [06/May/2008:17:04:45 -0400] "GET /?C=N;O=A HTTP/1.0" 200 826 "-" "Mozilla/5.0 (compatible; Yahoo! Slurp; http://help.yahoo.com/help/us/ysearch/slurp)"
67.195.37.112 - - [06/May/2008:17:18:48 -0400] "GET /?C=N;O=A HTTP/1.0" 200 826 "-" "Mozilla/5.0 (compatible; Yahoo! Slurp/3.0; http://help.yahoo.com/help/us/ysearch/slurp)"
74.6.11.228 - - [06/May/2008:17:31:14 -0400] "GET /NoteBook/?C=D;O=A HTTP/1.0" 200 809 "-" "Mozilla/5.0 (compatible; Yahoo! Slurp; http://help.yahoo.com/help/us/ysearch/slurp)"
74.6.20.113 - - [06/May/2008:17:46:58 -0400] "GET /?C=D;O=A HTTP/1.0" 200 826 "-" "Mozilla/5.0 (compatible; Yahoo! Slurp; http://help.yahoo.com/help/us/ysearch/slurp)"
74.6.27.24 - - [06/May/2008:19:37:18 -0400] "GET /?C=D;O=D HTTP/1.0" 200 826 "-" "Mozilla/5.0 (compatible; Yahoo! Slurp; http://help.yahoo.com/help/us/ysearch/slurp)"
74.6.28.165 - - [06/May/2008:20:30:14 -0400] "GET /NoteBook/?C=S;O=A HTTP/1.0" 200 809 "-" "Mozilla/5.0 (compatible; Yahoo! Slurp; http://help.yahoo.com/help/us/ysearch/slurp)"
63.225.19.241 - - [06/May/2008:20:51:36 -0400] "GET /robots.txt HTTP/1.0" 404 208 "-" "Gigabot/1.0"
63.225.19.241 - - [06/May/2008:20:51:36 -0400] "GET / HTTP/1.0" 200 826 "-" "Gigabot/1.0"
71.41.200.82 - - [06/May/2008:20:57:42 -0400] "GET /robots.txt HTTP/1.1" 404 208 "-" "MLBot (www.metadatalabs.com/mlbot)"
71.41.200.82 - - [06/May/2008:20:57:42 -0400] "GET / HTTP/1.1" 200 826 "-" "MLBot (www.metadatalabs.com/mlbot)"
71.41.200.74 - - [06/May/2008:21:01:10 -0400] "GET /?C=M;O=A HTTP/1.1" 200 826 "-" "MLBot (www.metadatalabs.com/mlbot)"
71.41.200.82 - - [06/May/2008:21:01:40 -0400] "GET /?C=M;O=D HTTP/1.1" 200 826 "-" "MLBot (www.metadatalabs.com/mlbot)"
71.41.200.78 - - [06/May/2008:21:05:51 -0400] "GET /?C=D;O=A HTTP/1.1" 200 826 "-" "MLBot (www.metadatalabs.com/mlbot)"
69.157.232.188 - - [06/May/2008:21:09:29 -0400] "GET / HTTP/1.1" 200 826 "http://www.gnustep.org/experience/apps.html" "Mozilla/5.0 (Macintosh; U; PPC Mac OS X Mach-O; fr; rv:1.8.1.14) Gecko/20080404 Firefox/2.0.0.14"
69.157.232.188 - - [06/May/2008:21:09:29 -0400] "GET /icons/blank.gif HTTP/1.1" 200 148 "http://notebook.cowgar.com/" "Mozilla/5.0 (Macintosh; U; PPC Mac OS X Mach-O; fr; rv:1.8.1.14) Gecko/20080404 Firefox/2.0.0.14"
69.157.232.188 - - [06/May/2008:21:09:29 -0400] "GET /icons/folder.gif HTTP/1.1" 200 225 "http://notebook.cowgar.com/" "Mozilla/5.0 (Macintosh; U; PPC Mac OS X Mach-O; fr; rv:1.8.1.14) Gecko/20080404 Firefox/2.0.0.14"
69.157.232.188 - - [06/May/2008:21:09:29 -0400] "GET /icons/unknown.gif HTTP/1.1" 200 245 "http://notebook.cowgar.com/" "Mozilla/5.0 (Macintosh; U; PPC Mac OS X Mach-O; fr; rv:1.8.1.14) Gecko/20080404 Firefox/2.0.0.14"
69.157.232.188 - - [06/May/2008:21:09:29 -0400] "GET /favicon.ico HTTP/1.1" 404 209 "-" "Mozilla/5.0 (Macintosh; U; PPC Mac OS X Mach-O; fr; rv:1.8.1.14) Gecko/20080404 Firefox/2.0.0.14"
69.157.232.188 - - [06/May/2008:21:18:44 -0400] "GET /favicon.ico HTTP/1.1" 404 209 "-" "Mozilla/5.0 (Macintosh; U; PPC Mac OS X Mach-O; fr; rv:1.8.1.14) Gecko/20080404 Firefox/2.0.0.14"
69.157.232.188 - - [06/May/2008:21:18:47 -0400] "GET /NoteBook/ HTTP/1.1" 200 809 "http://notebook.cowgar.com/" "Mozilla/5.0 (Macintosh; U; PPC Mac OS X Mach-O; fr; rv:1.8.1.14) Gecko/20080404 Firefox/2.0.0.14"
69.157.232.188 - - [06/May/2008:21:18:47 -0400] "GET /icons/back.gif HTTP/1.1" 200 216 "http://notebook.cowgar.com/NoteBook/" "Mozilla/5.0 (Macintosh; U; PPC Mac OS X Mach-O; fr; rv:1.8.1.14) Gecko/20080404 Firefox/2.0.0.14"
69.157.232.188 - - [06/May/2008:21:18:49 -0400] "GET /NoteBook/releases/ HTTP/1.1" 200 860 "http://notebook.cowgar.com/NoteBook/" "Mozilla/5.0 (Macintosh; U; PPC Mac OS X Mach-O; fr; rv:1.8.1.14) Gecko/20080404 Firefox/2.0.0.14"
69.157.232.188 - - [06/May/2008:21:18:49 -0400] "GET /icons/compressed.gif HTTP/1.1" 200 1038 "http://notebook.cowgar.com/NoteBook/releases/" "Mozilla/5.0 (Macintosh; U; PPC Mac OS X Mach-O; fr; rv:1.8.1.14) Gecko/20080404 Firefox/2.0.0.14"
71.41.200.78 - - [06/May/2008:21:27:59 -0400] "GET /?C=N;O=A HTTP/1.1" 200 826 "-" "MLBot (www.metadatalabs.com/mlbot)"
82.238.187.105 - - [06/May/2008:21:41:28 -0400] "GET / HTTP/1.1" 200 826 "http://wiki.gnustep.org/index.php/NoteBook.app" "Mozilla/5.0 (X11; U; Linux i686; fr; rv:1.9b5) Gecko/2008041514 Firefox/3.0b5"
82.238.187.105 - - [06/May/2008:21:41:29 -0400] "GET /icons/blank.gif HTTP/1.1" 200 148 "http://notebook.cowgar.com/" "Mozilla/5.0 (X11; U; Linux i686; fr; rv:1.9b5) Gecko/2008041514 Firefox/3.0b5"
82.238.187.105 - - [06/May/2008:21:41:29 -0400] "GET /icons/unknown.gif HTTP/1.1" 200 245 "http://notebook.cowgar.com/" "Mozilla/5.0 (X11; U; Linux i686; fr; rv:1.9b5) Gecko/2008041514 Firefox/3.0b5"
82.238.187.105 - - [06/May/2008:21:41:29 -0400] "GET /icons/folder.gif HTTP/1.1" 200 225 "http://notebook.cowgar.com/" "Mozilla/5.0 (X11; U; Linux i686; fr; rv:1.9b5) Gecko/2008041514 Firefox/3.0b5"
82.238.187.105 - - [06/May/2008:21:41:29 -0400] "GET /favicon.ico HTTP/1.1" 404 209 "-" "Mozilla/5.0 (X11; U; Linux i686; fr; rv:1.9b5) Gecko/2008041514 Firefox/3.0b5"
82.238.187.105 - - [06/May/2008:21:41:31 -0400] "GET /NoteBook/ HTTP/1.1" 200 809 "http://notebook.cowgar.com/" "Mozilla/5.0 (X11; U; Linux i686; fr; rv:1.9b5) Gecko/2008041514 Firefox/3.0b5"
82.238.187.105 - - [06/May/2008:21:41:31 -0400] "GET /icons/back.gif HTTP/1.1" 200 216 "http://notebook.cowgar.com/NoteBook/" "Mozilla/5.0 (X11; U; Linux i686; fr; rv:1.9b5) Gecko/2008041514 Firefox/3.0b5"
82.238.187.105 - - [06/May/2008:21:41:32 -0400] "GET /favicon.ico HTTP/1.1" 404 209 "-" "Mozilla/5.0 (X11; U; Linux i686; fr; rv:1.9b5) Gecko/2008041514 Firefox/3.0b5"
82.238.187.105 - - [06/May/2008:21:41:32 -0400] "GET /favicon.ico HTTP/1.1" 404 209 "-" "Mozilla/5.0 (X11; U; Linux i686; fr; rv:1.9b5) Gecko/2008041514 Firefox/3.0b5"
82.238.187.105 - - [06/May/2008:21:41:33 -0400] "GET /NoteBook/releases/ HTTP/1.1" 200 860 "http://notebook.cowgar.com/NoteBook/" "Mozilla/5.0 (X11; U; Linux i686; fr; rv:1.9b5) Gecko/2008041514 Firefox/3.0b5"
82.238.187.105 - - [06/May/2008:21:41:34 -0400] "GET /icons/compressed.gif HTTP/1.1" 200 1038 "http://notebook.cowgar.com/NoteBook/releases/" "Mozilla/5.0 (X11; U; Linux i686; fr; rv:1.9b5) Gecko/2008041514 Firefox/3.0b5"
70.54.48.239 - - [06/May/2008:21:51:45 -0400] "GET /access.log HTTP/1.1" 200 264904 "http://www.gnucitizen.org/ghdb/application.htm" "Mozilla/5.0 (Windows; U; Windows NT 5.1; en-US) AppleWebKit/525.13 (KHTML, like Gecko) Version/3.1 Safari/525.13"
70.54.48.239 - - [06/May/2008:21:51:46 -0400] "GET /favicon.ico HTTP/1.1" 404 209 "http://notebook.cowgar.com/access.log" "Mozilla/5.0 (Windows; U; Windows NT 5.1; en-US) AppleWebKit/525.13 (KHTML, like Gecko) Version/3.1 Safari/525.13"
74.6.24.236 - - [06/May/2008:21:58:21 -0400] "GET / HTTP/1.0" 200 826 "-" "Mozilla/5.0 (compatible; Yahoo! Slurp; http://help.yahoo.com/help/us/ysearch/slurp)"
89.122.29.122 - - [06/May/2008:22:00:12 -0400] "GET / HTTP/1.1" 200 826 "http://livecd.gnustep.org/" "Mozilla/4.0 (compatible; MSIE 6.0; Windows NT 5.1; SV1; .NET CLR 2.0.50727)"
71.41.200.74 - - [06/May/2008:22:09:28 -0400] "GET /?C=D;O=D HTTP/1.1" 200 826 "-" "MLBot (www.metadatalabs.com/mlbot)"
71.41.200.74 - - [06/May/2008:23:06:44 -0400] "GET /?C=N;O=D HTTP/1.1" 200 826 "-" "MLBot (www.metadatalabs.com/mlbot)"
67.195.37.112 - - [06/May/2008:23:35:47 -0400] "GET /access.log HTTP/1.0" 200 265968 "-" "Mozilla/5.0 (compatible; Yahoo! Slurp/3.0; http://help.yahoo.com/help/us/ysearch/slurp)"
217.172.44.82 - - [06/May/2008:23:37:56 -0400] "GET /robots.txt HTTP/1.1" 404 208 "-" "portscout/0.7.4"
217.172.44.82 - - [06/May/2008:23:37:56 -0400] "GET /NoteBook/releases/ HTTP/1.1" 200 860 "-" "portscout/0.7.4"
74.192.248.130 - - [07/May/2008:00:04:44 -0400] "GET / HTTP/1.1" 200 826 "http://wiki.gnustep.org/index.php/NoteBook.app" "Mozilla/5.0 (X11; U; Linux i686; en-US; rv:1.9b5) Gecko/2008041514 Firefox/3.0b5"
74.192.248.130 - - [07/May/2008:00:04:44 -0400] "GET /icons/blank.gif HTTP/1.1" 200 148 "http://notebook.cowgar.com/" "Mozilla/5.0 (X11; U; Linux i686; en-US; rv:1.9b5) Gecko/2008041514 Firefox/3.0b5"
74.192.248.130 - - [07/May/2008:00:04:44 -0400] "GET /icons/folder.gif HTTP/1.1" 200 225 "http://notebook.cowgar.com/" "Mozilla/5.0 (X11; U; Linux i686; en-US; rv:1.9b5) Gecko/2008041514 Firefox/3.0b5"
74.192.248.130 - - [07/May/2008:00:04:44 -0400] "GET /icons/unknown.gif HTTP/1.1" 200 245 "http://notebook.cowgar.com/" "Mozilla/5.0 (X11; U; Linux i686; en-US; rv:1.9b5) Gecko/2008041514 Firefox/3.0b5"
74.192.248.130 - - [07/May/2008:00:04:45 -0400] "GET /favicon.ico HTTP/1.1" 404 209 "-" "Mozilla/5.0 (X11; U; Linux i686; en-US; rv:1.9b5) Gecko/2008041514 Firefox/3.0b5"
74.192.248.130 - - [07/May/2008:00:04:47 -0400] "GET /favicon.ico HTTP/1.1" 404 209 "-" "Mozilla/5.0 (X11; U; Linux i686; en-US; rv:1.9b5) Gecko/2008041514 Firefox/3.0b5"
99.246.123.91 - - [07/May/2008:02:18:44 -0400] "GET / HTTP/1.1" 200 826 "-" "Mozilla/5.0 (Macintosh; U; Intel Mac OS X 10_5_2; en-us) AppleWebKit/525.18 (KHTML, like Gecko) Version/3.1.1 Safari/525.18"
99.246.123.91 - - [07/May/2008:02:18:44 -0400] "GET /icons/blank.gif HTTP/1.1" 200 148 "http://notebook.cowgar.com/" "Mozilla/5.0 (Macintosh; U; Intel Mac OS X 10_5_2; en-us) AppleWebKit/525.18 (KHTML, like Gecko) Version/3.1.1 Safari/525.18"
99.246.123.91 - - [07/May/2008:02:18:44 -0400] "GET /favicon.ico HTTP/1.1" 404 209 "http://notebook.cowgar.com/" "Mozilla/5.0 (Macintosh; U; Intel Mac OS X 10_5_2; en-us) AppleWebKit/525.18 (KHTML, like Gecko) Version/3.1.1 Safari/525.18"
99.246.123.91 - - [07/May/2008:02:18:44 -0400] "GET /icons/folder.gif HTTP/1.1" 200 225 "http://notebook.cowgar.com/" "Mozilla/5.0 (Macintosh; U; Intel Mac OS X 10_5_2; en-us) AppleWebKit/525.18 (KHTML, like Gecko) Version/3.1.1 Safari/525.18"
99.246.123.91 - - [07/May/2008:02:18:44 -0400] "GET /icons/unknown.gif HTTP/1.1" 200 245 "http://notebook.cowgar.com/" "Mozilla/5.0 (Macintosh; U; Intel Mac OS X 10_5_2; en-us) AppleWebKit/525.18 (KHTML, like Gecko) Version/3.1.1 Safari/525.18"
207.67.117.177 - - [07/May/2008:02:48:47 -0400] "GET /robots.txt HTTP/1.0" 404 208 "-" "larbin_2.6.3 (larbin2.6.3@unspecified.mail)"
207.67.117.177 - - [07/May/2008:02:48:47 -0400] "GET / HTTP/1.0" 200 826 "-" "larbin_2.6.3 larbin2.6.3@unspecified.mail"
65.55.104.156 - - [07/May/2008:03:57:49 -0400] "GET /robots.txt HTTP/1.1" 404 208 "-" "msnbot/1.1 (+http://search.msn.com/msnbot.htm)"
65.55.104.156 - - [07/May/2008:03:57:49 -0400] "GET / HTTP/1.1" 200 826 "-" "msnbot/1.1 (+http://search.msn.com/msnbot.htm)"
74.6.19.223 - - [07/May/2008:04:49:40 -0400] "GET /robots.txt HTTP/1.0" 404 208 "-" "Mozilla/5.0 (compatible; Yahoo! Slurp; http://help.yahoo.com/help/us/ysearch/slurp)"
72.30.216.106 - - [07/May/2008:04:49:41 -0400] "GET / HTTP/1.0" 200 826 "-" "Mozilla/5.0 (compatible; Yahoo! Slurp; http://help.yahoo.com/help/us/ysearch/slurp)"
67.195.51.187 - - [07/May/2008:06:06:36 -0400] "GET /?C=D;O=D HTTP/1.0" 200 826 "-" "Mozilla/5.0 (compatible; Yahoo! Slurp; http://help.yahoo.com/help/us/ysearch/slurp)"
67.195.52.27 - - [07/May/2008:06:08:07 -0400] "GET / HTTP/1.0" 200 826 "-" "Mozilla/5.0 (compatible; Yahoo! Slurp; http://help.yahoo.com/help/us/ysearch/slurp)"
195.195.222.100 - - [07/May/2008:06:54:52 -0400] "GET /access.log HTTP/1.1" 200 269866 "http://www.google.com/search?hl=en&ie=UTF-8&q=filetype%3Alog+access.log+-CVS&btnG=Google+Search" "Mozilla/4.0 (compatible; MSIE 6.0; Windows NT 5.1; SV1; .NET CLR 1.1.4322; .NET CLR 2.0.50727; InfoPath.2)"
74.6.17.167 - - [07/May/2008:07:40:02 -0400] "GET /robots.txt HTTP/1.0" 404 208 "-" "Mozilla/5.0 (compatible; Yahoo! Slurp; http://help.yahoo.com/help/us/ysearch/slurp)"
72.30.179.226 - - [07/May/2008:07:40:02 -0400] "GET /?C=M;O=A HTTP/1.0" 200 826 "-" "Mozilla/5.0 (compatible; Yahoo! Slurp; http://help.yahoo.com/help/us/ysearch/slurp)"
67.195.37.112 - - [07/May/2008:09:19:58 -0400] "GET /robots.txt HTTP/1.0" 404 208 "-" "Mozilla/5.0 (compatible; Yahoo! Slurp; http://help.yahoo.com/help/us/ysearch/slurp)"
67.195.37.112 - - [07/May/2008:09:19:59 -0400] "GET /?C=N;O=D HTTP/1.0" 200 826 "-" "Mozilla/5.0 (compatible; Yahoo! Slurp/3.0; http://help.yahoo.com/help/us/ysearch/slurp)"
65.55.25.136 - - [07/May/2008:09:50:09 -0400] "GET /robots.txt HTTP/1.1" 404 208 "-" "msnbot/1.1 (+http://search.msn.com/msnbot.htm)"
65.55.25.136 - - [07/May/2008:09:50:09 -0400] "GET / HTTP/1.1" 200 826 "-" "msnbot/1.1 (+http://search.msn.com/msnbot.htm)"
89.122.29.82 - - [07/May/2008:10:24:08 -0400] "GET / HTTP/1.1" 200 826 "http://livecd.gnustep.org/" "Mozilla/4.0 (compatible; MSIE 6.0; Windows NT 5.1; SV1; .NET CLR 2.0.50727)"
74.6.17.167 - - [07/May/2008:10:52:16 -0400] "GET /robots.txt HTTP/1.0" 404 208 "-" "Mozilla/5.0 (compatible; Yahoo! Slurp; http://help.yahoo.com/help/us/ysearch/slurp)"
74.6.17.254 - - [07/May/2008:10:52:17 -0400] "GET /NoteBook/?C=N;O=D HTTP/1.0" 200 809 "-" "Mozilla/5.0 (compatible; Yahoo! Slurp; http://help.yahoo.com/help/us/ysearch/slurp)"
196.46.71.251 - - [07/May/2008:11:19:25 -0400] "GET / HTTP/1.1" 200 826 "http://wiki.gnustep.org/index.php/NoteBook.app" "Mozilla/5.0 (Macintosh; U; Intel Mac OS X 10_5_2; af-za) AppleWebKit/525.18 (KHTML, like Gecko) Version/3.1.1 Safari/525.18"
196.46.71.251 - - [07/May/2008:11:19:26 -0400] "GET /icons/blank.gif HTTP/1.1" 200 148 "http://notebook.cowgar.com/" "Mozilla/5.0 (Macintosh; U; Intel Mac OS X 10_5_2; af-za) AppleWebKit/525.18 (KHTML, like Gecko) Version/3.1.1 Safari/525.18"
196.46.71.251 - - [07/May/2008:11:19:26 -0400] "GET /icons/unknown.gif HTTP/1.1" 200 245 "http://notebook.cowgar.com/" "Mozilla/5.0 (Macintosh; U; Intel Mac OS X 10_5_2; af-za) AppleWebKit/525.18 (KHTML, like Gecko) Version/3.1.1 Safari/525.18"
196.46.71.251 - - [07/May/2008:11:19:26 -0400] "GET /icons/folder.gif HTTP/1.1" 200 225 "http://notebook.cowgar.com/" "Mozilla/5.0 (Macintosh; U; Intel Mac OS X 10_5_2; af-za) AppleWebKit/525.18 (KHTML, like Gecko) Version/3.1.1 Safari/525.18"
196.46.71.251 - - [07/May/2008:11:19:26 -0400] "GET /favicon.ico HTTP/1.1" 404 209 "http://notebook.cowgar.com/" "Mozilla/5.0 (Macintosh; U; Intel Mac OS X 10_5_2; af-za) AppleWebKit/525.18 (KHTML, like Gecko) Version/3.1.1 Safari/525.18"
196.46.71.251 - - [07/May/2008:11:19:33 -0400] "GET /NoteBook/ HTTP/1.1" 200 809 "http://notebook.cowgar.com/" "Mozilla/5.0 (Macintosh; U; Intel Mac OS X 10_5_2; af-za) AppleWebKit/525.18 (KHTML, like Gecko) Version/3.1.1 Safari/525.18"
196.46.71.251 - - [07/May/2008:11:19:33 -0400] "GET /icons/back.gif HTTP/1.1" 200 216 "http://notebook.cowgar.com/NoteBook/" "Mozilla/5.0 (Macintosh; U; Intel Mac OS X 10_5_2; af-za) AppleWebKit/525.18 (KHTML, like Gecko) Version/3.1.1 Safari/525.18"
196.46.71.251 - - [07/May/2008:11:19:38 -0400] "GET /NoteBook/releases/ HTTP/1.1" 200 860 "http://notebook.cowgar.com/NoteBook/" "Mozilla/5.0 (Macintosh; U; Intel Mac OS X 10_5_2; af-za) AppleWebKit/525.18 (KHTML, like Gecko) Version/3.1.1 Safari/525.18"
196.46.71.251 - - [07/May/2008:11:19:39 -0400] "GET /icons/compressed.gif HTTP/1.1" 200 1038 "http://notebook.cowgar.com/NoteBook/releases/" "Mozilla/5.0 (Macintosh; U; Intel Mac OS X 10_5_2; af-za) AppleWebKit/525.18 (KHTML, like Gecko) Version/3.1.1 Safari/525.18"
74.6.29.115 - - [07/May/2008:11:43:44 -0400] "GET /?C=M;O=D HTTP/1.0" 200 826 "-" "Mozilla/5.0 (compatible; Yahoo! Slurp; http://help.yahoo.com/help/us/ysearch/slurp)"
74.6.19.223 - - [07/May/2008:12:03:40 -0400] "GET /robots.txt HTTP/1.0" 404 208 "-" "Mozilla/5.0 (compatible; Yahoo! Slurp; http://help.yahoo.com/help/us/ysearch/slurp)"
74.6.86.40 - - [07/May/2008:12:03:40 -0400] "GET / HTTP/1.0" 200 826 "-" "Mozilla/5.0 (compatible; Yahoo! Slurp; http://help.yahoo.com/help/us/ysearch/slurp)"
65.55.208.119 - - [07/May/2008:12:10:47 -0400] "GET /robots.txt HTTP/1.1" 404 208 "-" "msnbot/1.1 (+http://search.msn.com/msnbot.htm)"
65.55.208.119 - - [07/May/2008:12:10:47 -0400] "GET /?C=M;O=A HTTP/1.1" 200 826 "-" "msnbot/1.1 (+http://search.msn.com/msnbot.htm)"
66.249.73.71 - - [07/May/2008:13:45:44 -0400] "GET /robots.txt HTTP/1.1" 404 208 "-" "Googlebot-Image/1.0"
66.249.73.71 - - [07/May/2008:13:45:44 -0400] "GET /icons/unknown.gif HTTP/1.1" 200 245 "-" "Googlebot-Image/1.0"
67.195.37.112 - - [07/May/2008:13:52:46 -0400] "GET /robots.txt HTTP/1.0" 404 208 "-" "Mozilla/5.0 (compatible; Yahoo! Slurp; http://help.yahoo.com/help/us/ysearch/slurp)"
67.195.37.112 - - [07/May/2008:13:52:47 -0400] "GET / HTTP/1.0" 200 826 "-" "Mozilla/5.0 (compatible; Yahoo! Slurp/3.0; http://help.yahoo.com/help/us/ysearch/slurp)"
67.195.37.112 - - [07/May/2008:13:59:43 -0400] "GET /?C=D;O=A HTTP/1.0" 200 826 "-" "Mozilla/5.0 (compatible; Yahoo! Slurp/3.0; http://help.yahoo.com/help/us/ysearch/slurp)"
65.55.208.119 - - [07/May/2008:14:07:37 -0400] "GET /robots.txt HTTP/1.1" 404 208 "-" "msnbot/1.1 (+http://search.msn.com/msnbot.htm)"
65.55.208.119 - - [07/May/2008:14:07:37 -0400] "GET /?C=M;O=A HTTP/1.1" 200 826 "-" "msnbot/1.1 (+http://search.msn.com/msnbot.htm)"
67.195.37.112 - - [07/May/2008:14:29:07 -0400] "GET /?C=S;O=A HTTP/1.0" 200 826 "-" "Mozilla/5.0 (compatible; Yahoo! Slurp/3.0; http://help.yahoo.com/help/us/ysearch/slurp)"
65.55.208.137 - - [07/May/2008:15:26:45 -0400] "GET /robots.txt HTTP/1.1" 404 208 "-" "msnbot/1.1 (+http://search.msn.com/msnbot.htm)"
65.55.208.137 - - [07/May/2008:15:26:45 -0400] "GET /?C=D;O=A HTTP/1.1" 200 826 "-" "msnbot/1.1 (+http://search.msn.com/msnbot.htm)"
65.55.208.121 - - [07/May/2008:15:30:36 -0400] "GET /robots.txt HTTP/1.1" 404 208 "-" "msnbot/1.1 (+http://search.msn.com/msnbot.htm)"
65.55.208.121 - - [07/May/2008:15:30:36 -0400] "GET /?C=N;O=A HTTP/1.1" 200 826 "-" "msnbot/1.1 (+http://search.msn.com/msnbot.htm)"
65.55.208.119 - - [07/May/2008:15:41:39 -0400] "GET /?C=M;O=D HTTP/1.1" 200 826 "-" "msnbot/1.1 (+http://search.msn.com/msnbot.htm)"
63.225.19.241 - - [07/May/2008:15:48:00 -0400] "GET /robots.txt HTTP/1.0" 404 208 "-" "Gigabot/1.0"
63.225.19.241 - - [07/May/2008:15:48:00 -0400] "GET /NoteBook/ HTTP/1.0" 200 809 "-" "Gigabot/1.0"
72.232.81.78 - - [07/May/2008:15:50:19 -0400] "GET /access.log HTTP/1.1" 200 276665 "-" "Mozilla/4.0 (compatible; MSIE 6.0; Windows NT 5.1; SV1)"
74.6.17.167 - - [07/May/2008:15:59:44 -0400] "GET /robots.txt HTTP/1.0" 404 208 "-" "Mozilla/5.0 (compatible; Yahoo! Slurp; http://help.yahoo.com/help/us/ysearch/slurp)"
74.6.24.234 - - [07/May/2008:15:59:44 -0400] "GET /?C=S;O=A HTTP/1.0" 200 826 "-" "Mozilla/5.0 (compatible; Yahoo! Slurp; http://help.yahoo.com/help/us/ysearch/slurp)"
74.6.19.32 - - [07/May/2008:16:03:33 -0400] "GET /?C=N;O=D HTTP/1.0" 200 826 "-" "Mozilla/5.0 (compatible; Yahoo! Slurp; http://help.yahoo.com/help/us/ysearch/slurp)"
67.195.37.112 - - [07/May/2008:16:03:44 -0400] "GET /NoteBook/ HTTP/1.0" 200 809 "-" "Mozilla/5.0 (compatible; Yahoo! Slurp/3.0; http://help.yahoo.com/help/us/ysearch/slurp)"
67.195.37.112 - - [07/May/2008:16:08:42 -0400] "GET /NoteBook/?C=N;O=D HTTP/1.0" 200 809 "-" "Mozilla/5.0 (compatible; Yahoo! Slurp/3.0; http://help.yahoo.com/help/us/ysearch/slurp)"
67.195.37.112 - - [07/May/2008:16:08:56 -0400] "GET /NoteBook/releases/ HTTP/1.0" 200 860 "-" "Mozilla/5.0 (compatible; Yahoo! Slurp/3.0; http://help.yahoo.com/help/us/ysearch/slurp)"
67.195.37.112 - - [07/May/2008:16:10:22 -0400] "GET /NoteBook/?C=D;O=A HTTP/1.0" 200 809 "-" "Mozilla/5.0 (compatible; Yahoo! Slurp/3.0; http://help.yahoo.com/help/us/ysearch/slurp)"
67.195.37.112 - - [07/May/2008:16:12:31 -0400] "GET /NoteBook/?C=S;O=A HTTP/1.0" 200 809 "-" "Mozilla/5.0 (compatible; Yahoo! Slurp/3.0; http://help.yahoo.com/help/us/ysearch/slurp)"
67.195.37.112 - - [07/May/2008:16:13:21 -0400] "GET /NoteBook/releases/?C=S;O=A HTTP/1.0" 200 860 "-" "Mozilla/5.0 (compatible; Yahoo! Slurp/3.0; http://help.yahoo.com/help/us/ysearch/slurp)"
67.195.37.112 - - [07/May/2008:16:14:04 -0400] "GET /NoteBook/releases/NoteBook-0.3.tar.gz HTTP/1.0" 200 30612 "-" "Mozilla/5.0 (compatible; Yahoo! Slurp/3.0; http://help.yahoo.com/help/us/ysearch/slurp)"
69.33.156.110 - - [07/May/2008:16:19:09 -0400] "GET /access.log HTTP/1.1" 200 278621 "-" "Mozilla/4.0 (compatible; MSIE 6.0; Windows NT 5.1; SV1)"
69.33.156.110 - - [07/May/2008:16:21:23 -0400] "GET /access.log HTTP/1.1" 200 278768 "-" "Mozilla/4.0 (compatible; MSIE 6.0; Windows NT 5.1; SV1)"
69.33.156.110 - - [07/May/2008:16:21:58 -0400] "GET /access.log HTTP/1.1" 200 278915 "-" "Mozilla/4.0 (compatible; MSIE 6.0; Windows NT 5.1; SV1)"
69.33.156.110 - - [07/May/2008:16:21:30 -0400] "GET /access.log HTTP/1.1" 200 278915 "-" "Mozilla/4.0 (compatible; MSIE 6.0; Windows NT 5.1; SV1)"
69.33.156.110 - - [07/May/2008:16:22:02 -0400] "GET /access.log HTTP/1.1" 200 278915 "-" "Mozilla/4.0 (compatible; MSIE 6.0; Windows NT 5.1; SV1)"
66.249.73.71 - - [07/May/2008:16:35:39 -0400] "GET /?C=S;O=D HTTP/1.1" 200 826 "-" "Mozilla/5.0 (compatible; Googlebot/2.1; +http://www.google.com/bot.html)"
74.6.16.228 - - [07/May/2008:16:41:04 -0400] "GET /?C=S;O=D HTTP/1.0" 200 826 "-" "Mozilla/5.0 (compatible; Yahoo! Slurp; http://help.yahoo.com/help/us/ysearch/slurp)"
65.55.208.136 - - [07/May/2008:16:58:46 -0400] "GET /robots.txt HTTP/1.1" 404 208 "-" "msnbot/1.1 (+http://search.msn.com/msnbot.htm)"
65.55.208.136 - - [07/May/2008:16:58:46 -0400] "GET /?C=D;O=D HTTP/1.1" 200 826 "-" "msnbot/1.1 (+http://search.msn.com/msnbot.htm)"
66.249.73.71 - - [07/May/2008:17:16:13 -0400] "GET / HTTP/1.1" 200 826 "-" "Mozilla/5.0 (compatible; Googlebot/2.1; +http://www.google.com/bot.html)"
74.6.16.166 - - [07/May/2008:17:21:03 -0400] "GET /?C=N;O=A HTTP/1.0" 200 826 "-" "Mozilla/5.0 (compatible; Yahoo! Slurp; http://help.yahoo.com/help/us/ysearch/slurp)"
65.55.208.136 - - [07/May/2008:17:32:40 -0400] "GET /?C=S;O=A HTTP/1.1" 200 826 "-" "msnbot/1.1 (+http://search.msn.com/msnbot.htm)"
67.195.37.112 - - [07/May/2008:17:49:04 -0400] "GET /NoteBook/releases/?C=N;O=D HTTP/1.0" 200 860 "-" "Mozilla/5.0 (compatible; Yahoo! Slurp/3.0; http://help.yahoo.com/help/us/ysearch/slurp)"
74.6.20.113 - - [07/May/2008:17:50:34 -0400] "GET /?C=D;O=A HTTP/1.0" 200 826 "-" "Mozilla/5.0 (compatible; Yahoo! Slurp; http://help.yahoo.com/help/us/ysearch/slurp)"
65.55.104.156 - - [07/May/2008:17:54:27 -0400] "GET /NoteBook/ HTTP/1.1" 200 809 "-" "msnbot/1.1 (+http://search.msn.com/msnbot.htm)"
65.55.104.156 - - [07/May/2008:18:04:15 -0400] "GET /?C=S;O=A HTTP/1.1" 200 826 "-" "msnbot/1.1 (+http://search.msn.com/msnbot.htm)"
65.55.104.156 - - [07/May/2008:18:05:18 -0400] "GET /?C=D;O=A HTTP/1.1" 200 826 "-" "msnbot/1.1 (+http://search.msn.com/msnbot.htm)"
65.55.104.156 - - [07/May/2008:18:05:21 -0400] "GET /access.log HTTP/1.1" 200 281161 "-" "msnbot/1.1 (+http://search.msn.com/msnbot.htm)"
65.55.208.135 - - [07/May/2008:18:23:17 -0400] "GET /robots.txt HTTP/1.1" 404 208 "-" "msnbot/1.1 (+http://search.msn.com/msnbot.htm)"
65.55.208.135 - - [07/May/2008:18:23:17 -0400] "GET /?C=S;O=D HTTP/1.1" 200 826 "-" "msnbot/1.1 (+http://search.msn.com/msnbot.htm)"
71.195.122.19 - - [07/May/2008:18:35:32 -0400] "GET /access.log HTTP/1.1" 200 281567 "http://www.google.com/search?hl=en&ie=UTF-8&q=filetype%3Alog+access.log+-CVS&btnG=Google+Search" "Mozilla/5.0 (Windows; U; Windows NT 5.1; en-US; rv:1.8.1.13) Gecko/20080311 Firefox/2.0.0.13"
71.195.122.19 - - [07/May/2008:18:35:33 -0400] "GET /favicon.ico HTTP/1.1" 404 209 "-" "Mozilla/5.0 (Windows; U; Windows NT 5.1; en-US; rv:1.8.1.13) Gecko/20080311 Firefox/2.0.0.13"
208.80.193.55 - - [07/May/2008:18:45:31 -0400] "GET / HTTP/1.1" 200 826 "-" "Mozilla/4.0 (compatible; MSIE 6.0; Windows NT 5.1; DRS_E; SV1; .NET CLR 1.1.4322; InfoPath.1)"
82.224.211.176 - - [07/May/2008:18:45:51 -0400] "GET / HTTP/1.1" 200 826 "http://www.GNUstep.org/experience/apps.html" "Mozilla/5.0 (Macintosh; U; Intel Mac OS X 10_5_2; en-us) AppleWebKit/525.18 (KHTML, like Gecko) Version/3.1.1 Safari/525.18"
82.224.211.176 - - [07/May/2008:18:45:51 -0400] "GET /icons/blank.gif HTTP/1.1" 200 148 "http://notebook.cowgar.com/" "Mozilla/5.0 (Macintosh; U; Intel Mac OS X 10_5_2; en-us) AppleWebKit/525.18 (KHTML, like Gecko) Version/3.1.1 Safari/525.18"
82.224.211.176 - - [07/May/2008:18:45:52 -0400] "GET /icons/unknown.gif HTTP/1.1" 200 245 "http://notebook.cowgar.com/" "Mozilla/5.0 (Macintosh; U; Intel Mac OS X 10_5_2; en-us) AppleWebKit/525.18 (KHTML, like Gecko) Version/3.1.1 Safari/525.18"
82.224.211.176 - - [07/May/2008:18:45:52 -0400] "GET /favicon.ico HTTP/1.1" 404 209 "http://notebook.cowgar.com/" "Mozilla/5.0 (Macintosh; U; Intel Mac OS X 10_5_2; en-us) AppleWebKit/525.18 (KHTML, like Gecko) Version/3.1.1 Safari/525.18"
82.224.211.176 - - [07/May/2008:18:45:52 -0400] "GET /icons/folder.gif HTTP/1.1" 200 225 "http://notebook.cowgar.com/" "Mozilla/5.0 (Macintosh; U; Intel Mac OS X 10_5_2; en-us) AppleWebKit/525.18 (KHTML, like Gecko) Version/3.1.1 Safari/525.18"
82.224.211.176 - - [07/May/2008:18:46:26 -0400] "GET /NoteBook/ HTTP/1.1" 200 809 "http://notebook.cowgar.com/" "Mozilla/5.0 (Macintosh; U; Intel Mac OS X 10_5_2; en-us) AppleWebKit/525.18 (KHTML, like Gecko) Version/3.1.1 Safari/525.18"
82.224.211.176 - - [07/May/2008:18:46:26 -0400] "GET /icons/back.gif HTTP/1.1" 200 216 "http://notebook.cowgar.com/NoteBook/" "Mozilla/5.0 (Macintosh; U; Intel Mac OS X 10_5_2; en-us) AppleWebKit/525.18 (KHTML, like Gecko) Version/3.1.1 Safari/525.18"
65.55.104.155 - - [07/May/2008:19:08:03 -0400] "GET /robots.txt HTTP/1.1" 404 208 "-" "msnbot/1.1 (+http://search.msn.com/msnbot.htm)"
65.55.104.155 - - [07/May/2008:19:08:03 -0400] "GET /?C=N;O=A HTTP/1.1" 200 826 "-" "msnbot/1.1 (+http://search.msn.com/msnbot.htm)"
65.55.104.155 - - [07/May/2008:19:13:06 -0400] "GET /NoteBook/releases/ HTTP/1.1" 200 860 "-" "msnbot/1.1 (+http://search.msn.com/msnbot.htm)"
64.1.215.163 - - [07/May/2008:19:16:22 -0400] "GET /robots.txt HTTP/1.0" 404 208 "-" "Mozilla/5.0 (Twiceler-0.9 http://www.cuill.com/twiceler/robot.html)"
66.249.73.71 - - [07/May/2008:19:17:19 -0400] "GET /?C=M;O=D HTTP/1.1" 200 826 "-" "Mozilla/5.0 (compatible; Googlebot/2.1; +http://www.google.com/bot.html)"
74.6.17.167 - - [07/May/2008:19:49:10 -0400] "GET /robots.txt HTTP/1.0" 404 208 "-" "Mozilla/5.0 (compatible; Yahoo! Slurp; http://help.yahoo.com/help/us/ysearch/slurp)"
74.6.27.24 - - [07/May/2008:19:49:10 -0400] "GET /?C=D;O=D HTTP/1.0" 200 826 "-" "Mozilla/5.0 (compatible; Yahoo! Slurp; http://help.yahoo.com/help/us/ysearch/slurp)"
65.55.104.155 - - [07/May/2008:19:52:09 -0400] "GET /NoteBook/?C=S;O=A HTTP/1.1" 200 809 "-" "msnbot/1.1 (+http://search.msn.com/msnbot.htm)"
66.249.73.71 - - [07/May/2008:19:57:55 -0400] "GET /NoteBook/?C=S;O=A HTTP/1.1" 200 809 "-" "Mozilla/5.0 (compatible; Googlebot/2.1; +http://www.google.com/bot.html)"
24.153.116.131 - - [07/May/2008:20:28:08 -0400] "GET /NoteBook/releases/NoteBook-0.3.tar.gz HTTP/1.1" 200 30612 "-" "fetch libfetch/2.0"
66.249.73.71 - - [07/May/2008:20:38:11 -0400] "GET /NoteBook/?C=D;O=A HTTP/1.1" 200 809 "-" "Mozilla/5.0 (compatible; Googlebot/2.1; +http://www.google.com/bot.html)"
66.249.73.71 - - [07/May/2008:21:18:51 -0400] "GET /?C=D;O=D HTTP/1.1" 200 826 "-" "Mozilla/5.0 (compatible; Googlebot/2.1; +http://www.google.com/bot.html)"
71.182.210.235 - - [07/May/2008:21:32:21 -0400] "GET / HTTP/1.1" 200 826 "http://www.gnustep.org/experience/apps.html" "Mozilla/5.0 (Windows; U; Windows NT 5.1; en-US; rv:1.8.1.14) Gecko/20080404 Firefox/2.0.0.14 FirePHP/0.0.6"
71.182.210.235 - - [07/May/2008:21:32:21 -0400] "GET /icons/blank.gif HTTP/1.1" 200 148 "http://notebook.cowgar.com/" "Mozilla/5.0 (Windows; U; Windows NT 5.1; en-US; rv:1.8.1.14) Gecko/20080404 Firefox/2.0.0.14 FirePHP/0.0.6"
71.182.210.235 - - [07/May/2008:21:32:21 -0400] "GET /icons/unknown.gif HTTP/1.1" 200 245 "http://notebook.cowgar.com/" "Mozilla/5.0 (Windows; U; Windows NT 5.1; en-US; rv:1.8.1.14) Gecko/20080404 Firefox/2.0.0.14 FirePHP/0.0.6"
71.182.210.235 - - [07/May/2008:21:32:21 -0400] "GET /icons/folder.gif HTTP/1.1" 200 225 "http://notebook.cowgar.com/" "Mozilla/5.0 (Windows; U; Windows NT 5.1; en-US; rv:1.8.1.14) Gecko/20080404 Firefox/2.0.0.14 FirePHP/0.0.6"
71.182.210.235 - - [07/May/2008:21:32:22 -0400] "GET /favicon.ico HTTP/1.1" 404 209 "-" "Mozilla/5.0 (Windows; U; Windows NT 5.1; en-US; rv:1.8.1.14) Gecko/20080404 Firefox/2.0.0.14 FirePHP/0.0.6"
71.182.210.235 - - [07/May/2008:21:32:22 -0400] "GET /favicon.ico HTTP/1.1" 404 209 "-" "Mozilla/5.0 (Windows; U; Windows NT 5.1; en-US; rv:1.8.1.14) Gecko/20080404 Firefox/2.0.0.14 FirePHP/0.0.6"
71.182.210.235 - - [07/May/2008:21:33:28 -0400] "GET /favicon.ico HTTP/1.1" 404 209 "-" "Mozilla/5.0 (Windows; U; Windows NT 5.1; en-US; rv:1.8.1.14) Gecko/20080404 Firefox/2.0.0.14 FirePHP/0.0.6"
71.182.210.235 - - [07/May/2008:21:33:30 -0400] "GET /NoteBook/ HTTP/1.1" 200 809 "http://notebook.cowgar.com/" "Mozilla/5.0 (Windows; U; Windows NT 5.1; en-US; rv:1.8.1.14) Gecko/20080404 Firefox/2.0.0.14 FirePHP/0.0.6"
71.182.210.235 - - [07/May/2008:21:33:30 -0400] "GET /icons/back.gif HTTP/1.1" 200 216 "http://notebook.cowgar.com/NoteBook/" "Mozilla/5.0 (Windows; U; Windows NT 5.1; en-US; rv:1.8.1.14) Gecko/20080404 Firefox/2.0.0.14 FirePHP/0.0.6"
71.182.210.235 - - [07/May/2008:21:33:33 -0400] "GET /NoteBook/releases/ HTTP/1.1" 200 860 "http://notebook.cowgar.com/NoteBook/" "Mozilla/5.0 (Windows; U; Windows NT 5.1; en-US; rv:1.8.1.14) Gecko/20080404 Firefox/2.0.0.14 FirePHP/0.0.6"
71.182.210.235 - - [07/May/2008:21:33:33 -0400] "GET /icons/compressed.gif HTTP/1.1" 200 1038 "http://notebook.cowgar.com/NoteBook/releases/" "Mozilla/5.0 (Windows; U; Windows NT 5.1; en-US; rv:1.8.1.14) Gecko/20080404 Firefox/2.0.0.14 FirePHP/0.0.6"
71.182.210.235 - - [07/May/2008:21:33:46 -0400] "GET / HTTP/1.1" 200 826 "http://wiki.gnustep.org/index.php/NoteBook.app" "Mozilla/5.0 (Windows; U; Windows NT 5.1; en-US; rv:1.8.1.14) Gecko/20080404 Firefox/2.0.0.14 FirePHP/0.0.6"
66.249.73.71 - - [07/May/2008:21:59:08 -0400] "GET /NoteBook/releases/ HTTP/1.1" 200 860 "-" "Mozilla/5.0 (compatible; Googlebot/2.1; +http://www.google.com/bot.html)"
74.6.24.236 - - [07/May/2008:22:01:36 -0400] "GET / HTTP/1.0" 200 826 "-" "Mozilla/5.0 (compatible; Yahoo! Slurp; http://help.yahoo.com/help/us/ysearch/slurp)"
150.164.2.165 - - [07/May/2008:22:39:52 -0400] "GET /robots.txt HTTP/1.1" 404 208 "-" "-"
217.172.44.82 - - [07/May/2008:22:59:16 -0400] "GET /NoteBook/releases/ HTTP/1.1" 200 860 "-" "portscout/0.7.4"
66.249.73.71 - - [07/May/2008:23:19:52 -0400] "GET /?C=N;O=A HTTP/1.1" 200 826 "-" "Mozilla/5.0 (compatible; Googlebot/2.1; +http://www.google.com/bot.html)"
65.55.208.121 - - [07/May/2008:23:34:10 -0400] "GET /?C=N;O=D HTTP/1.1" 200 826 "-" "msnbot/1.1 (+http://search.msn.com/msnbot.htm)"
74.128.209.249 - - [07/May/2008:23:47:53 -0400] "GET /NoteBook/releases/NoteBook-0.3.tar.gz HTTP/1.1" 200 30612 "-" "fetch libfetch/2.0"
65.55.104.156 - - [07/May/2008:23:49:07 -0400] "GET /robots.txt HTTP/1.1" 404 208 "-" "msnbot/1.1 (+http://search.msn.com/msnbot.htm)"
65.55.104.156 - - [07/May/2008:23:49:07 -0400] "GET /NoteBook/?C=D;O=A HTTP/1.1" 200 809 "-" "msnbot/1.1 (+http://search.msn.com/msnbot.htm)"
66.249.73.71 - - [08/May/2008:00:00:34 -0400] "GET /NoteBook/releases/?C=N;O=A HTTP/1.1" 200 860 "-" "Mozilla/5.0 (compatible; Googlebot/2.1; +http://www.google.com/bot.html)"
74.194.125.229 - - [08/May/2008:00:26:23 -0400] "GET /access.log HTTP/1.0" 200 289832 "-" "Mozilla/4.0 (compatible; MSIE 6.0; Windows NT 5.1;1813)"
67.195.37.112 - - [08/May/2008:00:40:37 -0400] "GET /robots.txt HTTP/1.0" 404 208 "-" "Mozilla/5.0 (compatible; Yahoo! Slurp; http://help.yahoo.com/help/us/ysearch/slurp)"
67.195.37.112 - - [08/May/2008:00:40:37 -0400] "GET /access.log HTTP/1.0" 200 290152 "-" "Mozilla/5.0 (compatible; Yahoo! Slurp/3.0; http://help.yahoo.com/help/us/ysearch/slurp)"
74.194.125.229 - - [08/May/2008:01:38:24 -0400] "GET /access.log HTTP/1.0" 200 290331 "-" "Mozilla/4.0 (compatible; MSIE 6.0; Windows NT 5.1;1813)"
65.55.208.137 - - [08/May/2008:01:40:47 -0400] "GET /access.log HTTP/1.1" 200 290479 "-" "msnbot/1.1 (+http://search.msn.com/msnbot.htm)"
74.6.19.223 - - [08/May/2008:02:06:00 -0400] "GET /robots.txt HTTP/1.0" 404 208 "-" "Mozilla/5.0 (compatible; Yahoo! Slurp; http://help.yahoo.com/help/us/ysearch/slurp)"
74.6.86.36 - - [08/May/2008:02:06:01 -0400] "GET /access.log HTTP/1.0" 200 290787 "-" "Mozilla/5.0 (compatible; Yahoo! Slurp; http://help.yahoo.com/help/us/ysearch/slurp)"
65.55.104.156 - - [08/May/2008:02:11:47 -0400] "GET /NoteBook/?C=M;O=A HTTP/1.1" 200 809 "-" "msnbot/1.1 (+http://search.msn.com/msnbot.htm)"
74.6.86.58 - - [08/May/2008:02:21:11 -0400] "GET /?C=N;O=D HTTP/1.0" 200 826 "-" "Mozilla/5.0 (compatible; Yahoo! Slurp; http://help.yahoo.com/help/us/ysearch/slurp)"
74.6.86.40 - - [08/May/2008:02:38:58 -0400] "GET /?C=S;O=A HTTP/1.0" 200 826 "-" "Mozilla/5.0 (compatible; Yahoo! Slurp; http://help.yahoo.com/help/us/ysearch/slurp)"
74.6.86.49 - - [08/May/2008:02:52:24 -0400] "GET /?C=D;O=A HTTP/1.0" 200 826 "-" "Mozilla/5.0 (compatible; Yahoo! Slurp; http://help.yahoo.com/help/us/ysearch/slurp)"
74.6.86.29 - - [08/May/2008:03:09:47 -0400] "GET /NoteBook/ HTTP/1.0" 200 809 "-" "Mozilla/5.0 (compatible; Yahoo! Slurp; http://help.yahoo.com/help/us/ysearch/slurp)"
74.6.86.29 - - [08/May/2008:03:09:57 -0400] "GET /?C=M;O=A HTTP/1.0" 200 826 "-" "Mozilla/5.0 (compatible; Yahoo! Slurp; http://help.yahoo.com/help/us/ysearch/slurp)"
89.122.29.128 - - [08/May/2008:03:13:16 -0400] "GET / HTTP/1.1" 200 826 "http://livecd.gnustep.org/" "Mozilla/4.0 (compatible; MSIE 6.0; Windows NT 5.1; SV1; .NET CLR 2.0.50727)"
65.55.104.156 - - [08/May/2008:03:23:56 -0400] "GET /NoteBook/?C=N;O=D HTTP/1.1" 200 809 "-" "msnbot/1.1 (+http://search.msn.com/msnbot.htm)"
66.249.73.71 - - [08/May/2008:04:12:20 -0400] "GET /robots.txt HTTP/1.1" 404 208 "-" "Mozilla/5.0 (compatible; Googlebot/2.1; +http://www.google.com/bot.html)"
65.55.104.156 - - [08/May/2008:04:16:33 -0400] "GET /?C=S;O=D HTTP/1.1" 200 826 "-" "msnbot/1.1 (+http://search.msn.com/msnbot.htm)"
213.144.15.38 - - [08/May/2008:04:21:08 -0400] "GET /robots.txt HTTP/1.0" 404 208 "-" "larbin_2.6.3 (larbin2.6.3@unspecified.mail)"
74.6.86.121 - - [08/May/2008:05:03:20 -0400] "GET /?C=N;O=A HTTP/1.0" 200 826 "-" "Mozilla/5.0 (compatible; Yahoo! Slurp; http://help.yahoo.com/help/us/ysearch/slurp)"
67.195.37.112 - - [08/May/2008:06:08:06 -0400] "GET /NoteBook/?C=M;O=A HTTP/1.0" 200 809 "-" "Mozilla/5.0 (compatible; Yahoo! Slurp/3.0; http://help.yahoo.com/help/us/ysearch/slurp)"
67.195.52.27 - - [08/May/2008:06:11:35 -0400] "GET / HTTP/1.0" 200 826 "-" "Mozilla/5.0 (compatible; Yahoo! Slurp; http://help.yahoo.com/help/us/ysearch/slurp)"
66.249.73.71 - - [08/May/2008:06:12:19 -0400] "GET /NoteBook/ HTTP/1.1" 200 809 "-" "Mozilla/5.0 (compatible; Googlebot/2.1; +http://www.google.com/bot.html)"
218.170.12.58 - - [08/May/2008:06:13:57 -0400] "GET / HTTP/1.1" 200 826 "-" "Mozilla/4.0 (compatible; MSIE 6.0; Windows NT 5.0; .NET CLR 1.0.3705)"
66.249.73.71 - - [08/May/2008:06:16:48 -0400] "GET /?C=D;O=A HTTP/1.1" 200 826 "-" "Mozilla/5.0 (compatible; Googlebot/2.1; +http://www.google.com/bot.html)"
66.249.73.71 - - [08/May/2008:06:21:49 -0400] "GET /access.log HTTP/1.1" 200 293660 "-" "Mozilla/5.0 (compatible; Googlebot/2.1; +http://www.google.com/bot.html)"
66.249.73.71 - - [08/May/2008:06:26:44 -0400] "GET /?C=S;O=A HTTP/1.1" 200 826 "-" "Mozilla/5.0 (compatible; Googlebot/2.1; +http://www.google.com/bot.html)"
66.249.73.71 - - [08/May/2008:06:31:39 -0400] "GET /?C=M;O=A HTTP/1.1" 200 826 "-" "Mozilla/5.0 (compatible; Googlebot/2.1; +http://www.google.com/bot.html)"
66.249.73.71 - - [08/May/2008:06:36:34 -0400] "GET /?C=N;O=D HTTP/1.1" 200 826 "-" "Mozilla/5.0 (compatible; Googlebot/2.1; +http://www.google.com/bot.html)"
216.218.240.130 - - [08/May/2008:06:55:31 -0400] "GET /screenshots/NoteBook-0.3-thumb.png HTTP/1.1" 404 232 "-" "-"
216.218.240.130 - - [08/May/2008:06:55:31 -0400] "GET /screenshots/NoteBook-tip-Win32-thumb.png HTTP/1.1" 404 238 "-" "-"
63.225.19.241 - - [08/May/2008:07:05:29 -0400] "GET /robots.txt HTTP/1.0" 404 208 "-" "Gigabot/1.0"
63.225.19.241 - - [08/May/2008:07:05:29 -0400] "GET / HTTP/1.0" 200 826 "-" "Gigabot/1.0"
67.195.54.49 - - [08/May/2008:07:38:48 -0400] "GET /?C=N;O=D HTTP/1.0" 200 826 "-" "Mozilla/5.0 (compatible; Yahoo! Slurp; http://help.yahoo.com/help/us/ysearch/slurp)"
74.6.17.167 - - [08/May/2008:07:42:45 -0400] "GET /robots.txt HTTP/1.0" 404 208 "-" "Mozilla/5.0 (compatible; Yahoo! Slurp; http://help.yahoo.com/help/us/ysearch/slurp)"
72.30.179.226 - - [08/May/2008:07:42:45 -0400] "GET /?C=M;O=A HTTP/1.0" 200 826 "-" "Mozilla/5.0 (compatible; Yahoo! Slurp; http://help.yahoo.com/help/us/ysearch/slurp)"
213.144.15.38 - - [08/May/2008:08:37:43 -0400] "GET /robots.txt HTTP/1.0" 404 208 "-" "larbin_2.6.3 (larbin2.6.3@unspecified.mail)"
213.144.15.38 - - [08/May/2008:08:52:53 -0400] "GET / HTTP/1.0" 200 826 "-" "larbin_2.6.3 larbin2.6.3@unspecified.mail"
65.55.232.12 - - [08/May/2008:09:10:19 -0400] "GET /robots.txt HTTP/1.1" 404 208 "-" "msnbot/1.1 (+http://search.msn.com/msnbot.htm)"
65.55.232.12 - - [08/May/2008:09:10:19 -0400] "GET / HTTP/1.1" 200 826 "-" "msnbot/1.1 (+http://search.msn.com/msnbot.htm)"
85.113.243.108 - - [08/May/2008:09:16:28 -0400] "GET / HTTP/1.0" 200 826 "-" "Mozilla"
213.144.15.38 - - [08/May/2008:09:37:52 -0400] "GET /NoteBook/ HTTP/1.0" 200 809 "-" "larbin_2.6.3 larbin2.6.3@unspecified.mail"
213.144.15.38 - - [08/May/2008:10:10:32 -0400] "GET /access.log HTTP/1.0" 200 295960 "-" "larbin_2.6.3 larbin2.6.3@unspecified.mail"
65.55.107.38 - - [08/May/2008:11:07:08 -0400] "GET /robots.txt HTTP/1.1" 404 208 "-" "msnbot/1.1 (+http://search.msn.com/msnbot.htm)"
65.55.107.38 - - [08/May/2008:11:07:09 -0400] "GET / HTTP/1.1" 200 826 "-" "msnbot/1.1 (+http://search.msn.com/msnbot.htm)"
66.249.73.71 - - [08/May/2008:11:44:23 -0400] "GET /?C=M;O=D HTTP/1.1" 200 826 "-" "Mozilla/5.0 (compatible; Googlebot/2.1; +http://www.google.com/bot.html)"
74.6.17.167 - - [08/May/2008:11:47:30 -0400] "GET /robots.txt HTTP/1.0" 404 208 "-" "Mozilla/5.0 (compatible; Yahoo! Slurp; http://help.yahoo.com/help/us/ysearch/slurp)"
74.6.29.115 - - [08/May/2008:11:47:31 -0400] "GET /?C=M;O=D HTTP/1.0" 200 826 "-" "Mozilla/5.0 (compatible; Yahoo! Slurp; http://help.yahoo.com/help/us/ysearch/slurp)"
66.249.73.71 - - [08/May/2008:11:47:32 -0400] "GET /NoteBook/?C=N;O=D HTTP/1.1" 200 809 "-" "Mozilla/5.0 (compatible; Googlebot/2.1; +http://www.google.com/bot.html)"
74.6.19.223 - - [08/May/2008:11:47:59 -0400] "GET /robots.txt HTTP/1.0" 404 208 "-" "Mozilla/5.0 (compatible; Yahoo! Slurp; http://help.yahoo.com/help/us/ysearch/slurp)"
72.30.216.106 - - [08/May/2008:11:47:59 -0400] "GET / HTTP/1.0" 200 826 "-" "Mozilla/5.0 (compatible; Yahoo! Slurp; http://help.yahoo.com/help/us/ysearch/slurp)"
66.249.73.71 - - [08/May/2008:12:01:44 -0400] "GET /NoteBook/?C=M;O=A HTTP/1.1" 200 809 "-" "Mozilla/5.0 (compatible; Googlebot/2.1; +http://www.google.com/bot.html)"
63.224.53.162 - - [08/May/2008:14:07:40 -0400] "GET /access.log HTTP/1.1" 200 297513 "http://www.google.com/search?hl=en&rlz=1G1GGLQ_ENUS252&q=*+filetype%3ALOG&btnG=Search" "Mozilla/5.0 (Windows; U; Windows NT 5.1; en-US; rv:1.8.1.14) Gecko/20080404 Firefox/2.0.0.14"
63.224.53.162 - - [08/May/2008:14:07:42 -0400] "GET /favicon.ico HTTP/1.1" 404 209 "-" "Mozilla/5.0 (Windows; U; Windows NT 5.1; en-US; rv:1.8.1.14) Gecko/20080404 Firefox/2.0.0.14"
63.224.53.162 - - [08/May/2008:14:07:42 -0400] "GET /favicon.ico HTTP/1.1" 404 209 "-" "Mozilla/5.0 (compatible; Google Desktop)"
69.94.56.97 - - [08/May/2008:14:55:32 -0400] "GET /search.php?query=http://www.hotghettomess.com/picture_library/pictures/com_pixel/r0x.id.txt??? HTTP/1.0" 404 208 "-" "Mozilla/5.0 (compatible; Konqueror/3.1-rc3; i686 Linux; 20020515)"
82.102.10.26 - - [08/May/2008:14:55:39 -0400] "GET /search.php?query=http://www.hotghettomess.com/picture_library/pictures/com_pixel/r0x.id.txt??? HTTP/1.1" 404 208 "-" "Mozilla/4.0 (compatible; MSIE 6.0; Windows NT 5.2; SV1; .NET CLR 1.1.4322)"
74.6.19.32 - - [08/May/2008:16:07:07 -0400] "GET /?C=N;O=D HTTP/1.0" 200 826 "-" "Mozilla/5.0 (compatible; Yahoo! Slurp; http://help.yahoo.com/help/us/ysearch/slurp)"
74.6.24.234 - - [08/May/2008:16:07:28 -0400] "GET /?C=S;O=A HTTP/1.0" 200 826 "-" "Mozilla/5.0 (compatible; Yahoo! Slurp; http://help.yahoo.com/help/us/ysearch/slurp)"
67.195.52.35 - - [08/May/2008:16:19:09 -0400] "GET /?C=S;O=A HTTP/1.0" 200 826 "-" "Mozilla/5.0 (compatible; Yahoo! Slurp; http://help.yahoo.com/help/us/ysearch/slurp)"
74.6.16.228 - - [08/May/2008:16:42:38 -0400] "GET /?C=S;O=D HTTP/1.0" 200 826 "-" "Mozilla/5.0 (compatible; Yahoo! Slurp; http://help.yahoo.com/help/us/ysearch/slurp)"
74.6.16.166 - - [08/May/2008:17:23:46 -0400] "GET /?C=N;O=A HTTP/1.0" 200 826 "-" "Mozilla/5.0 (compatible; Yahoo! Slurp; http://help.yahoo.com/help/us/ysearch/slurp)"
