67.195.52.86 - - [08/May/2008:17:46:37 -0400] "GET /NoteBook/ HTTP/1.0" 200 809 "-" "Mozilla/5.0 (compatible; Yahoo! Slurp; http://help.yahoo.com/help/us/ysearch/slurp)"
67.195.52.39 - - [08/May/2008:17:46:46 -0400] "GET /?C=D;O=A HTTP/1.0" 200 826 "-" "Mozilla/5.0 (compatible; Yahoo! Slurp; http://help.yahoo.com/help/us/ysearch/slurp)"
67.195.51.161 - - [08/May/2008:17:47:24 -0400] "GET /NoteBook/?C=N;O=D HTTP/1.0" 200 809 "-" "Mozilla/5.0 (compatible; Yahoo! Slurp; http://help.yahoo.com/help/us/ysearch/slurp)"
67.195.51.162 - - [08/May/2008:17:49:22 -0400] "GET /NoteBook/?C=M;O=A HTTP/1.0" 200 809 "-" "Mozilla/5.0 (compatible; Yahoo! Slurp; http://help.yahoo.com/help/us/ysearch/slurp)"
67.195.51.153 - - [08/May/2008:17:50:44 -0400] "GET /NoteBook/?C=D;O=A HTTP/1.0" 200 809 "-" "Mozilla/5.0 (compatible; Yahoo! Slurp; http://help.yahoo.com/help/us/ysearch/slurp)"
67.195.52.105 - - [08/May/2008:17:52:46 -0400] "GET /?C=M;O=A HTTP/1.0" 200 826 "-" "Mozilla/5.0 (compatible; Yahoo! Slurp; http://help.yahoo.com/help/us/ysearch/slurp)"
67.195.51.177 - - [08/May/2008:17:53:43 -0400] "GET /NoteBook/?C=S;O=A HTTP/1.0" 200 809 "-" "Mozilla/5.0 (compatible; Yahoo! Slurp; http://help.yahoo.com/help/us/ysearch/slurp)"
74.6.20.113 - - [08/May/2008:17:53:51 -0400] "GET /?C=D;O=A HTTP/1.0" 200 826 "-" "Mozilla/5.0 (compatible; Yahoo! Slurp; http://help.yahoo.com/help/us/ysearch/slurp)"
203.162.2.135 - - [08/May/2008:19:03:36 -0400] "GET / HTTP/1.1" 200 826 "-" "Mozilla/4.0 (compatible; MSIE 6.0; Windows NT 5.1; SV1)"
203.162.2.135 - - [08/May/2008:19:03:37 -0400] "GET /?C=N;O=D HTTP/1.1" 200 826 "-" "Mozilla/4.0 (compatible; MSIE 6.0; Windows NT 5.1; SV1)"
203.162.2.135 - - [08/May/2008:19:03:38 -0400] "GET /?C=M;O=A HTTP/1.1" 200 826 "-" "Mozilla/4.0 (compatible; MSIE 6.0; Windows NT 5.1; SV1)"
203.162.2.135 - - [08/May/2008:19:03:39 -0400] "GET /?C=S;O=A HTTP/1.1" 200 826 "-" "Mozilla/4.0 (compatible; MSIE 6.0; Windows NT 5.1; SV1)"
203.162.2.135 - - [08/May/2008:19:03:40 -0400] "GET /?C=D;O=A HTTP/1.1" 200 826 "-" "Mozilla/4.0 (compatible; MSIE 6.0; Windows NT 5.1; SV1)"
203.162.2.135 - - [08/May/2008:19:03:41 -0400] "GET /access.log HTTP/1.1" 200 301510 "-" "Mozilla/4.0 (compatible; MSIE 6.0; Windows NT 5.1; SV1)"
65.55.208.134 - - [08/May/2008:19:32:52 -0400] "GET /robots.txt HTTP/1.1" 404 208 "-" "msnbot/1.1 (+http://search.msn.com/msnbot.htm)"
65.55.208.134 - - [08/May/2008:19:32:52 -0400] "GET / HTTP/1.1" 200 826 "-" "msnbot/1.1 (+http://search.msn.com/msnbot.htm)"
74.6.27.24 - - [08/May/2008:19:53:56 -0400] "GET /?C=D;O=D HTTP/1.0" 200 826 "-" "Mozilla/5.0 (compatible; Yahoo! Slurp; http://help.yahoo.com/help/us/ysearch/slurp)"
84.215.125.20 - - [08/May/2008:21:11:12 -0400] "GET /NoteBook/releases/NoteBook-0.3.tar.gz HTTP/1.1" 200 30612 "http://wiki.gnustep.org/index.php/NoteBook.app" "Mozilla/5.0 (X11; U; Linux i686; en-US; rv:1.8.1.5) Gecko/20070718 Fedora/2.0.0.5-1.fc7 Firefox/2.0.0.5"
67.195.37.112 - - [08/May/2008:21:27:56 -0400] "GET /robots.txt HTTP/1.0" 404 208 "-" "Mozilla/5.0 (compatible; Yahoo! Slurp; http://help.yahoo.com/help/us/ysearch/slurp)"
67.195.37.112 - - [08/May/2008:21:27:56 -0400] "GET / HTTP/1.0" 200 826 "-" "Mozilla/5.0 (compatible; Yahoo! Slurp/3.0; http://help.yahoo.com/help/us/ysearch/slurp)"
74.6.24.236 - - [08/May/2008:22:04:37 -0400] "GET / HTTP/1.0" 200 826 "-" "Mozilla/5.0 (compatible; Yahoo! Slurp; http://help.yahoo.com/help/us/ysearch/slurp)"
65.55.25.135 - - [08/May/2008:22:33:57 -0400] "GET /robots.txt HTTP/1.1" 404 208 "-" "msnbot/1.1 (+http://search.msn.com/msnbot.htm)"
65.55.25.135 - - [08/May/2008:22:33:57 -0400] "GET /?C=M;O=A HTTP/1.1" 200 826 "-" "msnbot/1.1 (+http://search.msn.com/msnbot.htm)"
65.55.25.135 - - [08/May/2008:22:39:04 -0400] "GET /?C=N;O=D HTTP/1.1" 200 826 "-" "msnbot/1.1 (+http://search.msn.com/msnbot.htm)"
83.4.168.136 - - [08/May/2008:23:14:00 -0400] "GET /robots.txt HTTP/1.0" 404 208 "-" "Wget/1.11"
65.55.25.136 - - [08/May/2008:23:28:42 -0400] "GET /robots.txt HTTP/1.1" 404 208 "-" "msnbot/1.1 (+http://search.msn.com/msnbot.htm)"
65.55.25.136 - - [08/May/2008:23:28:43 -0400] "GET /access.log HTTP/1.1" 200 303477 "-" "msnbot/1.1 (+http://search.msn.com/msnbot.htm)"
65.55.25.136 - - [08/May/2008:23:30:09 -0400] "GET /NoteBook/ HTTP/1.1" 200 809 "-" "msnbot/1.1 (+http://search.msn.com/msnbot.htm)"
65.55.25.136 - - [08/May/2008:23:30:09 -0400] "GET /?C=D;O=A HTTP/1.1" 200 826 "-" "msnbot/1.1 (+http://search.msn.com/msnbot.htm)"
65.55.25.136 - - [08/May/2008:23:30:09 -0400] "GET /?C=S;O=A HTTP/1.1" 200 826 "-" "msnbot/1.1 (+http://search.msn.com/msnbot.htm)"
217.172.44.82 - - [08/May/2008:23:33:36 -0400] "GET /robots.txt HTTP/1.1" 404 208 "-" "portscout/0.7.4"
217.172.44.82 - - [08/May/2008:23:33:36 -0400] "GET /NoteBook/releases/ HTTP/1.1" 200 860 "-" "portscout/0.7.4"
65.55.25.135 - - [08/May/2008:23:40:50 -0400] "GET /?C=N;O=A HTTP/1.1" 200 826 "-" "msnbot/1.1 (+http://search.msn.com/msnbot.htm)"
65.55.25.135 - - [08/May/2008:23:42:18 -0400] "GET /NoteBook/releases/ HTTP/1.1" 200 860 "-" "msnbot/1.1 (+http://search.msn.com/msnbot.htm)"
67.195.37.112 - - [08/May/2008:23:47:47 -0400] "GET /?C=N;O=D HTTP/1.0" 200 826 "-" "Mozilla/5.0 (compatible; Yahoo! Slurp/3.0; http://help.yahoo.com/help/us/ysearch/slurp)"
65.55.25.136 - - [09/May/2008:00:06:08 -0400] "GET /NoteBook/?C=D;O=A HTTP/1.1" 200 809 "-" "msnbot/1.1 (+http://search.msn.com/msnbot.htm)"
65.55.25.136 - - [09/May/2008:00:06:08 -0400] "GET /NoteBook/?C=M;O=A HTTP/1.1" 200 809 "-" "msnbot/1.1 (+http://search.msn.com/msnbot.htm)"
65.55.25.136 - - [09/May/2008:00:07:19 -0400] "GET / HTTP/1.1" 200 826 "-" "msnbot/1.1 (+http://search.msn.com/msnbot.htm)"
65.55.25.135 - - [09/May/2008:00:41:16 -0400] "GET /NoteBook/releases/?C=M;O=A HTTP/1.1" 200 860 "-" "msnbot/1.1 (+http://search.msn.com/msnbot.htm)"
209.234.171.43 - - [09/May/2008:01:44:06 -0400] "GET /robots.txt HTTP/1.0" 404 208 "-" "ia_archiver"
209.234.171.43 - - [09/May/2008:01:44:06 -0400] "GET / HTTP/1.0" 200 826 "-" "ia_archiver"
213.144.15.38 - - [09/May/2008:03:02:03 -0400] "GET /robots.txt HTTP/1.0" 404 208 "-" "larbin_2.6.3 (larbin2.6.3@unspecified.mail)"
213.144.15.38 - - [09/May/2008:03:20:07 -0400] "GET / HTTP/1.0" 200 826 "-" ""
60.15.209.145 - - [09/May/2008:03:49:55 -0400] "GET / HTTP/1.1" 200 826 "-" "Mozilla/5.0 (Macintosh; U; Intel Mac OS X 10_5_2; zh-cn) AppleWebKit/525.18 (KHTML, like Gecko) Version/3.1.1 Safari/525.18"
60.15.209.145 - - [09/May/2008:03:49:56 -0400] "GET /favicon.ico HTTP/1.1" 404 209 "http://notebook.cowgar.com/" "Mozilla/5.0 (Macintosh; U; Intel Mac OS X 10_5_2; zh-cn) AppleWebKit/525.18 (KHTML, like Gecko) Version/3.1.1 Safari/525.18"
60.15.209.145 - - [09/May/2008:03:49:56 -0400] "GET /icons/blank.gif HTTP/1.1" 200 148 "http://notebook.cowgar.com/" "Mozilla/5.0 (Macintosh; U; Intel Mac OS X 10_5_2; zh-cn) AppleWebKit/525.18 (KHTML, like Gecko) Version/3.1.1 Safari/525.18"
60.15.209.145 - - [09/May/2008:03:49:56 -0400] "GET /icons/unknown.gif HTTP/1.1" 200 245 "http://notebook.cowgar.com/" "Mozilla/5.0 (Macintosh; U; Intel Mac OS X 10_5_2; zh-cn) AppleWebKit/525.18 (KHTML, like Gecko) Version/3.1.1 Safari/525.18"
60.15.209.145 - - [09/May/2008:03:49:56 -0400] "GET /icons/folder.gif HTTP/1.1" 200 225 "http://notebook.cowgar.com/" "Mozilla/5.0 (Macintosh; U; Intel Mac OS X 10_5_2; zh-cn) AppleWebKit/525.18 (KHTML, like Gecko) Version/3.1.1 Safari/525.18"
60.15.209.145 - - [09/May/2008:03:50:04 -0400] "GET /NoteBook/ HTTP/1.1" 200 809 "http://notebook.cowgar.com/" "Mozilla/5.0 (Macintosh; U; Intel Mac OS X 10_5_2; zh-cn) AppleWebKit/525.18 (KHTML, like Gecko) Version/3.1.1 Safari/525.18"
60.15.209.145 - - [09/May/2008:03:50:04 -0400] "GET /icons/back.gif HTTP/1.1" 200 216 "http://notebook.cowgar.com/NoteBook/" "Mozilla/5.0 (Macintosh; U; Intel Mac OS X 10_5_2; zh-cn) AppleWebKit/525.18 (KHTML, like Gecko) Version/3.1.1 Safari/525.18"
60.15.209.145 - - [09/May/2008:03:50:06 -0400] "GET /NoteBook/releases/ HTTP/1.1" 200 860 "http://notebook.cowgar.com/NoteBook/" "Mozilla/5.0 (Macintosh; U; Intel Mac OS X 10_5_2; zh-cn) AppleWebKit/525.18 (KHTML, like Gecko) Version/3.1.1 Safari/525.18"
60.15.209.145 - - [09/May/2008:03:50:06 -0400] "GET /icons/compressed.gif HTTP/1.1" 200 1038 "http://notebook.cowgar.com/NoteBook/releases/" "Mozilla/5.0 (Macintosh; U; Intel Mac OS X 10_5_2; zh-cn) AppleWebKit/525.18 (KHTML, like Gecko) Version/3.1.1 Safari/525.18"
60.15.209.145 - - [09/May/2008:03:50:08 -0400] "GET /NoteBook/releases/NoteBook-0.3.tar.gz HTTP/1.1" 200 30612 "http://notebook.cowgar.com/NoteBook/releases/" "Mozilla/5.0 (Macintosh; U; Intel Mac OS X 10_5_2; zh-cn) AppleWebKit/525.18 (KHTML, like Gecko) Version/3.1.1 Safari/525.18"
60.15.209.145 - - [09/May/2008:03:50:11 -0400] "GET /NoteBook/releases/NoteBook-0.3.tar.gz HTTP/1.0" 206 30612 "http://notebook.cowgar.com/NoteBook/releases/" "iGetter/2 (Macintosh; U; PPC Mac OS X; en)"
213.144.15.38 - - [09/May/2008:04:05:13 -0400] "GET /NoteBook/ HTTP/1.0" 200 809 "-" ""
80.126.125.147 - - [09/May/2008:04:41:44 -0400] "GET / HTTP/1.1" 200 826 "http://www.gnustep.org/experience/apps.html" "Mozilla/5.0 (X11; U; Linux i686; en-US; rv:1.9b5) Gecko/2008041514 Firefox/3.0b5"
80.126.125.147 - - [09/May/2008:04:41:44 -0400] "GET /icons/blank.gif HTTP/1.1" 200 148 "http://notebook.cowgar.com/" "Mozilla/5.0 (X11; U; Linux i686; en-US; rv:1.9b5) Gecko/2008041514 Firefox/3.0b5"
80.126.125.147 - - [09/May/2008:04:41:44 -0400] "GET /icons/folder.gif HTTP/1.1" 200 225 "http://notebook.cowgar.com/" "Mozilla/5.0 (X11; U; Linux i686; en-US; rv:1.9b5) Gecko/2008041514 Firefox/3.0b5"
80.126.125.147 - - [09/May/2008:04:41:44 -0400] "GET /icons/unknown.gif HTTP/1.1" 200 245 "http://notebook.cowgar.com/" "Mozilla/5.0 (X11; U; Linux i686; en-US; rv:1.9b5) Gecko/2008041514 Firefox/3.0b5"
80.126.125.147 - - [09/May/2008:04:41:45 -0400] "GET /favicon.ico HTTP/1.1" 404 209 "-" "Mozilla/5.0 (X11; U; Linux i686; en-US; rv:1.9b5) Gecko/2008041514 Firefox/3.0b5"
80.126.125.147 - - [09/May/2008:04:41:48 -0400] "GET /favicon.ico HTTP/1.1" 404 209 "-" "Mozilla/5.0 (X11; U; Linux i686; en-US; rv:1.9b5) Gecko/2008041514 Firefox/3.0b5"
213.144.15.38 - - [09/May/2008:04:45:21 -0400] "GET /access.log HTTP/1.0" 200 309544 "-" ""
208.80.193.36 - - [09/May/2008:05:24:40 -0400] "GET / HTTP/1.1" 200 826 "-" "Mozilla/5.0 (compatible; Konqueror/3.0-rc1; i686 Linux; 20020708)"
91.122.48.12 - - [09/May/2008:05:26:12 -0400] "GET /NoteBook/releases/NoteBook-0.3.tar.gz HTTP/1.1" 200 30612 "-" "fetch libfetch/2.0"
213.144.15.38 - - [09/May/2008:05:33:57 -0400] "GET /robots.txt HTTP/1.0" 404 208 "-" "larbin_2.6.3 (larbin2.6.3@unspecified.mail)"
92.112.82.236 - - [09/May/2008:05:58:58 -0400] "GET /NoteBook/releases/NoteBook-0.3.tar.gz HTTP/1.1" 200 30612 "-" "fetch libfetch/2.0"
213.144.15.38 - - [09/May/2008:06:07:25 -0400] "GET /robots.txt HTTP/1.0" 404 208 "-" "larbin_2.6.3 (larbin2.6.3@unspecified.mail)"
74.6.19.223 - - [09/May/2008:06:13:21 -0400] "GET /robots.txt HTTP/1.0" 404 208 "-" "Mozilla/5.0 (compatible; Yahoo! Slurp; http://help.yahoo.com/help/us/ysearch/slurp)"
67.195.52.27 - - [09/May/2008:06:13:21 -0400] "GET / HTTP/1.0" 200 826 "-" "Mozilla/5.0 (compatible; Yahoo! Slurp; http://help.yahoo.com/help/us/ysearch/slurp)"
75.101.206.231 - - [09/May/2008:06:15:49 -0400] "GET / HTTP/1.0" 200 826 "-" "Mozilla/4.0 (compatible; MSIE 7.0; Windows NT 5.1)"
213.144.15.38 - - [09/May/2008:07:14:16 -0400] "GET / HTTP/1.0" 200 826 "-" ""
74.6.17.167 - - [09/May/2008:07:45:44 -0400] "GET /robots.txt HTTP/1.0" 404 208 "-" "Mozilla/5.0 (compatible; Yahoo! Slurp; http://help.yahoo.com/help/us/ysearch/slurp)"
72.30.179.226 - - [09/May/2008:07:45:45 -0400] "GET /?C=M;O=A HTTP/1.0" 200 826 "-" "Mozilla/5.0 (compatible; Yahoo! Slurp; http://help.yahoo.com/help/us/ysearch/slurp)"
74.6.22.216 - - [09/May/2008:08:10:55 -0400] "GET /access.log HTTP/1.0" 200 311195 "-" "Mozilla/5.0 (compatible; Yahoo! Slurp; http://help.yahoo.com/help/us/ysearch/slurp)"
213.144.15.38 - - [09/May/2008:08:45:01 -0400] "GET /NoteBook/ HTTP/1.0" 200 809 "-" ""
206.169.110.66 - - [09/May/2008:10:21:29 -0400] "GET /robots.txt HTTP/1.1" 404 208 "-" "page_verifier (http://www.securecomputing.com/goto/pv)"
212.126.160.101 - - [09/May/2008:10:45:41 -0400] "GET / HTTP/1.0" 200 826 "http://io.debian.net/~tar/gnustep/" "Mozilla/5.0 (X11; U; SunOS sun4u; en-US; rv:1.8.1.14) Gecko/20080418 Firefox/2.0.0.14"
212.126.160.101 - - [09/May/2008:10:45:42 -0400] "GET /icons/blank.gif HTTP/1.0" 200 148 "http://notebook.cowgar.com/" "Mozilla/5.0 (X11; U; SunOS sun4u; en-US; rv:1.8.1.14) Gecko/20080418 Firefox/2.0.0.14"
212.126.160.101 - - [09/May/2008:10:45:42 -0400] "GET /icons/folder.gif HTTP/1.0" 200 225 "http://notebook.cowgar.com/" "Mozilla/5.0 (X11; U; SunOS sun4u; en-US; rv:1.8.1.14) Gecko/20080418 Firefox/2.0.0.14"
212.126.160.101 - - [09/May/2008:10:45:45 -0400] "GET /icons/unknown.gif HTTP/1.0" 200 245 "http://notebook.cowgar.com/" "Mozilla/5.0 (X11; U; SunOS sun4u; en-US; rv:1.8.1.14) Gecko/20080418 Firefox/2.0.0.14"
212.126.160.101 - - [09/May/2008:10:45:46 -0400] "GET /favicon.ico HTTP/1.0" 404 209 "-" "Mozilla/5.0 (X11; U; SunOS sun4u; en-US; rv:1.8.1.14) Gecko/20080418 Firefox/2.0.0.14"
212.126.160.101 - - [09/May/2008:10:45:46 -0400] "GET /favicon.ico HTTP/1.0" 404 209 "-" "Mozilla/5.0 (X11; U; SunOS sun4u; en-US; rv:1.8.1.14) Gecko/20080418 Firefox/2.0.0.14"
212.126.160.101 - - [09/May/2008:10:46:01 -0400] "GET /NoteBook/ HTTP/1.0" 200 809 "http://notebook.cowgar.com/" "Mozilla/5.0 (X11; U; SunOS sun4u; en-US; rv:1.8.1.14) Gecko/20080418 Firefox/2.0.0.14"
212.126.160.101 - - [09/May/2008:10:46:02 -0400] "GET /icons/back.gif HTTP/1.0" 200 216 "http://notebook.cowgar.com/NoteBook/" "Mozilla/5.0 (X11; U; SunOS sun4u; en-US; rv:1.8.1.14) Gecko/20080418 Firefox/2.0.0.14"
212.126.160.101 - - [09/May/2008:10:46:03 -0400] "GET /NoteBook/releases/ HTTP/1.0" 200 860 "http://notebook.cowgar.com/NoteBook/" "Mozilla/5.0 (X11; U; SunOS sun4u; en-US; rv:1.8.1.14) Gecko/20080418 Firefox/2.0.0.14"
212.126.160.101 - - [09/May/2008:10:46:03 -0400] "GET /icons/compressed.gif HTTP/1.0" 200 1038 "http://notebook.cowgar.com/NoteBook/releases/" "Mozilla/5.0 (X11; U; SunOS sun4u; en-US; rv:1.8.1.14) Gecko/20080418 Firefox/2.0.0.14"
212.126.160.101 - - [09/May/2008:10:46:06 -0400] "GET /NoteBook/releases/NoteBook-0.3.tar.gz HTTP/1.0" 200 30612 "http://notebook.cowgar.com/NoteBook/releases/" "Mozilla/5.0 (X11; U; SunOS sun4u; en-US; rv:1.8.1.14) Gecko/20080418 Firefox/2.0.0.14"
213.144.15.38 - - [09/May/2008:10:47:48 -0400] "GET /robots.txt HTTP/1.0" 404 208 "-" "larbin_2.6.3 (larbin2.6.3@unspecified.mail)"
86.135.191.169 - - [09/May/2008:11:06:19 -0400] "GET / HTTP/1.1" 200 826 "http://www.gnustep.org/experience/apps.html" "Mozilla/5.0 (Macintosh; U; PPC Mac OS X Mach-O; en-US; rv:1.8.1.14) Gecko/20080404 Firefox/2.0.0.14"
86.135.191.169 - - [09/May/2008:11:06:20 -0400] "GET /icons/blank.gif HTTP/1.1" 200 148 "http://notebook.cowgar.com/" "Mozilla/5.0 (Macintosh; U; PPC Mac OS X Mach-O; en-US; rv:1.8.1.14) Gecko/20080404 Firefox/2.0.0.14"
86.135.191.169 - - [09/May/2008:11:06:20 -0400] "GET /icons/unknown.gif HTTP/1.1" 200 245 "http://notebook.cowgar.com/" "Mozilla/5.0 (Macintosh; U; PPC Mac OS X Mach-O; en-US; rv:1.8.1.14) Gecko/20080404 Firefox/2.0.0.14"
86.135.191.169 - - [09/May/2008:11:06:20 -0400] "GET /icons/folder.gif HTTP/1.1" 200 225 "http://notebook.cowgar.com/" "Mozilla/5.0 (Macintosh; U; PPC Mac OS X Mach-O; en-US; rv:1.8.1.14) Gecko/20080404 Firefox/2.0.0.14"
86.135.191.169 - - [09/May/2008:11:06:20 -0400] "GET /favicon.ico HTTP/1.1" 404 209 "-" "Mozilla/5.0 (Macintosh; U; PPC Mac OS X Mach-O; en-US; rv:1.8.1.14) Gecko/20080404 Firefox/2.0.0.14"
86.135.191.169 - - [09/May/2008:11:06:21 -0400] "GET /NoteBook/ HTTP/1.1" 200 809 "http://notebook.cowgar.com/" "Mozilla/5.0 (Macintosh; U; PPC Mac OS X Mach-O; en-US; rv:1.8.1.14) Gecko/20080404 Firefox/2.0.0.14"
86.135.191.169 - - [09/May/2008:11:06:22 -0400] "GET /icons/back.gif HTTP/1.1" 200 216 "http://notebook.cowgar.com/NoteBook/" "Mozilla/5.0 (Macintosh; U; PPC Mac OS X Mach-O; en-US; rv:1.8.1.14) Gecko/20080404 Firefox/2.0.0.14"
86.135.191.169 - - [09/May/2008:11:06:25 -0400] "GET /NoteBook/releases/ HTTP/1.1" 200 860 "http://notebook.cowgar.com/NoteBook/" "Mozilla/5.0 (Macintosh; U; PPC Mac OS X Mach-O; en-US; rv:1.8.1.14) Gecko/20080404 Firefox/2.0.0.14"
86.135.191.169 - - [09/May/2008:11:06:25 -0400] "GET /icons/compressed.gif HTTP/1.1" 200 1038 "http://notebook.cowgar.com/NoteBook/releases/" "Mozilla/5.0 (Macintosh; U; PPC Mac OS X Mach-O; en-US; rv:1.8.1.14) Gecko/20080404 Firefox/2.0.0.14"
217.125.215.174 - - [09/May/2008:11:11:36 -0400] "GET /access.log HTTP/1.1" 200 316016 "http://search.yahoo.com/search?n=100&ei=UTF-8&va_vt=any&vo_vt=any&ve_vt=any&vp_vt=any&vd=all&vst=0&vf=txt&vc=us&vm=p&fl=0&fr=yfp-t-501&fp_ip=ES&p=a+2008+%22%40yahoo.com%22" "Mozilla/4.0 (compatible; MSIE 7.0; Windows NT 5.1; .NET CLR 1.1.4322)"
213.144.15.38 - - [09/May/2008:11:36:32 -0400] "GET / HTTP/1.0" 200 826 "-" ""
74.6.17.167 - - [09/May/2008:11:54:08 -0400] "GET /robots.txt HTTP/1.0" 404 208 "-" "Mozilla/5.0 (compatible; Yahoo! Slurp; http://help.yahoo.com/help/us/ysearch/slurp)"
74.6.29.115 - - [09/May/2008:11:54:08 -0400] "GET /?C=M;O=D HTTP/1.0" 200 826 "-" "Mozilla/5.0 (compatible; Yahoo! Slurp; http://help.yahoo.com/help/us/ysearch/slurp)"
206.169.110.66 - - [09/May/2008:13:56:53 -0400] "GET / HTTP/1.1" 200 826 "-" "page_verifier http://www.securecomputing.com/goto/pv"
74.6.19.223 - - [09/May/2008:15:18:50 -0400] "GET /robots.txt HTTP/1.0" 404 208 "-" "Mozilla/5.0 (compatible; Yahoo! Slurp; http://help.yahoo.com/help/us/ysearch/slurp)"
72.30.216.106 - - [09/May/2008:15:18:53 -0400] "GET / HTTP/1.0" 200 826 "-" "Mozilla/5.0 (compatible; Yahoo! Slurp; http://help.yahoo.com/help/us/ysearch/slurp)"
74.6.24.234 - - [09/May/2008:16:10:40 -0400] "GET /?C=S;O=A HTTP/1.0" 200 826 "-" "Mozilla/5.0 (compatible; Yahoo! Slurp; http://help.yahoo.com/help/us/ysearch/slurp)"
74.6.19.32 - - [09/May/2008:16:19:25 -0400] "GET /?C=N;O=D HTTP/1.0" 200 826 "-" "Mozilla/5.0 (compatible; Yahoo! Slurp; http://help.yahoo.com/help/us/ysearch/slurp)"
67.195.52.35 - - [09/May/2008:16:25:07 -0400] "GET /?C=S;O=A HTTP/1.0" 200 826 "-" "Mozilla/5.0 (compatible; Yahoo! Slurp; http://help.yahoo.com/help/us/ysearch/slurp)"
65.55.208.119 - - [09/May/2008:16:32:07 -0400] "GET /robots.txt HTTP/1.1" 404 208 "-" "msnbot/1.1 (+http://search.msn.com/msnbot.htm)"
65.55.208.119 - - [09/May/2008:16:32:07 -0400] "GET /?C=M;O=A HTTP/1.1" 200 826 "-" "msnbot/1.1 (+http://search.msn.com/msnbot.htm)"
74.6.16.228 - - [09/May/2008:16:44:18 -0400] "GET /?C=S;O=D HTTP/1.0" 200 826 "-" "Mozilla/5.0 (compatible; Yahoo! Slurp; http://help.yahoo.com/help/us/ysearch/slurp)"
65.55.208.137 - - [09/May/2008:16:46:30 -0400] "GET /robots.txt HTTP/1.1" 404 208 "-" "msnbot/1.1 (+http://search.msn.com/msnbot.htm)"
65.55.208.137 - - [09/May/2008:16:46:30 -0400] "GET /?C=D;O=A HTTP/1.1" 200 826 "-" "msnbot/1.1 (+http://search.msn.com/msnbot.htm)"
67.195.52.122 - - [09/May/2008:17:00:42 -0400] "GET /access.log HTTP/1.0" 200 318438 "-" "Mozilla/5.0 (compatible; Yahoo! Slurp; http://help.yahoo.com/help/us/ysearch/slurp)"
65.55.208.121 - - [09/May/2008:17:04:44 -0400] "GET /robots.txt HTTP/1.1" 404 208 "-" "msnbot/1.1 (+http://search.msn.com/msnbot.htm)"
65.55.208.121 - - [09/May/2008:17:04:44 -0400] "GET /?C=N;O=A HTTP/1.1" 200 826 "-" "msnbot/1.1 (+http://search.msn.com/msnbot.htm)"
74.6.16.166 - - [09/May/2008:17:26:51 -0400] "GET /?C=N;O=A HTTP/1.0" 200 826 "-" "Mozilla/5.0 (compatible; Yahoo! Slurp; http://help.yahoo.com/help/us/ysearch/slurp)"
66.249.73.71 - - [09/May/2008:17:35:19 -0400] "GET /robots.txt HTTP/1.1" 404 208 "-" "Mozilla/5.0 (compatible; Googlebot/2.1; +http://www.google.com/bot.html)"
66.249.73.71 - - [09/May/2008:17:35:19 -0400] "GET /access.log HTTP/1.1" 200 319209 "-" "Mozilla/5.0 (compatible; Googlebot/2.1; +http://www.google.com/bot.html)"
67.195.52.39 - - [09/May/2008:17:49:58 -0400] "GET /?C=D;O=A HTTP/1.0" 200 826 "-" "Mozilla/5.0 (compatible; Yahoo! Slurp; http://help.yahoo.com/help/us/ysearch/slurp)"
74.6.20.113 - - [09/May/2008:17:57:31 -0400] "GET /?C=D;O=A HTTP/1.0" 200 826 "-" "Mozilla/5.0 (compatible; Yahoo! Slurp; http://help.yahoo.com/help/us/ysearch/slurp)"
67.195.51.185 - - [09/May/2008:18:16:45 -0400] "GET /?C=S;O=D HTTP/1.0" 200 826 "-" "Mozilla/5.0 (compatible; Yahoo! Slurp; http://help.yahoo.com/help/us/ysearch/slurp)"
65.55.25.136 - - [09/May/2008:18:22:24 -0400] "GET /robots.txt HTTP/1.1" 404 208 "-" "msnbot/1.1 (+http://search.msn.com/msnbot.htm)"
65.55.25.136 - - [09/May/2008:18:22:24 -0400] "GET /NoteBook/releases/?C=N;O=D HTTP/1.1" 200 860 "-" "msnbot/1.1 (+http://search.msn.com/msnbot.htm)"
65.55.25.136 - - [09/May/2008:18:26:24 -0400] "GET /NoteBook/releases/?C=S;O=A HTTP/1.1" 200 860 "-" "msnbot/1.1 (+http://search.msn.com/msnbot.htm)"
65.55.208.119 - - [09/May/2008:18:27:11 -0400] "GET /?C=M;O=D HTTP/1.1" 200 826 "-" "msnbot/1.1 (+http://search.msn.com/msnbot.htm)"
65.55.25.136 - - [09/May/2008:18:29:02 -0400] "GET /NoteBook/releases/?C=D;O=A HTTP/1.1" 200 860 "-" "msnbot/1.1 (+http://search.msn.com/msnbot.htm)"
65.55.25.136 - - [09/May/2008:18:29:03 -0400] "GET /?C=S;O=D HTTP/1.1" 200 826 "-" "msnbot/1.1 (+http://search.msn.com/msnbot.htm)"
65.55.25.136 - - [09/May/2008:18:29:03 -0400] "GET /NoteBook/?C=N;O=D HTTP/1.1" 200 809 "-" "msnbot/1.1 (+http://search.msn.com/msnbot.htm)"
65.55.25.136 - - [09/May/2008:18:33:57 -0400] "GET /?C=D;O=D HTTP/1.1" 200 826 "-" "msnbot/1.1 (+http://search.msn.com/msnbot.htm)"
65.55.25.136 - - [09/May/2008:18:41:16 -0400] "GET /NoteBook/?C=N;O=A HTTP/1.1" 200 809 "-" "msnbot/1.1 (+http://search.msn.com/msnbot.htm)"
65.55.25.136 - - [09/May/2008:18:50:27 -0400] "GET /NoteBook/?C=M;O=D HTTP/1.1" 200 809 "-" "msnbot/1.1 (+http://search.msn.com/msnbot.htm)"
65.55.25.136 - - [09/May/2008:18:50:27 -0400] "GET /NoteBook/?C=D;O=D HTTP/1.1" 200 809 "-" "msnbot/1.1 (+http://search.msn.com/msnbot.htm)"
171.66.32.154 - - [09/May/2008:19:02:47 -0400] "GET / HTTP/1.1" 200 826 "http://www.google.com/search?q=notebook.app&ie=utf-8&oe=utf-8&aq=t&rls=org.mozilla:en-US:official&client=firefox-a" "Mozilla/5.0 (Macintosh; U; Intel Mac OS X 10.5; en-US; rv:1.9b5) Gecko/2008032619 Firefox/3.0b5"
171.66.32.154 - - [09/May/2008:19:02:47 -0400] "GET /icons/blank.gif HTTP/1.1" 200 148 "http://notebook.cowgar.com/" "Mozilla/5.0 (Macintosh; U; Intel Mac OS X 10.5; en-US; rv:1.9b5) Gecko/2008032619 Firefox/3.0b5"
171.66.32.154 - - [09/May/2008:19:02:47 -0400] "GET /icons/unknown.gif HTTP/1.1" 200 245 "http://notebook.cowgar.com/" "Mozilla/5.0 (Macintosh; U; Intel Mac OS X 10.5; en-US; rv:1.9b5) Gecko/2008032619 Firefox/3.0b5"
171.66.32.154 - - [09/May/2008:19:02:47 -0400] "GET /icons/folder.gif HTTP/1.1" 200 225 "http://notebook.cowgar.com/" "Mozilla/5.0 (Macintosh; U; Intel Mac OS X 10.5; en-US; rv:1.9b5) Gecko/2008032619 Firefox/3.0b5"
171.66.32.154 - - [09/May/2008:19:02:47 -0400] "GET /favicon.ico HTTP/1.1" 404 209 "-" "Mozilla/5.0 (Macintosh; U; Intel Mac OS X 10.5; en-US; rv:1.9b5) Gecko/2008032619 Firefox/3.0b5"
171.66.32.154 - - [09/May/2008:19:02:47 -0400] "GET /favicon.ico HTTP/1.1" 404 209 "-" "Mozilla/5.0 (Macintosh; U; Intel Mac OS X 10.5; en-US; rv:1.9b5) Gecko/2008032619 Firefox/3.0b5"
171.66.32.154 - - [09/May/2008:19:02:54 -0400] "GET /favicon.ico HTTP/1.1" 404 209 "-" "Mozilla/5.0 (Macintosh; U; Intel Mac OS X 10.5; en-US; rv:1.9b5) Gecko/2008032619 Firefox/3.0b5"
171.66.32.154 - - [09/May/2008:19:02:56 -0400] "GET /NoteBook/ HTTP/1.1" 200 809 "http://notebook.cowgar.com/" "Mozilla/5.0 (Macintosh; U; Intel Mac OS X 10.5; en-US; rv:1.9b5) Gecko/2008032619 Firefox/3.0b5"
171.66.32.154 - - [09/May/2008:19:02:56 -0400] "GET /icons/blank.gif HTTP/1.1" 200 148 "http://notebook.cowgar.com/NoteBook/" "Mozilla/5.0 (Macintosh; U; Intel Mac OS X 10.5; en-US; rv:1.9b5) Gecko/2008032619 Firefox/3.0b5"
171.66.32.154 - - [09/May/2008:19:02:56 -0400] "GET /icons/folder.gif HTTP/1.1" 200 225 "http://notebook.cowgar.com/NoteBook/" "Mozilla/5.0 (Macintosh; U; Intel Mac OS X 10.5; en-US; rv:1.9b5) Gecko/2008032619 Firefox/3.0b5"
171.66.32.154 - - [09/May/2008:19:02:56 -0400] "GET /icons/back.gif HTTP/1.1" 200 216 "http://notebook.cowgar.com/NoteBook/" "Mozilla/5.0 (Macintosh; U; Intel Mac OS X 10.5; en-US; rv:1.9b5) Gecko/2008032619 Firefox/3.0b5"
171.66.32.154 - - [09/May/2008:19:03:06 -0400] "GET / HTTP/1.1" 200 826 "http://www.mail-archive.com/info-gnustep@gnu.org/msg00061.html" "Mozilla/5.0 (Macintosh; U; Intel Mac OS X 10.5; en-US; rv:1.9b5) Gecko/2008032619 Firefox/3.0b5"
171.66.32.154 - - [09/May/2008:19:03:06 -0400] "GET /icons/blank.gif HTTP/1.1" 200 148 "http://notebook.cowgar.com/" "Mozilla/5.0 (Macintosh; U; Intel Mac OS X 10.5; en-US; rv:1.9b5) Gecko/2008032619 Firefox/3.0b5"
171.66.32.154 - - [09/May/2008:19:03:06 -0400] "GET /icons/folder.gif HTTP/1.1" 200 225 "http://notebook.cowgar.com/" "Mozilla/5.0 (Macintosh; U; Intel Mac OS X 10.5; en-US; rv:1.9b5) Gecko/2008032619 Firefox/3.0b5"
171.66.32.154 - - [09/May/2008:19:03:06 -0400] "GET /icons/unknown.gif HTTP/1.1" 200 245 "http://notebook.cowgar.com/" "Mozilla/5.0 (Macintosh; U; Intel Mac OS X 10.5; en-US; rv:1.9b5) Gecko/2008032619 Firefox/3.0b5"
171.66.32.154 - - [09/May/2008:19:03:10 -0400] "GET /NoteBook/ HTTP/1.1" 200 809 "http://notebook.cowgar.com/" "Mozilla/5.0 (Macintosh; U; Intel Mac OS X 10.5; en-US; rv:1.9b5) Gecko/2008032619 Firefox/3.0b5"
171.66.32.154 - - [09/May/2008:19:03:10 -0400] "GET /icons/blank.gif HTTP/1.1" 200 148 "http://notebook.cowgar.com/NoteBook/" "Mozilla/5.0 (Macintosh; U; Intel Mac OS X 10.5; en-US; rv:1.9b5) Gecko/2008032619 Firefox/3.0b5"
171.66.32.154 - - [09/May/2008:19:03:10 -0400] "GET /icons/back.gif HTTP/1.1" 200 216 "http://notebook.cowgar.com/NoteBook/" "Mozilla/5.0 (Macintosh; U; Intel Mac OS X 10.5; en-US; rv:1.9b5) Gecko/2008032619 Firefox/3.0b5"
171.66.32.154 - - [09/May/2008:19:03:10 -0400] "GET /icons/folder.gif HTTP/1.1" 200 225 "http://notebook.cowgar.com/NoteBook/" "Mozilla/5.0 (Macintosh; U; Intel Mac OS X 10.5; en-US; rv:1.9b5) Gecko/2008032619 Firefox/3.0b5"
171.66.32.154 - - [09/May/2008:19:03:11 -0400] "GET /NoteBook/releases/ HTTP/1.1" 200 860 "http://notebook.cowgar.com/NoteBook/" "Mozilla/5.0 (Macintosh; U; Intel Mac OS X 10.5; en-US; rv:1.9b5) Gecko/2008032619 Firefox/3.0b5"
171.66.32.154 - - [09/May/2008:19:03:11 -0400] "GET /icons/compressed.gif HTTP/1.1" 200 1038 "http://notebook.cowgar.com/NoteBook/releases/" "Mozilla/5.0 (Macintosh; U; Intel Mac OS X 10.5; en-US; rv:1.9b5) Gecko/2008032619 Firefox/3.0b5"
171.66.32.154 - - [09/May/2008:19:03:11 -0400] "GET /icons/blank.gif HTTP/1.1" 200 148 "http://notebook.cowgar.com/NoteBook/releases/" "Mozilla/5.0 (Macintosh; U; Intel Mac OS X 10.5; en-US; rv:1.9b5) Gecko/2008032619 Firefox/3.0b5"
171.66.32.154 - - [09/May/2008:19:03:11 -0400] "GET /icons/back.gif HTTP/1.1" 200 216 "http://notebook.cowgar.com/NoteBook/releases/" "Mozilla/5.0 (Macintosh; U; Intel Mac OS X 10.5; en-US; rv:1.9b5) Gecko/2008032619 Firefox/3.0b5"
171.66.32.154 - - [09/May/2008:19:03:13 -0400] "GET /NoteBook/releases/NoteBook-0.3.tar.gz HTTP/1.1" 200 30612 "http://notebook.cowgar.com/NoteBook/releases/" "Mozilla/5.0 (Macintosh; U; Intel Mac OS X 10.5; en-US; rv:1.9b5) Gecko/2008032619 Firefox/3.0b5"
38.103.63.17 - - [09/May/2008:19:09:24 -0400] "GET /robots.txt HTTP/1.1" 404 208 "-" "CCBot/1.0 (+http://www.commoncrawl.org/bot.html)"
38.103.63.17 - - [09/May/2008:19:10:21 -0400] "GET / HTTP/1.1" 200 826 "-" "CCBot/1.0 (+http://www.commoncrawl.org/bot.html)"
91.185.118.173 - - [09/May/2008:19:11:25 -0400] "GET /access.log HTTP/1.1" 200 327009 "http://www.google.com/search?q=filetype%3Alog+access.log+-CVS&btnG=Search&hl=en" "Opera/9.10 (Windows NT 5.1; U; en)"
65.55.25.135 - - [09/May/2008:19:17:34 -0400] "GET /robots.txt HTTP/1.1" 404 208 "-" "msnbot/1.1 (+http://search.msn.com/msnbot.htm)"
65.55.25.135 - - [09/May/2008:19:17:34 -0400] "GET /NoteBook/?C=S;O=A HTTP/1.1" 200 809 "-" "msnbot/1.1 (+http://search.msn.com/msnbot.htm)"
66.249.73.71 - - [09/May/2008:19:23:13 -0400] "GET /?C=D;O=A HTTP/1.1" 200 826 "-" "Mozilla/5.0 (compatible; Googlebot/2.1; +http://www.google.com/bot.html)"
74.6.27.24 - - [09/May/2008:19:57:13 -0400] "GET /?C=D;O=D HTTP/1.0" 200 826 "-" "Mozilla/5.0 (compatible; Yahoo! Slurp; http://help.yahoo.com/help/us/ysearch/slurp)"
66.249.73.71 - - [09/May/2008:20:09:21 -0400] "GET /?C=S;O=A HTTP/1.1" 200 826 "-" "Mozilla/5.0 (compatible; Googlebot/2.1; +http://www.google.com/bot.html)"
65.55.208.136 - - [09/May/2008:20:12:53 -0400] "GET /robots.txt HTTP/1.1" 404 208 "-" "msnbot/1.1 (+http://search.msn.com/msnbot.htm)"
65.55.208.136 - - [09/May/2008:20:12:53 -0400] "GET /?C=S;O=A HTTP/1.1" 200 826 "-" "msnbot/1.1 (+http://search.msn.com/msnbot.htm)"
65.55.208.135 - - [09/May/2008:20:41:34 -0400] "GET /robots.txt HTTP/1.1" 404 208 "-" "msnbot/1.1 (+http://search.msn.com/msnbot.htm)"
65.55.208.135 - - [09/May/2008:20:41:35 -0400] "GET /?C=S;O=D HTTP/1.1" 200 826 "-" "msnbot/1.1 (+http://search.msn.com/msnbot.htm)"
65.55.208.136 - - [09/May/2008:20:44:24 -0400] "GET /?C=D;O=D HTTP/1.1" 200 826 "-" "msnbot/1.1 (+http://search.msn.com/msnbot.htm)"
67.195.37.112 - - [09/May/2008:21:24:54 -0400] "GET /robots.txt HTTP/1.0" 404 208 "-" "Mozilla/5.0 (compatible; Yahoo! Slurp; http://help.yahoo.com/help/us/ysearch/slurp)"
67.195.37.112 - - [09/May/2008:21:24:54 -0400] "GET /?C=M;O=A HTTP/1.0" 200 826 "-" "Mozilla/5.0 (compatible; Yahoo! Slurp/3.0; http://help.yahoo.com/help/us/ysearch/slurp)"
66.249.73.71 - - [09/May/2008:21:43:39 -0400] "GET /?C=N;O=D HTTP/1.1" 200 826 "-" "Mozilla/5.0 (compatible; Googlebot/2.1; +http://www.google.com/bot.html)"
65.55.104.205 - - [09/May/2008:22:04:29 -0400] "GET /robots.txt HTTP/1.1" 404 208 "-" "msnbot/1.1 (+http://search.msn.com/msnbot.htm)"
65.55.104.205 - - [09/May/2008:22:04:29 -0400] "GET / HTTP/1.1" 200 826 "-" "msnbot/1.1 (+http://search.msn.com/msnbot.htm)"
65.55.104.205 - - [09/May/2008:22:05:33 -0400] "GET /?C=M;O=A HTTP/1.1" 200 826 "-" "msnbot/1.1 (+http://search.msn.com/msnbot.htm)"
74.6.24.236 - - [09/May/2008:22:05:49 -0400] "GET / HTTP/1.0" 200 826 "-" "Mozilla/5.0 (compatible; Yahoo! Slurp; http://help.yahoo.com/help/us/ysearch/slurp)"
67.195.37.112 - - [09/May/2008:22:20:22 -0400] "GET / HTTP/1.0" 200 826 "-" "Mozilla/5.0 (compatible; Yahoo! Slurp/3.0; http://help.yahoo.com/help/us/ysearch/slurp)"
67.195.37.112 - - [09/May/2008:23:03:22 -0400] "GET /?C=D;O=A HTTP/1.0" 200 826 "-" "Mozilla/5.0 (compatible; Yahoo! Slurp/3.0; http://help.yahoo.com/help/us/ysearch/slurp)"
217.172.44.82 - - [09/May/2008:23:47:06 -0400] "GET /robots.txt HTTP/1.1" 404 208 "-" "portscout/0.7.4"
217.172.44.82 - - [09/May/2008:23:47:06 -0400] "GET /NoteBook/releases/ HTTP/1.1" 200 860 "-" "portscout/0.7.4"
213.144.15.38 - - [09/May/2008:23:47:52 -0400] "GET /robots.txt HTTP/1.0" 404 208 "-" "larbin_2.6.3 (larbin2.6.3@unspecified.mail)"
213.144.15.38 - - [10/May/2008:00:10:46 -0400] "GET /NoteBook/ HTTP/1.0" 200 809 "-" ""
213.144.15.38 - - [10/May/2008:00:34:36 -0400] "GET /access.log HTTP/1.0" 200 330474 "-" ""
65.55.208.121 - - [10/May/2008:01:57:03 -0400] "GET /?C=N;O=D HTTP/1.1" 200 826 "-" "msnbot/1.1 (+http://search.msn.com/msnbot.htm)"
80.237.209.89 - - [10/May/2008:02:46:24 -0400] "GET /robots.txt HTTP/1.0" 404 208 "-" "Acoon-Robot 4.0.2.17 (http://www.acoon.de)"
80.237.209.89 - - [10/May/2008:02:46:25 -0400] "GET / HTTP/1.0" 200 826 "-" "Acoon-Robot 4.0.2.17 (http://www.acoon.de)"
67.195.37.112 - - [10/May/2008:03:12:54 -0400] "GET /robots.txt HTTP/1.0" 404 208 "-" "Mozilla/5.0 (compatible; Yahoo! Slurp; http://help.yahoo.com/help/us/ysearch/slurp)"
67.195.37.112 - - [10/May/2008:03:12:55 -0400] "GET /?C=M;O=D HTTP/1.0" 200 826 "-" "Mozilla/5.0 (compatible; Yahoo! Slurp/3.0; http://help.yahoo.com/help/us/ysearch/slurp)"
65.55.208.137 - - [10/May/2008:03:49:07 -0400] "GET /access.log HTTP/1.1" 200 331297 "-" "msnbot/1.1 (+http://search.msn.com/msnbot.htm)"
194.114.62.68 - - [10/May/2008:05:04:03 -0400] "GET /access.log HTTP/1.1" 200 331435 "http://www.google.com/search?hl=en&q=filetype%3Alog+access.log+-CVS&btnG=Search" "Mozilla/4.0 (compatible; MSIE 7.0; Windows NT 5.1; .NET CLR 2.0.50727)"
65.55.104.155 - - [10/May/2008:07:21:30 -0400] "GET /robots.txt HTTP/1.1" 404 208 "-" "msnbot/1.1 (+http://search.msn.com/msnbot.htm)"
65.55.104.155 - - [10/May/2008:07:21:30 -0400] "GET /?C=M;O=A HTTP/1.1" 200 826 "-" "msnbot/1.1 (+http://search.msn.com/msnbot.htm)"
63.225.19.241 - - [10/May/2008:07:29:45 -0400] "GET /robots.txt HTTP/1.0" 404 208 "-" "Gigabot/1.0"
63.225.19.241 - - [10/May/2008:07:29:45 -0400] "GET / HTTP/1.0" 200 826 "-" "Gigabot/1.0"
74.6.17.167 - - [10/May/2008:07:48:30 -0400] "GET /robots.txt HTTP/1.0" 404 208 "-" "Mozilla/5.0 (compatible; Yahoo! Slurp; http://help.yahoo.com/help/us/ysearch/slurp)"
72.30.179.226 - - [10/May/2008:07:48:30 -0400] "GET /?C=M;O=A HTTP/1.0" 200 826 "-" "Mozilla/5.0 (compatible; Yahoo! Slurp; http://help.yahoo.com/help/us/ysearch/slurp)"
65.55.104.155 - - [10/May/2008:07:57:41 -0400] "GET /?C=N;O=D HTTP/1.1" 200 826 "-" "msnbot/1.1 (+http://search.msn.com/msnbot.htm)"
74.6.22.216 - - [10/May/2008:08:13:23 -0400] "GET /access.log HTTP/1.0" 200 332606 "-" "Mozilla/5.0 (compatible; Yahoo! Slurp; http://help.yahoo.com/help/us/ysearch/slurp)"
65.55.104.155 - - [10/May/2008:09:40:10 -0400] "GET /?C=M;O=D HTTP/1.1" 200 826 "-" "msnbot/1.1 (+http://search.msn.com/msnbot.htm)"
213.96.214.72 - - [10/May/2008:10:25:34 -0400] "GET / HTTP/1.1" 200 826 "http://livecd.gnustep.org/" "Mozilla/4.0 (compatible; MSIE 7.0; Windows NT 5.1)"
218.28.88.99 - - [10/May/2008:11:05:29 -0400] "GET / HTTP/1.1" 200 826 "-" "Mozilla/3.0 (compatible; Indy Library)"
74.6.17.167 - - [10/May/2008:11:58:42 -0400] "GET /robots.txt HTTP/1.0" 404 208 "-" "Mozilla/5.0 (compatible; Yahoo! Slurp; http://help.yahoo.com/help/us/ysearch/slurp)"
74.6.29.115 - - [10/May/2008:11:58:42 -0400] "GET /?C=M;O=D HTTP/1.0" 200 826 "-" "Mozilla/5.0 (compatible; Yahoo! Slurp; http://help.yahoo.com/help/us/ysearch/slurp)"
89.122.29.39 - - [10/May/2008:11:58:59 -0400] "GET / HTTP/1.1" 200 826 "http://livecd.gnustep.org/" "Mozilla/4.0 (compatible; MSIE 6.0; Windows NT 5.1; SV1; .NET CLR 2.0.50727)"
89.122.29.39 - - [10/May/2008:12:11:50 -0400] "GET / HTTP/1.1" 200 826 "http://livecd.gnustep.org/" "Mozilla/4.0 (compatible; MSIE 6.0; Windows NT 5.1; SV1; .NET CLR 2.0.50727)"
74.6.19.223 - - [10/May/2008:13:37:48 -0400] "GET /robots.txt HTTP/1.0" 404 208 "-" "Mozilla/5.0 (compatible; Yahoo! Slurp; http://help.yahoo.com/help/us/ysearch/slurp)"
67.195.52.27 - - [10/May/2008:13:37:48 -0400] "GET / HTTP/1.0" 200 826 "-" "Mozilla/5.0 (compatible; Yahoo! Slurp; http://help.yahoo.com/help/us/ysearch/slurp)"
67.195.37.112 - - [10/May/2008:14:15:18 -0400] "GET /robots.txt HTTP/1.0" 404 208 "-" "Mozilla/5.0 (compatible; Yahoo! Slurp; http://help.yahoo.com/help/us/ysearch/slurp)"
67.195.37.112 - - [10/May/2008:14:15:18 -0400] "GET /NoteBook/releases/?C=D;O=A HTTP/1.0" 200 860 "-" "Mozilla/5.0 (compatible; Yahoo! Slurp/3.0; http://help.yahoo.com/help/us/ysearch/slurp)"
211.74.229.59 - - [10/May/2008:14:42:32 -0400] "GET / HTTP/1.1" 200 826 "-" "Mozilla/4.0 (compatible; MSIE 6.0; Windows NT 5.0; .NET CLR 1.0.3705)"
66.249.73.71 - - [10/May/2008:16:10:38 -0400] "GET /robots.txt HTTP/1.1" 404 208 "-" "Mozilla/5.0 (compatible; Googlebot/2.1; +http://www.google.com/bot.html)"
66.249.73.71 - - [10/May/2008:16:10:38 -0400] "GET /?C=S;O=D HTTP/1.1" 200 826 "-" "Mozilla/5.0 (compatible; Googlebot/2.1; +http://www.google.com/bot.html)"
74.6.24.234 - - [10/May/2008:16:15:00 -0400] "GET /?C=S;O=A HTTP/1.0" 200 826 "-" "Mozilla/5.0 (compatible; Yahoo! Slurp; http://help.yahoo.com/help/us/ysearch/slurp)"
74.6.19.32 - - [10/May/2008:16:22:29 -0400] "GET /?C=N;O=D HTTP/1.0" 200 826 "-" "Mozilla/5.0 (compatible; Yahoo! Slurp; http://help.yahoo.com/help/us/ysearch/slurp)"
67.195.52.35 - - [10/May/2008:16:27:22 -0400] "GET /?C=S;O=A HTTP/1.0" 200 826 "-" "Mozilla/5.0 (compatible; Yahoo! Slurp; http://help.yahoo.com/help/us/ysearch/slurp)"
72.30.216.106 - - [10/May/2008:16:43:11 -0400] "GET / HTTP/1.0" 200 826 "-" "Mozilla/5.0 (compatible; Yahoo! Slurp; http://help.yahoo.com/help/us/ysearch/slurp)"
74.6.16.228 - - [10/May/2008:16:46:33 -0400] "GET /?C=S;O=D HTTP/1.0" 200 826 "-" "Mozilla/5.0 (compatible; Yahoo! Slurp; http://help.yahoo.com/help/us/ysearch/slurp)"
67.195.52.122 - - [10/May/2008:17:03:30 -0400] "GET /access.log HTTP/1.0" 200 335871 "-" "Mozilla/5.0 (compatible; Yahoo! Slurp; http://help.yahoo.com/help/us/ysearch/slurp)"
66.249.73.71 - - [10/May/2008:17:16:51 -0400] "GET /?C=M;O=A HTTP/1.1" 200 826 "-" "Mozilla/5.0 (compatible; Googlebot/2.1; +http://www.google.com/bot.html)"
74.6.16.166 - - [10/May/2008:17:35:04 -0400] "GET /?C=N;O=A HTTP/1.0" 200 826 "-" "Mozilla/5.0 (compatible; Yahoo! Slurp; http://help.yahoo.com/help/us/ysearch/slurp)"
74.6.20.113 - - [10/May/2008:18:26:24 -0400] "GET /?C=D;O=A HTTP/1.0" 200 826 "-" "Mozilla/5.0 (compatible; Yahoo! Slurp; http://help.yahoo.com/help/us/ysearch/slurp)"
67.195.52.39 - - [10/May/2008:18:41:15 -0400] "GET /?C=D;O=A HTTP/1.0" 200 826 "-" "Mozilla/5.0 (compatible; Yahoo! Slurp; http://help.yahoo.com/help/us/ysearch/slurp)"
67.195.51.153 - - [10/May/2008:19:39:33 -0400] "GET /NoteBook/?C=D;O=A HTTP/1.0" 200 809 "-" "Mozilla/5.0 (compatible; Yahoo! Slurp; http://help.yahoo.com/help/us/ysearch/slurp)"
66.249.73.71 - - [10/May/2008:19:41:17 -0400] "GET /NoteBook/ HTTP/1.1" 200 809 "-" "Mozilla/5.0 (compatible; Googlebot/2.1; +http://www.google.com/bot.html)"
67.195.51.177 - - [10/May/2008:19:43:23 -0400] "GET /NoteBook/?C=S;O=A HTTP/1.0" 200 809 "-" "Mozilla/5.0 (compatible; Yahoo! Slurp; http://help.yahoo.com/help/us/ysearch/slurp)"
74.6.27.24 - - [10/May/2008:20:01:24 -0400] "GET /?C=D;O=D HTTP/1.0" 200 826 "-" "Mozilla/5.0 (compatible; Yahoo! Slurp; http://help.yahoo.com/help/us/ysearch/slurp)"
65.55.208.134 - - [10/May/2008:21:12:13 -0400] "GET /robots.txt HTTP/1.1" 404 208 "-" "msnbot/1.1 (+http://search.msn.com/msnbot.htm)"
65.55.208.134 - - [10/May/2008:21:12:13 -0400] "GET / HTTP/1.1" 200 826 "-" "msnbot/1.1 (+http://search.msn.com/msnbot.htm)"
66.249.73.71 - - [10/May/2008:22:05:51 -0400] "GET /NoteBook/?C=N;O=A HTTP/1.1" 200 809 "-" "Mozilla/5.0 (compatible; Googlebot/2.1; +http://www.google.com/bot.html)"
74.6.17.167 - - [10/May/2008:22:08:53 -0400] "GET /robots.txt HTTP/1.0" 404 208 "-" "Mozilla/5.0 (compatible; Yahoo! Slurp; http://help.yahoo.com/help/us/ysearch/slurp)"
74.6.24.236 - - [10/May/2008:22:08:53 -0400] "GET / HTTP/1.0" 200 826 "-" "Mozilla/5.0 (compatible; Yahoo! Slurp; http://help.yahoo.com/help/us/ysearch/slurp)"
61.135.166.85 - - [10/May/2008:22:22:51 -0400] "GET /robots.txt HTTP/1.1" 404 208 "-" "Baiduspider+(+http://www.baidu.com/search/spider.htm)"
74.6.19.223 - - [11/May/2008:00:24:54 -0400] "GET /robots.txt HTTP/1.0" 404 208 "-" "Mozilla/5.0 (compatible; Yahoo! Slurp; http://help.yahoo.com/help/us/ysearch/slurp)"
67.195.51.161 - - [11/May/2008:00:24:54 -0400] "GET /NoteBook/?C=N;O=D HTTP/1.0" 200 809 "-" "Mozilla/5.0 (compatible; Yahoo! Slurp; http://help.yahoo.com/help/us/ysearch/slurp)"
67.195.37.112 - - [11/May/2008:00:41:13 -0400] "GET /robots.txt HTTP/1.0" 404 208 "-" "Mozilla/5.0 (compatible; Yahoo! Slurp; http://help.yahoo.com/help/us/ysearch/slurp)"
67.195.37.112 - - [11/May/2008:00:41:13 -0400] "GET / HTTP/1.0" 200 826 "-" "Mozilla/5.0 (compatible; Yahoo! Slurp/3.0; http://help.yahoo.com/help/us/ysearch/slurp)"
128.189.175.153 - - [11/May/2008:00:59:02 -0400] "GET /screenshots/NoteBook-tip-Win32.png HTTP/1.1" 404 232 "http://gnustep.blogspot.com/2006/02/screenshots-of-gnustep-on-windows-xp.html" "Mozilla/5.0 (Macintosh; U; Intel Mac OS X 10_5_2; en-us) AppleWebKit/525.18 (KHTML, like Gecko) Version/3.1.1 Safari/525.18"
128.189.175.153 - - [11/May/2008:00:59:02 -0400] "GET /favicon.ico HTTP/1.1" 404 209 "http://notebook.cowgar.com/screenshots/NoteBook-tip-Win32.png" "Mozilla/5.0 (Macintosh; U; Intel Mac OS X 10_5_2; en-us) AppleWebKit/525.18 (KHTML, like Gecko) Version/3.1.1 Safari/525.18"
217.172.44.82 - - [11/May/2008:02:02:50 -0400] "GET /robots.txt HTTP/1.1" 404 208 "-" "portscout/0.7.4"
217.172.44.82 - - [11/May/2008:02:02:50 -0400] "GET /NoteBook/releases/ HTTP/1.1" 200 860 "-" "portscout/0.7.4"
65.55.25.136 - - [11/May/2008:02:04:09 -0400] "GET /robots.txt HTTP/1.1" 404 208 "-" "msnbot/1.1 (+http://search.msn.com/msnbot.htm)"
65.55.25.136 - - [11/May/2008:02:04:09 -0400] "GET /NoteBook/ HTTP/1.1" 200 809 "-" "msnbot/1.1 (+http://search.msn.com/msnbot.htm)"
65.55.25.136 - - [11/May/2008:03:12:59 -0400] "GET / HTTP/1.1" 200 826 "-" "msnbot/1.1 (+http://search.msn.com/msnbot.htm)"
74.6.17.167 - - [11/May/2008:03:45:04 -0400] "GET /robots.txt HTTP/1.0" 404 208 "-" "Mozilla/5.0 (compatible; Yahoo! Slurp; http://help.yahoo.com/help/us/ysearch/slurp)"
74.6.11.223 - - [11/May/2008:03:45:05 -0400] "GET /NoteBook/ HTTP/1.0" 200 809 "-" "Mozilla/5.0 (compatible; Yahoo! Slurp; http://help.yahoo.com/help/us/ysearch/slurp)"
74.6.18.119 - - [11/May/2008:03:47:31 -0400] "GET /NoteBook/releases/ HTTP/1.0" 200 860 "-" "Mozilla/5.0 (compatible; Yahoo! Slurp; http://help.yahoo.com/help/us/ysearch/slurp)"
67.195.52.105 - - [11/May/2008:05:38:30 -0400] "GET /?C=M;O=A HTTP/1.0" 200 826 "-" "Mozilla/5.0 (compatible; Yahoo! Slurp; http://help.yahoo.com/help/us/ysearch/slurp)"
80.237.209.89 - - [11/May/2008:09:01:50 -0400] "GET /robots.txt HTTP/1.0" 404 208 "-" "Acoon-Robot 4.0.2.17 (http://www.acoon.de)"
80.237.209.89 - - [11/May/2008:09:01:50 -0400] "GET /access.log HTTP/1.0" 200 340993 "-" "Acoon-Robot 4.0.2.17 (http://www.acoon.de)"
74.6.17.167 - - [11/May/2008:09:19:49 -0400] "GET /robots.txt HTTP/1.0" 404 208 "-" "Mozilla/5.0 (compatible; Yahoo! Slurp; http://help.yahoo.com/help/us/ysearch/slurp)"
74.6.22.216 - - [11/May/2008:09:19:50 -0400] "GET /access.log HTTP/1.0" 200 341297 "-" "Mozilla/5.0 (compatible; Yahoo! Slurp; http://help.yahoo.com/help/us/ysearch/slurp)"
66.249.73.71 - - [11/May/2008:09:49:51 -0400] "GET /robots.txt HTTP/1.1" 404 208 "-" "Mozilla/5.0 (compatible; Googlebot/2.1; +http://www.google.com/bot.html)"
66.249.73.71 - - [11/May/2008:09:49:51 -0400] "GET /sycezuen.html HTTP/1.1" 404 211 "-" "Mozilla/5.0 (compatible; Googlebot/2.1; +http://www.google.com/bot.html)"
72.30.179.226 - - [11/May/2008:10:52:07 -0400] "GET /NoteBook/releases/?C=D;O=A HTTP/1.0" 200 860 "-" "Mozilla/5.0 (compatible; Yahoo! Slurp; http://help.yahoo.com/help/us/ysearch/slurp)"
203.189.37.230 - - [11/May/2008:11:42:01 -0400] "GET / HTTP/1.0" 200 826 "http://io.debian.net/~tar/gnustep/" "Java(TM) 2 Runtime Environment, Standard Edition"
74.6.29.115 - - [11/May/2008:12:01:00 -0400] "GET /?C=M;O=D HTTP/1.0" 200 826 "-" "Mozilla/5.0 (compatible; Yahoo! Slurp; http://help.yahoo.com/help/us/ysearch/slurp)"
208.96.54.68 - - [11/May/2008:12:35:01 -0400] "GET /robots.txt HTTP/1.1" 404 208 "-" "Mozilla/5.0 (compatible; discobot/1.0; +http://discoveryengine.com/discobot.html)"
74.6.26.188 - - [11/May/2008:14:11:51 -0400] "GET /NoteBook/?C=M;O=A HTTP/1.0" 200 809 "-" "Mozilla/5.0 (compatible; Yahoo! Slurp; http://help.yahoo.com/help/us/ysearch/slurp)"
74.6.19.223 - - [11/May/2008:14:21:37 -0400] "GET /robots.txt HTTP/1.0" 404 208 "-" "Mozilla/5.0 (compatible; Yahoo! Slurp; http://help.yahoo.com/help/us/ysearch/slurp)"
67.195.52.27 - - [11/May/2008:14:21:37 -0400] "GET / HTTP/1.0" 200 826 "-" "Mozilla/5.0 (compatible; Yahoo! Slurp; http://help.yahoo.com/help/us/ysearch/slurp)"
164.76.243.244 - - [11/May/2008:14:48:07 -0400] "GET /NoteBook/releases/NoteBook-0.3.tar.gz HTTP/1.1" 200 30612 "-" "fetch libfetch/2.0"
68.122.249.34 - - [11/May/2008:16:00:06 -0400] "GET /access.log HTTP/1.1" 200 343124 "http://www.google.com/search?hl=en&q=221.194.136.37+bot" "Mozilla/4.0 (compatible; MSIE 6.0; Windows NT 5.2; SV1; Mozilla/4.0 (compatible; MSIE 6.0; Windows NT 5.1; SV1) ; .NET CLR 1.1.4322; .NET CLR 2.0.50727)"
74.6.24.234 - - [11/May/2008:16:17:02 -0400] "GET /?C=S;O=A HTTP/1.0" 200 826 "-" "Mozilla/5.0 (compatible; Yahoo! Slurp; http://help.yahoo.com/help/us/ysearch/slurp)"
74.6.19.32 - - [11/May/2008:16:25:49 -0400] "GET /?C=N;O=D HTTP/1.0" 200 826 "-" "Mozilla/5.0 (compatible; Yahoo! Slurp; http://help.yahoo.com/help/us/ysearch/slurp)"
74.6.16.228 - - [11/May/2008:16:49:21 -0400] "GET /?C=S;O=D HTTP/1.0" 200 826 "-" "Mozilla/5.0 (compatible; Yahoo! Slurp; http://help.yahoo.com/help/us/ysearch/slurp)"
67.195.52.122 - - [11/May/2008:17:05:38 -0400] "GET /access.log HTTP/1.0" 200 343925 "-" "Mozilla/5.0 (compatible; Yahoo! Slurp; http://help.yahoo.com/help/us/ysearch/slurp)"
65.55.208.119 - - [11/May/2008:17:31:22 -0400] "GET /robots.txt HTTP/1.1" 404 208 "-" "msnbot/1.1 (+http://search.msn.com/msnbot.htm)"
65.55.208.119 - - [11/May/2008:17:31:22 -0400] "GET /?C=M;O=A HTTP/1.1" 200 826 "-" "msnbot/1.1 (+http://search.msn.com/msnbot.htm)"
74.6.16.166 - - [11/May/2008:17:40:16 -0400] "GET /?C=N;O=A HTTP/1.0" 200 826 "-" "Mozilla/5.0 (compatible; Yahoo! Slurp; http://help.yahoo.com/help/us/ysearch/slurp)"
74.6.17.166 - - [11/May/2008:18:38:04 -0400] "GET /robots.txt HTTP/1.0" 404 208 "-" "Mozilla/5.0 (compatible; Yahoo! Slurp; http://help.yahoo.com/help/us/ysearch/slurp)"
74.6.20.113 - - [11/May/2008:18:38:05 -0400] "GET /?C=D;O=A HTTP/1.0" 200 826 "-" "Mozilla/5.0 (compatible; Yahoo! Slurp; http://help.yahoo.com/help/us/ysearch/slurp)"
74.6.11.228 - - [11/May/2008:18:49:04 -0400] "GET /NoteBook/?C=D;O=A HTTP/1.0" 200 809 "-" "Mozilla/5.0 (compatible; Yahoo! Slurp; http://help.yahoo.com/help/us/ysearch/slurp)"
67.195.52.35 - - [11/May/2008:19:13:06 -0400] "GET /?C=S;O=A HTTP/1.0" 200 826 "-" "Mozilla/5.0 (compatible; Yahoo! Slurp; http://help.yahoo.com/help/us/ysearch/slurp)"
67.195.52.39 - - [11/May/2008:19:40:47 -0400] "GET /?C=D;O=A HTTP/1.0" 200 826 "-" "Mozilla/5.0 (compatible; Yahoo! Slurp; http://help.yahoo.com/help/us/ysearch/slurp)"
74.6.17.167 - - [11/May/2008:20:14:57 -0400] "GET /robots.txt HTTP/1.0" 404 208 "-" "Mozilla/5.0 (compatible; Yahoo! Slurp; http://help.yahoo.com/help/us/ysearch/slurp)"
74.6.27.24 - - [11/May/2008:20:14:58 -0400] "GET /?C=D;O=D HTTP/1.0" 200 826 "-" "Mozilla/5.0 (compatible; Yahoo! Slurp; http://help.yahoo.com/help/us/ysearch/slurp)"
67.195.51.162 - - [11/May/2008:20:20:28 -0400] "GET /NoteBook/?C=M;O=A HTTP/1.0" 200 809 "-" "Mozilla/5.0 (compatible; Yahoo! Slurp; http://help.yahoo.com/help/us/ysearch/slurp)"
65.55.208.137 - - [11/May/2008:20:29:40 -0400] "GET /robots.txt HTTP/1.1" 404 208 "-" "msnbot/1.1 (+http://search.msn.com/msnbot.htm)"
65.55.208.137 - - [11/May/2008:20:29:41 -0400] "GET /?C=D;O=A HTTP/1.1" 200 826 "-" "msnbot/1.1 (+http://search.msn.com/msnbot.htm)"
77.88.22.113 - - [11/May/2008:20:43:01 -0400] "GET / HTTP/1.1" 200 826 "-" "Yandex/1.01.001 (compatible; Win16; H)"
77.88.22.113 - - [11/May/2008:20:43:01 -0400] "GET /robots.txt HTTP/1.1" 404 208 "-" "Yandex/1.01.001 (compatible; Win16; H)"
89.122.29.122 - - [11/May/2008:20:43:58 -0400] "GET / HTTP/1.1" 200 826 "http://www.gnustep.org/experience/apps.html" "Mozilla/4.0 (compatible; MSIE 6.0; Windows NT 5.1; SV1; .NET CLR 2.0.50727)"
65.55.208.119 - - [11/May/2008:21:25:55 -0400] "GET /?C=M;O=D HTTP/1.1" 200 826 "-" "msnbot/1.1 (+http://search.msn.com/msnbot.htm)"
208.96.54.74 - - [11/May/2008:22:00:45 -0400] "GET / HTTP/1.1" 200 826 "-" "Mozilla/5.0 (compatible; discobot/1.0; +http://discoveryengine.com/discobot.html)"
74.6.17.167 - - [11/May/2008:22:11:43 -0400] "GET /robots.txt HTTP/1.0" 404 208 "-" "Mozilla/5.0 (compatible; Yahoo! Slurp; http://help.yahoo.com/help/us/ysearch/slurp)"
74.6.24.236 - - [11/May/2008:22:11:44 -0400] "GET / HTTP/1.0" 200 826 "-" "Mozilla/5.0 (compatible; Yahoo! Slurp; http://help.yahoo.com/help/us/ysearch/slurp)"
64.1.215.163 - - [11/May/2008:22:39:07 -0400] "GET /robots.txt HTTP/1.0" 404 208 "-" "Mozilla/5.0 (Twiceler-0.9 http://www.cuill.com/twiceler/robot.html)"
65.55.208.134 - - [11/May/2008:23:35:22 -0400] "GET /robots.txt HTTP/1.1" 404 208 "-" "msnbot/1.1 (+http://search.msn.com/msnbot.htm)"
65.55.208.134 - - [11/May/2008:23:35:22 -0400] "GET /NoteBook/releases/?C=D;O=A HTTP/1.1" 200 860 "-" "msnbot/1.1 (+http://search.msn.com/msnbot.htm)"
65.55.208.121 - - [11/May/2008:23:40:57 -0400] "GET /robots.txt HTTP/1.1" 404 208 "-" "msnbot/1.1 (+http://search.msn.com/msnbot.htm)"
65.55.208.121 - - [11/May/2008:23:40:58 -0400] "GET /?C=N;O=A HTTP/1.1" 200 826 "-" "msnbot/1.1 (+http://search.msn.com/msnbot.htm)"
65.55.208.135 - - [11/May/2008:23:50:03 -0400] "GET /robots.txt HTTP/1.1" 404 208 "-" "msnbot/1.1 (+http://search.msn.com/msnbot.htm)"
65.55.208.135 - - [11/May/2008:23:50:03 -0400] "GET /?C=S;O=D HTTP/1.1" 200 826 "-" "msnbot/1.1 (+http://search.msn.com/msnbot.htm)"
134.155.86.50 - - [12/May/2008:00:06:14 -0400] "GET /access.log HTTP/1.0" 200 348210 "-" "Wget/1.10.2"
164.76.243.212 - - [12/May/2008:00:10:10 -0400] "GET /NoteBook/releases/NoteBook-0.3.tar.gz HTTP/1.1" 200 30612 "-" "fetch libfetch/2.0"
217.172.44.82 - - [12/May/2008:00:11:00 -0400] "GET /robots.txt HTTP/1.1" 404 208 "-" "portscout/0.7.4"
217.172.44.82 - - [12/May/2008:00:11:01 -0400] "GET /NoteBook/releases/ HTTP/1.1" 200 860 "-" "portscout/0.7.4"
65.55.208.123 - - [12/May/2008:01:04:30 -0400] "GET /robots.txt HTTP/1.1" 404 208 "-" "msnbot/1.1 (+http://search.msn.com/msnbot.htm)"
65.55.208.123 - - [12/May/2008:01:04:30 -0400] "GET /NoteBook/releases/?C=M;O=A HTTP/1.1" 200 860 "-" "msnbot/1.1 (+http://search.msn.com/msnbot.htm)"
65.55.208.136 - - [12/May/2008:01:20:58 -0400] "GET /robots.txt HTTP/1.1" 404 208 "-" "msnbot/1.1 (+http://search.msn.com/msnbot.htm)"
65.55.208.136 - - [12/May/2008:01:20:59 -0400] "GET /?C=S;O=A HTTP/1.1" 200 826 "-" "msnbot/1.1 (+http://search.msn.com/msnbot.htm)"
65.55.208.136 - - [12/May/2008:01:25:44 -0400] "GET /?C=D;O=D HTTP/1.1" 200 826 "-" "msnbot/1.1 (+http://search.msn.com/msnbot.htm)"
