67.195.37.187 - - [02/May/2008:07:34:28 -0400] "GET / HTTP/1.0" 200 826 "-" "Mozilla/5.0 (compatible; Yahoo! Slurp/3.0; http://help.yahoo.com/help/us/ysearch/slurp)"
66.249.67.234 - - [02/May/2008:08:55:32 -0400] "GET /NoteBook/?C=N;O=A HTTP/1.1" 200 809 "-" "Mozilla/5.0 (compatible; Googlebot/2.1; +http://www.google.com/bot.html)"
74.6.20.113 - - [02/May/2008:09:06:52 -0400] "GET /?C=D;O=A HTTP/1.0" 200 826 "-" "Mozilla/5.0 (compatible; Yahoo! Slurp; http://help.yahoo.com/help/us/ysearch/slurp)"
74.6.17.166 - - [02/May/2008:09:19:29 -0400] "GET /robots.txt HTTP/1.0" 404 208 "-" "Mozilla/5.0 (compatible; Yahoo! Slurp; http://help.yahoo.com/help/us/ysearch/slurp)"
74.6.29.115 - - [02/May/2008:09:19:29 -0400] "GET /?C=M;O=D HTTP/1.0" 200 826 "-" "Mozilla/5.0 (compatible; Yahoo! Slurp; http://help.yahoo.com/help/us/ysearch/slurp)"
63.225.19.241 - - [02/May/2008:09:39:14 -0400] "GET /robots.txt HTTP/1.0" 404 208 "-" "Gigabot/1.0"
63.225.19.241 - - [02/May/2008:09:39:14 -0400] "GET / HTTP/1.0" 200 826 "-" "Gigabot/1.0"
65.55.208.134 - - [02/May/2008:10:47:36 -0400] "GET /robots.txt HTTP/1.1" 404 208 "-" "msnbot/1.1 (+http://search.msn.com/msnbot.htm)"
65.55.208.134 - - [02/May/2008:10:47:36 -0400] "GET / HTTP/1.1" 200 826 "-" "msnbot/1.1 (+http://search.msn.com/msnbot.htm)"
65.55.208.121 - - [02/May/2008:11:37:57 -0400] "GET /robots.txt HTTP/1.1" 404 208 "-" "msnbot/1.1 (+http://search.msn.com/msnbot.htm)"
65.55.208.121 - - [02/May/2008:11:37:57 -0400] "GET /?C=N;O=D HTTP/1.1" 200 826 "-" "msnbot/1.1 (+http://search.msn.com/msnbot.htm)"
91.89.172.224 - - [02/May/2008:11:50:30 -0400] "GET /access.log HTTP/1.1" 200 201224 "http://www.google.de/search?hl=de&q=218.28.88.99+bot&meta=" "Mozilla/4.0 (compatible; MSIE 7.0; Windows NT 5.1; .NET CLR 1.1.4322; Alexa Toolbar)"
86.221.75.212 - - [02/May/2008:13:17:05 -0400] "GET /NoteBook/releases/NoteBook-0.3.tar.gz HTTP/1.1" 200 30612 "-" "fetch libfetch/2.0"
72.232.237.202 - - [02/May/2008:14:00:59 -0400] "GET / HTTP/1.0" 200 826 "-" "-"
74.6.23.237 - - [02/May/2008:14:05:54 -0400] "GET /robots.txt HTTP/1.0" 404 208 "-" "Mozilla/5.0 (compatible; Yahoo! Slurp; http://help.yahoo.com/help/us/ysearch/slurp)"
67.195.51.185 - - [02/May/2008:14:05:54 -0400] "GET /?C=S;O=D HTTP/1.0" 200 826 "-" "Mozilla/5.0 (compatible; Yahoo! Slurp; http://help.yahoo.com/help/us/ysearch/slurp)"
206.116.54.128 - - [02/May/2008:15:28:08 -0400] "GET /NoteBook/releases/NoteBook-0.3.tar.gz HTTP/1.1" 200 30612 "-" "fetch libfetch/2.0"
74.6.17.167 - - [02/May/2008:15:51:30 -0400] "GET /robots.txt HTTP/1.0" 404 208 "-" "Mozilla/5.0 (compatible; Yahoo! Slurp; http://help.yahoo.com/help/us/ysearch/slurp)"
74.6.24.234 - - [02/May/2008:15:51:31 -0400] "GET /?C=S;O=A HTTP/1.0" 200 826 "-" "Mozilla/5.0 (compatible; Yahoo! Slurp; http://help.yahoo.com/help/us/ysearch/slurp)"
74.6.11.228 - - [02/May/2008:15:56:39 -0400] "GET /NoteBook/?C=D;O=A HTTP/1.0" 200 809 "-" "Mozilla/5.0 (compatible; Yahoo! Slurp; http://help.yahoo.com/help/us/ysearch/slurp)"
63.225.19.241 - - [02/May/2008:16:07:30 -0400] "GET /robots.txt HTTP/1.0" 404 208 "-" "Gigabot/1.0"
63.225.19.241 - - [02/May/2008:16:07:31 -0400] "GET / HTTP/1.0" 200 826 "-" "Gigabot/1.0"
74.6.17.167 - - [02/May/2008:19:47:49 -0400] "GET /robots.txt HTTP/1.0" 404 208 "-" "Mozilla/5.0 (compatible; Yahoo! Slurp; http://help.yahoo.com/help/us/ysearch/slurp)"
74.6.16.228 - - [02/May/2008:19:47:50 -0400] "GET /?C=S;O=D HTTP/1.0" 200 826 "-" "Mozilla/5.0 (compatible; Yahoo! Slurp; http://help.yahoo.com/help/us/ysearch/slurp)"
70.231.252.6 - - [02/May/2008:22:04:15 -0400] "GET / HTTP/1.1" 200 826 "http://www.gnustep.org/experience/apps.html" "Mozilla/5.0 (Macintosh; U; PPC Mac OS X; en-us) AppleWebKit/523.10.3 (KHTML, like Gecko) Version/3.0.4 Safari/523.10"
70.231.252.6 - - [02/May/2008:22:04:15 -0400] "GET /icons/folder.gif HTTP/1.1" 200 225 "http://notebook.cowgar.com/" "Mozilla/5.0 (Macintosh; U; PPC Mac OS X; en-us) AppleWebKit/523.10.3 (KHTML, like Gecko) Version/3.0.4 Safari/523.10"
70.231.252.6 - - [02/May/2008:22:04:15 -0400] "GET /icons/unknown.gif HTTP/1.1" 200 245 "http://notebook.cowgar.com/" "Mozilla/5.0 (Macintosh; U; PPC Mac OS X; en-us) AppleWebKit/523.10.3 (KHTML, like Gecko) Version/3.0.4 Safari/523.10"
70.231.252.6 - - [02/May/2008:22:04:15 -0400] "GET /favicon.ico HTTP/1.1" 404 209 "http://notebook.cowgar.com/" "Mozilla/5.0 (Macintosh; U; PPC Mac OS X; en-us) AppleWebKit/523.10.3 (KHTML, like Gecko) Version/3.0.4 Safari/523.10"
70.231.252.6 - - [02/May/2008:22:04:15 -0400] "GET /icons/blank.gif HTTP/1.1" 200 148 "http://notebook.cowgar.com/" "Mozilla/5.0 (Macintosh; U; PPC Mac OS X; en-us) AppleWebKit/523.10.3 (KHTML, like Gecko) Version/3.0.4 Safari/523.10"
70.231.252.6 - - [02/May/2008:22:04:18 -0400] "GET /NoteBook/ HTTP/1.1" 200 809 "http://notebook.cowgar.com/" "Mozilla/5.0 (Macintosh; U; PPC Mac OS X; en-us) AppleWebKit/523.10.3 (KHTML, like Gecko) Version/3.0.4 Safari/523.10"
70.231.252.6 - - [02/May/2008:22:04:18 -0400] "GET /icons/back.gif HTTP/1.1" 200 216 "http://notebook.cowgar.com/NoteBook/" "Mozilla/5.0 (Macintosh; U; PPC Mac OS X; en-us) AppleWebKit/523.10.3 (KHTML, like Gecko) Version/3.0.4 Safari/523.10"
70.231.252.6 - - [02/May/2008:22:04:19 -0400] "GET /NoteBook/releases/ HTTP/1.1" 200 860 "http://notebook.cowgar.com/NoteBook/" "Mozilla/5.0 (Macintosh; U; PPC Mac OS X; en-us) AppleWebKit/523.10.3 (KHTML, like Gecko) Version/3.0.4 Safari/523.10"
70.231.252.6 - - [02/May/2008:22:04:19 -0400] "GET /icons/compressed.gif HTTP/1.1" 200 1038 "http://notebook.cowgar.com/NoteBook/releases/" "Mozilla/5.0 (Macintosh; U; PPC Mac OS X; en-us) AppleWebKit/523.10.3 (KHTML, like Gecko) Version/3.0.4 Safari/523.10"
70.231.252.6 - - [02/May/2008:22:04:21 -0400] "GET /NoteBook/releases/NoteBook-0.3.tar.gz HTTP/1.1" 200 30612 "http://notebook.cowgar.com/NoteBook/releases/" "Mozilla/5.0 (Macintosh; U; PPC Mac OS X; en-us) AppleWebKit/523.10.3 (KHTML, like Gecko) Version/3.0.4 Safari/523.10"
74.6.17.162 - - [02/May/2008:22:13:37 -0400] "GET /robots.txt HTTP/1.0" 404 208 "-" "Mozilla/5.0 (compatible; Yahoo! Slurp; http://help.yahoo.com/help/us/ysearch/slurp)"
74.6.17.254 - - [02/May/2008:22:13:37 -0400] "GET /NoteBook/?C=N;O=D HTTP/1.0" 200 809 "-" "Mozilla/5.0 (compatible; Yahoo! Slurp; http://help.yahoo.com/help/us/ysearch/slurp)"
67.195.37.187 - - [02/May/2008:23:33:07 -0400] "GET /robots.txt HTTP/1.0" 404 208 "-" "Mozilla/5.0 (compatible; Yahoo! Slurp; http://help.yahoo.com/help/us/ysearch/slurp)"
67.195.37.187 - - [02/May/2008:23:33:07 -0400] "GET / HTTP/1.0" 200 826 "-" "Mozilla/5.0 (compatible; Yahoo! Slurp/3.0; http://help.yahoo.com/help/us/ysearch/slurp)"
85.16.55.52 - - [03/May/2008:00:07:27 -0400] "GET /NoteBook/releases/NoteBook-0.3.tar.gz HTTP/1.0" 200 30612 "-" "Wget/1.11.2"
217.172.44.82 - - [03/May/2008:00:19:39 -0400] "GET /robots.txt HTTP/1.1" 404 208 "-" "portscout/0.7.4"
217.172.44.82 - - [03/May/2008:00:19:40 -0400] "GET /NoteBook/releases/ HTTP/1.1" 200 860 "-" "portscout/0.7.4"
74.6.17.162 - - [03/May/2008:03:44:13 -0400] "GET /robots.txt HTTP/1.0" 404 208 "-" "Mozilla/5.0 (compatible; Yahoo! Slurp; http://help.yahoo.com/help/us/ysearch/slurp)"
74.6.19.32 - - [03/May/2008:03:44:14 -0400] "GET /?C=N;O=D HTTP/1.0" 200 826 "-" "Mozilla/5.0 (compatible; Yahoo! Slurp; http://help.yahoo.com/help/us/ysearch/slurp)"
194.72.238.61 - - [03/May/2008:03:53:12 -0400] "HEAD / HTTP/1.1" 200 - "http://www.netcraft.com/survey/" "Mozilla/4.0 (compatible; Netcraft Web Server Survey)"
74.6.23.237 - - [03/May/2008:04:22:32 -0400] "GET /robots.txt HTTP/1.0" 404 208 "-" "Mozilla/5.0 (compatible; Yahoo! Slurp; http://help.yahoo.com/help/us/ysearch/slurp)"
67.195.52.27 - - [03/May/2008:04:22:33 -0400] "GET / HTTP/1.0" 200 826 "-" "Mozilla/5.0 (compatible; Yahoo! Slurp; http://help.yahoo.com/help/us/ysearch/slurp)"
65.55.25.136 - - [03/May/2008:05:00:48 -0400] "GET /robots.txt HTTP/1.1" 404 208 "-" "msnbot/1.1 (+http://search.msn.com/msnbot.htm)"
65.55.25.136 - - [03/May/2008:05:00:48 -0400] "GET / HTTP/1.1" 200 826 "-" "msnbot/1.1 (+http://search.msn.com/msnbot.htm)"
72.30.216.106 - - [03/May/2008:05:17:36 -0400] "GET / HTTP/1.0" 200 826 "-" "Mozilla/5.0 (compatible; Yahoo! Slurp; http://help.yahoo.com/help/us/ysearch/slurp)"
67.195.37.187 - - [03/May/2008:06:25:04 -0400] "GET /robots.txt HTTP/1.0" 404 208 "-" "Mozilla/5.0 (compatible; Yahoo! Slurp; http://help.yahoo.com/help/us/ysearch/slurp)"
67.195.37.187 - - [03/May/2008:06:25:04 -0400] "GET /?C=N;O=D HTTP/1.0" 200 826 "-" "Mozilla/5.0 (compatible; Yahoo! Slurp/3.0; http://help.yahoo.com/help/us/ysearch/slurp)"
67.195.37.187 - - [03/May/2008:06:42:01 -0400] "GET /access.log HTTP/1.0" 200 208246 "-" "Mozilla/5.0 (compatible; Yahoo! Slurp/3.0; http://help.yahoo.com/help/us/ysearch/slurp)"
208.186.134.104 - - [03/May/2008:06:42:20 -0400] "GET / HTTP/1.1" 200 826 "-" "Mozilla/5.0 (Macintosh; U; PPC Mac OS X Mach-O; en-US; rv:1.7a) Gecko/20040614 Firefox/0.9.0+"
208.186.134.104 - - [03/May/2008:06:42:20 -0400] "GET /icons/blank.gif HTTP/1.1" 200 148 "-" "Mozilla/5.0 (Macintosh; U; PPC Mac OS X Mach-O; en-US; rv:1.7a) Gecko/20040614 Firefox/0.9.0+"
208.186.134.104 - - [03/May/2008:06:42:20 -0400] "GET /icons/folder.gif HTTP/1.1" 200 225 "-" "Mozilla/5.0 (Macintosh; U; PPC Mac OS X Mach-O; en-US; rv:1.7a) Gecko/20040614 Firefox/0.9.0+"
208.186.134.104 - - [03/May/2008:06:42:20 -0400] "GET /icons/unknown.gif HTTP/1.1" 200 245 "-" "Mozilla/5.0 (Macintosh; U; PPC Mac OS X Mach-O; en-US; rv:1.7a) Gecko/20040614 Firefox/0.9.0+"
208.186.134.104 - - [03/May/2008:06:42:20 -0400] "GET /favicon.ico HTTP/1.1" 404 209 "-" "Mozilla/5.0 (Macintosh; U; PPC Mac OS X Mach-O; en-US; rv:1.7a) Gecko/20040614 Firefox/0.9.0+"
208.186.134.104 - - [03/May/2008:06:42:22 -0400] "GET /NoteBook/ HTTP/1.1" 200 809 "-" "Mozilla/5.0 (Macintosh; U; PPC Mac OS X Mach-O; en-US; rv:1.7a) Gecko/20040614 Firefox/0.9.0+"
208.186.134.104 - - [03/May/2008:06:42:22 -0400] "GET /icons/back.gif HTTP/1.1" 200 216 "-" "Mozilla/5.0 (Macintosh; U; PPC Mac OS X Mach-O; en-US; rv:1.7a) Gecko/20040614 Firefox/0.9.0+"
208.186.134.104 - - [03/May/2008:06:42:22 -0400] "GET /favicon.ico HTTP/1.1" 404 209 "-" "Mozilla/5.0 (Macintosh; U; PPC Mac OS X Mach-O; en-US; rv:1.7a) Gecko/20040614 Firefox/0.9.0+"
208.186.134.104 - - [03/May/2008:06:42:23 -0400] "GET /NoteBook/releases/ HTTP/1.1" 200 860 "-" "Mozilla/5.0 (Macintosh; U; PPC Mac OS X Mach-O; en-US; rv:1.7a) Gecko/20040614 Firefox/0.9.0+"
208.186.134.104 - - [03/May/2008:06:42:23 -0400] "GET /icons/compressed.gif HTTP/1.1" 200 1038 "-" "Mozilla/5.0 (Macintosh; U; PPC Mac OS X Mach-O; en-US; rv:1.7a) Gecko/20040614 Firefox/0.9.0+"
208.186.134.104 - - [03/May/2008:06:42:23 -0400] "GET /favicon.ico HTTP/1.1" 404 209 "-" "Mozilla/5.0 (Macintosh; U; PPC Mac OS X Mach-O; en-US; rv:1.7a) Gecko/20040614 Firefox/0.9.0+"
208.186.134.104 - - [03/May/2008:06:42:24 -0400] "GET /favicon.ico HTTP/1.1" 404 209 "-" "Mozilla/5.0 (Macintosh; U; PPC Mac OS X Mach-O; en-US; rv:1.7a) Gecko/20040614 Firefox/0.9.0+"
208.186.134.104 - - [03/May/2008:06:42:24 -0400] "GET /NoteBook/releases/NoteBook-0.3.tar.gz HTTP/1.1" 200 30612 "-" "Mozilla/5.0 (Macintosh; U; PPC Mac OS X Mach-O; en-US; rv:1.7a) Gecko/20040614 Firefox/0.9.0+"
208.186.134.104 - - [03/May/2008:06:43:04 -0400] "GET /favicon.ico HTTP/1.1" 404 209 "-" "Mozilla/5.0 (Macintosh; U; PPC Mac OS X Mach-O; en-US; rv:1.7a) Gecko/20040614 Firefox/0.9.0+"
208.186.134.104 - - [03/May/2008:06:43:05 -0400] "GET /favicon.ico HTTP/1.1" 404 209 "-" "Mozilla/5.0 (Macintosh; U; PPC Mac OS X Mach-O; en-US; rv:1.7a) Gecko/20040614 Firefox/0.9.0+"
65.55.208.119 - - [03/May/2008:06:53:18 -0400] "GET /robots.txt HTTP/1.1" 404 208 "-" "msnbot/1.1 (+http://search.msn.com/msnbot.htm)"
65.55.208.119 - - [03/May/2008:06:53:18 -0400] "GET /?C=M;O=A HTTP/1.1" 200 826 "-" "msnbot/1.1 (+http://search.msn.com/msnbot.htm)"
63.225.19.241 - - [03/May/2008:07:10:25 -0400] "GET /robots.txt HTTP/1.0" 404 208 "-" "Gigabot/1.0"
63.225.19.241 - - [03/May/2008:07:10:25 -0400] "GET / HTTP/1.0" 200 826 "-" "Gigabot/1.0"
74.6.24.236 - - [03/May/2008:07:24:12 -0400] "GET / HTTP/1.0" 200 826 "-" "Mozilla/5.0 (compatible; Yahoo! Slurp; http://help.yahoo.com/help/us/ysearch/slurp)"
72.30.179.226 - - [03/May/2008:07:30:17 -0400] "GET /?C=M;O=A HTTP/1.0" 200 826 "-" "Mozilla/5.0 (compatible; Yahoo! Slurp; http://help.yahoo.com/help/us/ysearch/slurp)"
74.6.22.216 - - [03/May/2008:07:36:04 -0400] "GET /access.log HTTP/1.0" 200 212038 "-" "Mozilla/5.0 (compatible; Yahoo! Slurp; http://help.yahoo.com/help/us/ysearch/slurp)"
86.221.75.212 - - [03/May/2008:07:46:02 -0400] "GET /NoteBook/releases/NoteBook-0.3.tar.gz HTTP/1.1" 200 30612 "-" "fetch libfetch/2.0"
65.55.208.121 - - [03/May/2008:08:21:39 -0400] "GET /robots.txt HTTP/1.1" 404 208 "-" "msnbot/1.1 (+http://search.msn.com/msnbot.htm)"
65.55.208.121 - - [03/May/2008:08:21:39 -0400] "GET /?C=N;O=A HTTP/1.1" 200 826 "-" "msnbot/1.1 (+http://search.msn.com/msnbot.htm)"
65.55.208.133 - - [03/May/2008:08:48:15 -0400] "GET /robots.txt HTTP/1.1" 404 208 "-" "msnbot/1.1 (+http://search.msn.com/msnbot.htm)"
65.55.208.133 - - [03/May/2008:08:48:15 -0400] "GET /NoteBook/ HTTP/1.1" 200 809 "-" "msnbot/1.1 (+http://search.msn.com/msnbot.htm)"
65.55.208.137 - - [03/May/2008:08:50:55 -0400] "GET /robots.txt HTTP/1.1" 404 208 "-" "msnbot/1.1 (+http://search.msn.com/msnbot.htm)"
65.55.208.137 - - [03/May/2008:08:50:55 -0400] "GET /?C=D;O=A HTTP/1.1" 200 826 "-" "msnbot/1.1 (+http://search.msn.com/msnbot.htm)"
74.6.17.162 - - [03/May/2008:09:21:08 -0400] "GET /robots.txt HTTP/1.0" 404 208 "-" "Mozilla/5.0 (compatible; Yahoo! Slurp; http://help.yahoo.com/help/us/ysearch/slurp)"
74.6.29.115 - - [03/May/2008:09:21:09 -0400] "GET /?C=M;O=D HTTP/1.0" 200 826 "-" "Mozilla/5.0 (compatible; Yahoo! Slurp; http://help.yahoo.com/help/us/ysearch/slurp)"
65.55.208.119 - - [03/May/2008:09:21:38 -0400] "GET /?C=M;O=D HTTP/1.1" 200 826 "-" "msnbot/1.1 (+http://search.msn.com/msnbot.htm)"
65.55.208.123 - - [03/May/2008:09:29:37 -0400] "GET /robots.txt HTTP/1.1" 404 208 "-" "msnbot/1.1 (+http://search.msn.com/msnbot.htm)"
65.55.208.123 - - [03/May/2008:09:29:37 -0400] "GET /NoteBook/?C=S;O=A HTTP/1.1" 200 809 "-" "msnbot/1.1 (+http://search.msn.com/msnbot.htm)"
65.55.208.125 - - [03/May/2008:09:29:56 -0400] "GET /robots.txt HTTP/1.1" 404 208 "-" "msnbot/1.1 (+http://search.msn.com/msnbot.htm)"
65.55.208.125 - - [03/May/2008:09:29:57 -0400] "GET /NoteBook/?C=D;O=A HTTP/1.1" 200 809 "-" "msnbot/1.1 (+http://search.msn.com/msnbot.htm)"
65.55.208.136 - - [03/May/2008:10:28:12 -0400] "GET /robots.txt HTTP/1.1" 404 208 "-" "msnbot/1.1 (+http://search.msn.com/msnbot.htm)"
65.55.208.136 - - [03/May/2008:10:28:12 -0400] "GET /?C=D;O=D HTTP/1.1" 200 826 "-" "msnbot/1.1 (+http://search.msn.com/msnbot.htm)"
65.55.208.132 - - [03/May/2008:10:52:42 -0400] "GET /robots.txt HTTP/1.1" 404 208 "-" "msnbot/1.1 (+http://search.msn.com/msnbot.htm)"
65.55.208.132 - - [03/May/2008:10:52:42 -0400] "GET /NoteBook/?C=M;O=A HTTP/1.1" 200 809 "-" "msnbot/1.1 (+http://search.msn.com/msnbot.htm)"
67.195.37.187 - - [03/May/2008:11:03:19 -0400] "GET /robots.txt HTTP/1.0" 404 208 "-" "Mozilla/5.0 (compatible; Yahoo! Slurp; http://help.yahoo.com/help/us/ysearch/slurp)"
67.195.37.187 - - [03/May/2008:11:03:19 -0400] "GET /?C=D;O=A HTTP/1.0" 200 826 "-" "Mozilla/5.0 (compatible; Yahoo! Slurp/3.0; http://help.yahoo.com/help/us/ysearch/slurp)"
67.195.37.187 - - [03/May/2008:11:12:03 -0400] "GET /robots.txt HTTP/1.0" 404 208 "-" "Mozilla/5.0 (compatible; Yahoo! Slurp; http://help.yahoo.com/help/us/ysearch/slurp)"
67.195.37.187 - - [03/May/2008:11:12:04 -0400] "GET / HTTP/1.0" 200 826 "-" "Mozilla/5.0 (compatible; Yahoo! Slurp/3.0; http://help.yahoo.com/help/us/ysearch/slurp)"
65.55.208.136 - - [03/May/2008:11:54:10 -0400] "GET /?C=S;O=A HTTP/1.1" 200 826 "-" "msnbot/1.1 (+http://search.msn.com/msnbot.htm)"
65.55.208.134 - - [03/May/2008:11:55:30 -0400] "GET /robots.txt HTTP/1.1" 404 208 "-" "msnbot/1.1 (+http://search.msn.com/msnbot.htm)"
65.55.208.134 - - [03/May/2008:11:55:30 -0400] "GET /NoteBook/?C=N;O=D HTTP/1.1" 200 809 "-" "msnbot/1.1 (+http://search.msn.com/msnbot.htm)"
64.62.138.98 - - [03/May/2008:12:21:21 -0400] "GET / HTTP/1.0" 200 826 "-" "Mozilla/4.0 (compatible; MSIE 6.0; Windows NT 5.1; SV1; .NET CLR 1.1.4322), DynaWeb http://www.dit-inc.us/disclaimer.php"
64.62.138.98 - - [03/May/2008:12:21:21 -0400] "GET /icons/folder.gif HTTP/1.0" 200 225 "-" "Mozilla/4.0 (compatible; MSIE 6.0; Windows NT 5.1; SV1; .NET CLR 1.1.4322), DynaWeb http://www.dit-inc.us/disclaimer.php"
64.62.138.98 - - [03/May/2008:12:21:21 -0400] "GET /icons/blank.gif HTTP/1.0" 200 148 "-" "Mozilla/4.0 (compatible; MSIE 6.0; Windows NT 5.1; SV1; .NET CLR 1.1.4322), DynaWeb http://www.dit-inc.us/disclaimer.php"
64.62.138.98 - - [03/May/2008:12:21:22 -0400] "GET /icons/unknown.gif HTTP/1.0" 200 245 "-" "Mozilla/4.0 (compatible; MSIE 6.0; Windows NT 5.1; SV1; .NET CLR 1.1.4322), DynaWeb http://www.dit-inc.us/disclaimer.php"
64.62.138.98 - - [03/May/2008:12:21:24 -0400] "GET /NoteBook/ HTTP/1.0" 200 809 "-" "Mozilla/4.0 (compatible; MSIE 6.0; Windows NT 5.1; SV1; .NET CLR 1.1.4322), DynaWeb http://www.dit-inc.us/disclaimer.php"
65.55.208.122 - - [03/May/2008:12:21:24 -0400] "GET /robots.txt HTTP/1.1" 404 208 "-" "msnbot/1.1 (+http://search.msn.com/msnbot.htm)"
65.55.208.122 - - [03/May/2008:12:21:24 -0400] "GET /NoteBook/releases/ HTTP/1.1" 200 860 "-" "msnbot/1.1 (+http://search.msn.com/msnbot.htm)"
64.62.138.98 - - [03/May/2008:12:21:24 -0400] "GET /icons/back.gif HTTP/1.0" 200 216 "-" "Mozilla/4.0 (compatible; MSIE 6.0; Windows NT 5.1; SV1; .NET CLR 1.1.4322), DynaWeb http://www.dit-inc.us/disclaimer.php"
64.62.138.98 - - [03/May/2008:12:21:26 -0400] "GET /NoteBook/releases/ HTTP/1.0" 200 860 "-" "Mozilla/4.0 (compatible; MSIE 6.0; Windows NT 5.1; SV1; .NET CLR 1.1.4322), DynaWeb http://www.dit-inc.us/disclaimer.php"
64.62.138.98 - - [03/May/2008:12:21:26 -0400] "GET /icons/compressed.gif HTTP/1.0" 200 1038 "http://notebook.cowgar.com/NoteBook/releases/" "Mozilla/4.0 (compatible; MSIE 6.0; Windows NT 5.1; SV1; .NET CLR 1.1.4322), DynaWeb http://www.dit-inc.us/disclaimer.php"
67.195.37.187 - - [03/May/2008:12:39:10 -0400] "GET /?C=D;O=D HTTP/1.0" 200 826 "-" "Mozilla/5.0 (compatible; Yahoo! Slurp/3.0; http://help.yahoo.com/help/us/ysearch/slurp)"
77.91.224.3 - - [03/May/2008:12:39:18 -0400] "GET /robots.txt HTTP/1.1" 404 208 "-" "WebAlta Crawler/2.0 (http://www.webalta.net/ru/about_webmaster.html) (Windows; U; Windows NT 5.1; ru-RU)"
77.91.224.3 - - [03/May/2008:12:39:19 -0400] "GET / HTTP/1.1" 200 826 "-" "WebAlta Crawler/2.0 (http://www.webalta.net/ru/about_webmaster.html) (Windows; U; Windows NT 5.1; ru-RU)"
65.55.208.135 - - [03/May/2008:13:33:16 -0400] "GET /robots.txt HTTP/1.1" 404 208 "-" "msnbot/1.1 (+http://search.msn.com/msnbot.htm)"
65.55.208.135 - - [03/May/2008:13:33:16 -0400] "GET /?C=S;O=D HTTP/1.1" 200 826 "-" "msnbot/1.1 (+http://search.msn.com/msnbot.htm)"
64.1.215.163 - - [03/May/2008:14:05:51 -0400] "GET /robots.txt HTTP/1.0" 404 208 "-" "Mozilla/5.0 (Twiceler-0.9 http://www.cuill.com/twiceler/robot.html)"
74.6.17.166 - - [03/May/2008:15:57:29 -0400] "GET /robots.txt HTTP/1.0" 404 208 "-" "Mozilla/5.0 (compatible; Yahoo! Slurp; http://help.yahoo.com/help/us/ysearch/slurp)"
74.6.24.234 - - [03/May/2008:15:57:30 -0400] "GET /?C=S;O=A HTTP/1.0" 200 826 "-" "Mozilla/5.0 (compatible; Yahoo! Slurp; http://help.yahoo.com/help/us/ysearch/slurp)"
63.225.19.241 - - [03/May/2008:16:00:52 -0400] "GET /robots.txt HTTP/1.0" 404 208 "-" "Gigabot/1.0"
63.225.19.241 - - [03/May/2008:16:00:52 -0400] "GET / HTTP/1.0" 200 826 "-" "Gigabot/1.0"
193.138.84.250 - - [03/May/2008:17:44:01 -0400] "GET / HTTP/1.1" 200 826 "http://www.gnustep.org/experience/apps.html" "Mozilla/5.0 (X11; U; Linux i686; en-US; rv:1.9b5) Gecko/2008040210 Minefield/3.0b5"
193.138.84.250 - - [03/May/2008:17:44:02 -0400] "GET /icons/blank.gif HTTP/1.1" 200 148 "http://notebook.cowgar.com/" "Mozilla/5.0 (X11; U; Linux i686; en-US; rv:1.9b5) Gecko/2008040210 Minefield/3.0b5"
193.138.84.250 - - [03/May/2008:17:44:02 -0400] "GET /icons/folder.gif HTTP/1.1" 200 225 "http://notebook.cowgar.com/" "Mozilla/5.0 (X11; U; Linux i686; en-US; rv:1.9b5) Gecko/2008040210 Minefield/3.0b5"
193.138.84.250 - - [03/May/2008:17:44:02 -0400] "GET /icons/unknown.gif HTTP/1.1" 200 245 "http://notebook.cowgar.com/" "Mozilla/5.0 (X11; U; Linux i686; en-US; rv:1.9b5) Gecko/2008040210 Minefield/3.0b5"
193.138.84.250 - - [03/May/2008:17:44:02 -0400] "GET /favicon.ico HTTP/1.1" 404 209 "-" "Mozilla/5.0 (X11; U; Linux i686; en-US; rv:1.9b5) Gecko/2008040210 Minefield/3.0b5"
193.138.84.250 - - [03/May/2008:17:44:05 -0400] "GET /favicon.ico HTTP/1.1" 404 209 "-" "Mozilla/5.0 (X11; U; Linux i686; en-US; rv:1.9b5) Gecko/2008040210 Minefield/3.0b5"
65.55.208.121 - - [03/May/2008:18:29:23 -0400] "GET /?C=N;O=D HTTP/1.1" 200 826 "-" "msnbot/1.1 (+http://search.msn.com/msnbot.htm)"
89.185.242.87 - - [03/May/2008:18:43:46 -0400] "GET / HTTP/1.0" 200 826 "-" "Mozilla/5.0 (compatible; janforman.com/2.3; +http://enter4u.eu)"
81.244.7.182 - - [03/May/2008:18:45:13 -0400] "GET /NoteBook/releases/NoteBook-0.3.tar.gz HTTP/1.1" 200 30612 "-" "fetch libfetch/2.0"
66.249.67.234 - - [03/May/2008:19:04:17 -0400] "GET /robots.txt HTTP/1.1" 404 208 "-" "Googlebot-Image/1.0"
66.249.67.234 - - [03/May/2008:19:04:17 -0400] "GET /icons/back.gif HTTP/1.1" 200 216 "-" "Googlebot-Image/1.0"
24.95.132.20 - - [03/May/2008:19:38:59 -0400] "GET / HTTP/1.1" 200 826 "http://io.debian.net/~tar/gnustep/" "Mozilla/5.0 (Windows; U; Windows NT 5.1; en-US; rv:1.9b5) Gecko/2008032620 Firefox/3.0b5"
24.95.132.20 - - [03/May/2008:19:39:00 -0400] "GET /icons/blank.gif HTTP/1.1" 200 148 "http://notebook.cowgar.com/" "Mozilla/5.0 (Windows; U; Windows NT 5.1; en-US; rv:1.9b5) Gecko/2008032620 Firefox/3.0b5"
24.95.132.20 - - [03/May/2008:19:39:00 -0400] "GET /icons/folder.gif HTTP/1.1" 200 225 "http://notebook.cowgar.com/" "Mozilla/5.0 (Windows; U; Windows NT 5.1; en-US; rv:1.9b5) Gecko/2008032620 Firefox/3.0b5"
24.95.132.20 - - [03/May/2008:19:39:00 -0400] "GET /icons/unknown.gif HTTP/1.1" 200 245 "http://notebook.cowgar.com/" "Mozilla/5.0 (Windows; U; Windows NT 5.1; en-US; rv:1.9b5) Gecko/2008032620 Firefox/3.0b5"
24.95.132.20 - - [03/May/2008:19:39:00 -0400] "GET /favicon.ico HTTP/1.1" 404 209 "-" "Mozilla/5.0 (Windows; U; Windows NT 5.1; en-US; rv:1.9b5) Gecko/2008032620 Firefox/3.0b5"
24.95.132.20 - - [03/May/2008:19:39:02 -0400] "GET /favicon.ico HTTP/1.1" 404 209 "-" "Mozilla/5.0 (Windows; U; Windows NT 5.1; en-US; rv:1.9b5) Gecko/2008032620 Firefox/3.0b5"
208.80.193.34 - - [03/May/2008:21:37:48 -0400] "GET / HTTP/1.1" 200 826 "-" "Mozilla/4.0 (compatible; MSIE 6.0; Windows NT 5.1; Q312469)"
65.55.208.137 - - [03/May/2008:22:30:50 -0400] "GET /robots.txt HTTP/1.1" 404 208 "-" "msnbot/1.1 (+http://search.msn.com/msnbot.htm)"
65.55.208.137 - - [03/May/2008:22:30:51 -0400] "GET /access.log HTTP/1.1" 200 222579 "-" "msnbot/1.1 (+http://search.msn.com/msnbot.htm)"
64.41.145.83 - - [03/May/2008:22:51:42 -0400] "GET /access.log HTTP/1.1" 200 222717 "-" "Python-urllib/2.5"
217.172.44.82 - - [03/May/2008:23:17:58 -0400] "GET /robots.txt HTTP/1.1" 404 208 "-" "portscout/0.7.4"
217.172.44.82 - - [03/May/2008:23:17:58 -0400] "GET /NoteBook/releases/ HTTP/1.1" 200 860 "-" "portscout/0.7.4"
189.135.122.26 - - [04/May/2008:00:24:54 -0400] "GET / HTTP/1.1" 200 826 "http://www.gnustep.org/experience/apps.html" "Mozilla/5.0 (X11; U; Linux i686; en-US; rv:1.9b5) Gecko/2008041514 Firefox/3.0b5"
189.135.122.26 - - [04/May/2008:00:24:54 -0400] "GET /icons/blank.gif HTTP/1.1" 200 148 "http://notebook.cowgar.com/" "Mozilla/5.0 (X11; U; Linux i686; en-US; rv:1.9b5) Gecko/2008041514 Firefox/3.0b5"
189.135.122.26 - - [04/May/2008:00:24:55 -0400] "GET /icons/folder.gif HTTP/1.1" 200 225 "http://notebook.cowgar.com/" "Mozilla/5.0 (X11; U; Linux i686; en-US; rv:1.9b5) Gecko/2008041514 Firefox/3.0b5"
189.135.122.26 - - [04/May/2008:00:24:56 -0400] "GET /icons/unknown.gif HTTP/1.1" 200 245 "http://notebook.cowgar.com/" "Mozilla/5.0 (X11; U; Linux i686; en-US; rv:1.9b5) Gecko/2008041514 Firefox/3.0b5"
189.135.122.26 - - [04/May/2008:00:24:57 -0400] "GET /favicon.ico HTTP/1.1" 404 209 "-" "Mozilla/5.0 (X11; U; Linux i686; en-US; rv:1.9b5) Gecko/2008041514 Firefox/3.0b5"
189.135.122.26 - - [04/May/2008:00:25:00 -0400] "GET /favicon.ico HTTP/1.1" 404 209 "-" "Mozilla/5.0 (X11; U; Linux i686; en-US; rv:1.9b5) Gecko/2008041514 Firefox/3.0b5"
74.6.17.166 - - [04/May/2008:02:26:43 -0400] "GET /robots.txt HTTP/1.0" 404 208 "-" "Mozilla/5.0 (compatible; Yahoo! Slurp; http://help.yahoo.com/help/us/ysearch/slurp)"
74.6.16.228 - - [04/May/2008:02:26:43 -0400] "GET /?C=S;O=D HTTP/1.0" 200 826 "-" "Mozilla/5.0 (compatible; Yahoo! Slurp; http://help.yahoo.com/help/us/ysearch/slurp)"
74.6.19.223 - - [04/May/2008:06:00:25 -0400] "GET /robots.txt HTTP/1.0" 404 208 "-" "Mozilla/5.0 (compatible; Yahoo! Slurp; http://help.yahoo.com/help/us/ysearch/slurp)"
67.195.52.27 - - [04/May/2008:06:00:25 -0400] "GET / HTTP/1.0" 200 826 "-" "Mozilla/5.0 (compatible; Yahoo! Slurp; http://help.yahoo.com/help/us/ysearch/slurp)"
74.6.22.216 - - [04/May/2008:07:41:17 -0400] "GET /access.log HTTP/1.0" 200 224860 "-" "Mozilla/5.0 (compatible; Yahoo! Slurp; http://help.yahoo.com/help/us/ysearch/slurp)"
88.134.29.187 - - [04/May/2008:07:49:38 -0400] "GET /access.log HTTP/1.1" 200 225033 "http://www.google.de/search?q=inurl:access.log&hl=de&start=40&sa=N" "Mozilla/5.0 (Windows; U; Windows NT 5.1; de; rv:1.8.1.14) Gecko/20080404 Firefox/2.0.0.14"
88.134.29.187 - - [04/May/2008:07:49:40 -0400] "GET /favicon.ico HTTP/1.1" 404 209 "-" "Mozilla/5.0 (Windows; U; Windows NT 5.1; de; rv:1.8.1.14) Gecko/20080404 Firefox/2.0.0.14"
220.254.0.4 - - [04/May/2008:09:19:52 -0400] "GET / HTTP/1.1" 200 826 "http://gnustep.org/experience/apps.html" "Mozilla/4.0 (compatible; MSIE 7.0; Windows NT 5.1; .NET CLR 1.1.4322)"
220.254.0.4 - - [04/May/2008:09:19:52 -0400] "GET /icons/blank.gif HTTP/1.1" 200 148 "http://notebook.cowgar.com/" "Mozilla/4.0 (compatible; MSIE 7.0; Windows NT 5.1; .NET CLR 1.1.4322)"
220.254.0.4 - - [04/May/2008:09:19:52 -0400] "GET /icons/folder.gif HTTP/1.1" 200 225 "http://notebook.cowgar.com/" "Mozilla/4.0 (compatible; MSIE 7.0; Windows NT 5.1; .NET CLR 1.1.4322)"
220.254.0.4 - - [04/May/2008:09:19:52 -0400] "GET /icons/unknown.gif HTTP/1.1" 200 245 "http://notebook.cowgar.com/" "Mozilla/4.0 (compatible; MSIE 7.0; Windows NT 5.1; .NET CLR 1.1.4322)"
220.254.0.4 - - [04/May/2008:09:19:53 -0400] "GET /favicon.ico HTTP/1.1" 404 209 "-" "Mozilla/4.0 (compatible; MSIE 7.0; Windows NT 5.1; .NET CLR 1.1.4322)"
74.6.17.166 - - [04/May/2008:09:23:45 -0400] "GET /robots.txt HTTP/1.0" 404 208 "-" "Mozilla/5.0 (compatible; Yahoo! Slurp; http://help.yahoo.com/help/us/ysearch/slurp)"
74.6.29.115 - - [04/May/2008:09:23:46 -0400] "GET /?C=M;O=D HTTP/1.0" 200 826 "-" "Mozilla/5.0 (compatible; Yahoo! Slurp; http://help.yahoo.com/help/us/ysearch/slurp)"
72.30.179.226 - - [04/May/2008:10:50:07 -0400] "GET /NoteBook/releases/?C=D;O=A HTTP/1.0" 200 860 "-" "Mozilla/5.0 (compatible; Yahoo! Slurp; http://help.yahoo.com/help/us/ysearch/slurp)"
66.249.67.234 - - [04/May/2008:11:02:32 -0400] "GET /robots.txt HTTP/1.1" 404 208 "-" "Mozilla/5.0 (compatible; Googlebot/2.1; +http://www.google.com/bot.html)"
66.249.67.234 - - [04/May/2008:11:02:32 -0400] "GET / HTTP/1.1" 200 826 "-" "Mozilla/5.0 (compatible; Googlebot/2.1; +http://www.google.com/bot.html)"
72.30.216.106 - - [04/May/2008:12:05:18 -0400] "GET / HTTP/1.0" 200 826 "-" "Mozilla/5.0 (compatible; Yahoo! Slurp; http://help.yahoo.com/help/us/ysearch/slurp)"
67.195.37.187 - - [04/May/2008:13:31:43 -0400] "GET /robots.txt HTTP/1.0" 404 208 "-" "Mozilla/5.0 (compatible; Yahoo! Slurp; http://help.yahoo.com/help/us/ysearch/slurp)"
67.195.37.187 - - [04/May/2008:13:31:44 -0400] "GET / HTTP/1.0" 200 826 "-" "Mozilla/5.0 (compatible; Yahoo! Slurp/3.0; http://help.yahoo.com/help/us/ysearch/slurp)"
67.195.37.187 - - [04/May/2008:13:35:23 -0400] "GET /?C=D;O=A HTTP/1.0" 200 826 "-" "Mozilla/5.0 (compatible; Yahoo! Slurp/3.0; http://help.yahoo.com/help/us/ysearch/slurp)"
67.195.37.187 - - [04/May/2008:13:35:49 -0400] "GET /?C=S;O=A HTTP/1.0" 200 826 "-" "Mozilla/5.0 (compatible; Yahoo! Slurp/3.0; http://help.yahoo.com/help/us/ysearch/slurp)"
213.96.214.72 - - [04/May/2008:13:45:51 -0400] "GET / HTTP/1.1" 200 826 "http://livecd.gnustep.org/" "Mozilla/4.0 (compatible; MSIE 7.0; Windows NT 5.1)"
65.55.208.134 - - [04/May/2008:13:52:41 -0400] "GET /robots.txt HTTP/1.1" 404 208 "-" "msnbot/1.1 (+http://search.msn.com/msnbot.htm)"
65.55.208.134 - - [04/May/2008:13:52:42 -0400] "GET / HTTP/1.1" 200 826 "-" "msnbot/1.1 (+http://search.msn.com/msnbot.htm)"
74.6.17.166 - - [04/May/2008:15:41:40 -0400] "GET /robots.txt HTTP/1.0" 404 208 "-" "Mozilla/5.0 (compatible; Yahoo! Slurp; http://help.yahoo.com/help/us/ysearch/slurp)"
74.6.19.32 - - [04/May/2008:15:41:40 -0400] "GET /?C=N;O=D HTTP/1.0" 200 826 "-" "Mozilla/5.0 (compatible; Yahoo! Slurp; http://help.yahoo.com/help/us/ysearch/slurp)"
63.225.19.241 - - [04/May/2008:15:53:16 -0400] "GET /robots.txt HTTP/1.0" 404 208 "-" "Gigabot/1.0"
63.225.19.241 - - [04/May/2008:15:53:16 -0400] "GET / HTTP/1.0" 200 826 "-" "Gigabot/1.0"
74.6.24.234 - - [04/May/2008:16:00:53 -0400] "GET /?C=S;O=A HTTP/1.0" 200 826 "-" "Mozilla/5.0 (compatible; Yahoo! Slurp; http://help.yahoo.com/help/us/ysearch/slurp)"
74.6.20.113 - - [04/May/2008:16:44:21 -0400] "GET /?C=D;O=A HTTP/1.0" 200 826 "-" "Mozilla/5.0 (compatible; Yahoo! Slurp; http://help.yahoo.com/help/us/ysearch/slurp)"
218.28.88.99 - - [04/May/2008:17:48:14 -0400] "GET / HTTP/1.1" 200 826 "-" "Mozilla/3.0 (compatible; Indy Library)"
24.153.116.131 - - [04/May/2008:19:58:23 -0400] "GET /NoteBook/releases/NoteBook-0.3.tar.gz HTTP/1.1" 200 30612 "-" "fetch libfetch/2.0"
87.3.251.151 - - [04/May/2008:21:08:24 -0400] "GET /access.log HTTP/1.1" 200 229579 "http://www.google.it/search?hl=it&client=firefox-a&rls=org.mozilla%3Ait%3Aofficial&hs=du9&q=%28X11%3B+U%3B+Linux+i686%3B+it%3B+rv%3A1.8.0.14eol%29&btnG=Cerca&meta=" "Mozilla/5.0 (Windows; U; Windows NT 5.1; it; rv:1.8.1.14) Gecko/20080404 Firefox/2.0.0.14"
87.3.251.151 - - [04/May/2008:21:08:27 -0400] "GET /favicon.ico HTTP/1.1" 404 209 "-" "Mozilla/5.0 (Windows; U; Windows NT 5.1; it; rv:1.8.1.14) Gecko/20080404 Firefox/2.0.0.14"
87.3.251.151 - - [04/May/2008:21:08:27 -0400] "GET /favicon.ico HTTP/1.1" 404 209 "-" "Mozilla/5.0 (Windows; U; Windows NT 5.1; it; rv:1.8.1.14) Gecko/20080404 Firefox/2.0.0.14"
195.189.142.44 - - [04/May/2008:21:08:35 -0400] "GET /access.log HTTP/1.1" 200 230277 "-" "Opera/9.50 (J2ME/MIDP; Opera Mini/4.1.10781/298; U; en)"
87.3.251.151 - - [04/May/2008:21:08:38 -0400] "GET /favicon.ico HTTP/1.1" 404 209 "-" "Mozilla/5.0 (Windows; U; Windows NT 5.1; it; rv:1.8.1.14) Gecko/20080404 Firefox/2.0.0.14"
87.3.251.151 - - [04/May/2008:21:08:40 -0400] "GET /access.log HTTP/1.1" 200 230603 "http://www.google.it/search?hl=it&client=firefox-a&rls=org.mozilla%3Ait%3Aofficial&hs=du9&q=%28X11%3B+U%3B+Linux+i686%3B+it%3B+rv%3A1.8.0.14eol%29&btnG=Cerca&meta=" "Mozilla/5.0 (Windows; U; Windows NT 5.1; it; rv:1.8.1.14) Gecko/20080404 Firefox/2.0.0.14"
74.6.17.166 - - [04/May/2008:21:54:37 -0400] "GET /robots.txt HTTP/1.0" 404 208 "-" "Mozilla/5.0 (compatible; Yahoo! Slurp; http://help.yahoo.com/help/us/ysearch/slurp)"
74.6.24.236 - - [04/May/2008:21:54:37 -0400] "GET / HTTP/1.0" 200 826 "-" "Mozilla/5.0 (compatible; Yahoo! Slurp; http://help.yahoo.com/help/us/ysearch/slurp)"
89.149.241.229 - - [04/May/2008:22:21:30 -0400] "GET / HTTP/1.0" 200 826 "http://notebook.cowgar.com/" "Mozilla/5.0 (Windows; U; Windows NT 5.0; en-US; rv:1.8) Gecko/20051111 Firefox/1.5"
89.149.241.229 - - [04/May/2008:22:21:31 -0400] "GET / HTTP/1.0" 200 826 "http://notebook.cowgar.com/" "Mozilla/5.0 (Windows; U; Windows NT 5.0; en-US; rv:1.8) Gecko/20051111 Firefox/1.5"
89.149.241.229 - - [04/May/2008:22:21:31 -0400] "GET / HTTP/1.0" 200 826 "http://notebook.cowgar.com/" "Mozilla/5.0 (Windows; U; Windows NT 5.0; en-US; rv:1.8) Gecko/20051111 Firefox/1.5"
67.195.37.187 - - [04/May/2008:23:09:45 -0400] "GET /robots.txt HTTP/1.0" 404 208 "-" "Mozilla/5.0 (compatible; Yahoo! Slurp; http://help.yahoo.com/help/us/ysearch/slurp)"
67.195.37.187 - - [04/May/2008:23:09:45 -0400] "GET /access.log HTTP/1.0" 200 232011 "-" "Mozilla/5.0 (compatible; Yahoo! Slurp/3.0; http://help.yahoo.com/help/us/ysearch/slurp)"
38.105.86.22 - - [04/May/2008:23:48:08 -0400] "GET / HTTP/1.1" 200 826 "-" "Mozilla/5.0 (Windows; U; Windows NT 5.1; en-US; rv:1.8.0.1) Gecko/20060111 Firefox/1.5.0.1"
67.195.37.187 - - [05/May/2008:00:41:39 -0400] "GET / HTTP/1.0" 200 826 "-" "Mozilla/5.0 (compatible; Yahoo! Slurp/3.0; http://help.yahoo.com/help/us/ysearch/slurp)"
217.172.44.82 - - [05/May/2008:02:10:15 -0400] "GET /robots.txt HTTP/1.1" 404 208 "-" "portscout/0.7.4"
217.172.44.82 - - [05/May/2008:02:10:15 -0400] "GET /NoteBook/releases/ HTTP/1.1" 200 860 "-" "portscout/0.7.4"
74.6.17.167 - - [05/May/2008:04:11:21 -0400] "GET /robots.txt HTTP/1.0" 404 208 "-" "Mozilla/5.0 (compatible; Yahoo! Slurp; http://help.yahoo.com/help/us/ysearch/slurp)"
74.6.21.153 - - [05/May/2008:04:11:21 -0400] "GET /NoteBook/releases/?C=M;O=A HTTP/1.0" 200 860 "-" "Mozilla/5.0 (compatible; Yahoo! Slurp; http://help.yahoo.com/help/us/ysearch/slurp)"
206.169.110.66 - - [05/May/2008:04:16:27 -0400] "GET /robots.txt HTTP/1.1" 404 208 "-" "page_verifier (http://www.securecomputing.com/goto/pv)"
206.169.110.66 - - [05/May/2008:04:17:37 -0400] "GET / HTTP/1.1" 200 826 "-" "page_verifier http://www.securecomputing.com/goto/pv"
74.6.16.228 - - [05/May/2008:04:37:28 -0400] "GET /?C=S;O=D HTTP/1.0" 200 826 "-" "Mozilla/5.0 (compatible; Yahoo! Slurp; http://help.yahoo.com/help/us/ysearch/slurp)"
84.155.248.36 - - [05/May/2008:04:51:08 -0400] "GET / HTTP/1.1" 200 826 "http://io.debian.net/~tar/gnustep/" "Mozilla/5.0 (Windows; U; Windows NT 5.1; en-US; rv:1.9b5) Gecko/2008032620 Firefox/3.0b5"
84.155.248.36 - - [05/May/2008:04:51:09 -0400] "GET /icons/blank.gif HTTP/1.1" 200 148 "http://notebook.cowgar.com/" "Mozilla/5.0 (Windows; U; Windows NT 5.1; en-US; rv:1.9b5) Gecko/2008032620 Firefox/3.0b5"
84.155.248.36 - - [05/May/2008:04:51:09 -0400] "GET /icons/folder.gif HTTP/1.1" 200 225 "http://notebook.cowgar.com/" "Mozilla/5.0 (Windows; U; Windows NT 5.1; en-US; rv:1.9b5) Gecko/2008032620 Firefox/3.0b5"
84.155.248.36 - - [05/May/2008:04:51:09 -0400] "GET /icons/unknown.gif HTTP/1.1" 200 245 "http://notebook.cowgar.com/" "Mozilla/5.0 (Windows; U; Windows NT 5.1; en-US; rv:1.9b5) Gecko/2008032620 Firefox/3.0b5"
84.155.248.36 - - [05/May/2008:04:51:10 -0400] "GET /favicon.ico HTTP/1.1" 404 209 "-" "Mozilla/5.0 (Windows; U; Windows NT 5.1; en-US; rv:1.9b5) Gecko/2008032620 Firefox/3.0b5"
84.155.248.36 - - [05/May/2008:04:51:13 -0400] "GET /favicon.ico HTTP/1.1" 404 209 "-" "Mozilla/5.0 (Windows; U; Windows NT 5.1; en-US; rv:1.9b5) Gecko/2008032620 Firefox/3.0b5"
84.155.248.36 - - [05/May/2008:04:51:16 -0400] "GET /access.log HTTP/1.1" 200 234723 "http://notebook.cowgar.com/" "Mozilla/5.0 (Windows; U; Windows NT 5.1; en-US; rv:1.9b5) Gecko/2008032620 Firefox/3.0b5"
98.211.141.29 - - [05/May/2008:05:27:39 -0400] "GET /screenshots/NoteBook-tip-Win32.png HTTP/1.1" 404 232 "http://gnustep.blogspot.com/2006/02/screenshots-of-gnustep-on-windows-xp.html" "Mozilla/5.0 (Windows; U; Windows NT 5.1; en-US; rv:1.8.1.14) Gecko/20080404 Firefox/2.0.0.14"
98.211.141.29 - - [05/May/2008:05:27:40 -0400] "GET /favicon.ico HTTP/1.1" 404 209 "-" "Mozilla/5.0 (Windows; U; Windows NT 5.1; en-US; rv:1.8.1.14) Gecko/20080404 Firefox/2.0.0.14"
74.6.19.223 - - [05/May/2008:06:03:25 -0400] "GET /robots.txt HTTP/1.0" 404 208 "-" "Mozilla/5.0 (compatible; Yahoo! Slurp; http://help.yahoo.com/help/us/ysearch/slurp)"
67.195.52.27 - - [05/May/2008:06:03:25 -0400] "GET / HTTP/1.0" 200 826 "-" "Mozilla/5.0 (compatible; Yahoo! Slurp; http://help.yahoo.com/help/us/ysearch/slurp)"
66.249.67.234 - - [05/May/2008:06:30:05 -0400] "GET /robots.txt HTTP/1.1" 404 208 "-" "Mozilla/5.0 (compatible; Googlebot/2.1; +http://www.google.com/bot.html)"
66.249.67.234 - - [05/May/2008:06:30:05 -0400] "GET /?C=S;O=A HTTP/1.1" 200 826 "-" "Mozilla/5.0 (compatible; Googlebot/2.1; +http://www.google.com/bot.html)"
66.249.67.234 - - [05/May/2008:07:16:41 -0400] "GET /access.log HTTP/1.1" 200 236043 "-" "Mozilla/5.0 (compatible; Googlebot/2.1; +http://www.google.com/bot.html)"
65.55.25.136 - - [05/May/2008:07:25:34 -0400] "GET /robots.txt HTTP/1.1" 404 208 "-" "msnbot/1.1 (+http://search.msn.com/msnbot.htm)"
65.55.25.136 - - [05/May/2008:07:25:34 -0400] "GET / HTTP/1.1" 200 826 "-" "msnbot/1.1 (+http://search.msn.com/msnbot.htm)"
72.30.179.226 - - [05/May/2008:07:35:18 -0400] "GET /?C=M;O=A HTTP/1.0" 200 826 "-" "Mozilla/5.0 (compatible; Yahoo! Slurp; http://help.yahoo.com/help/us/ysearch/slurp)"
66.249.67.234 - - [05/May/2008:07:44:07 -0400] "GET /?C=N;O=D HTTP/1.1" 200 826 "-" "Mozilla/5.0 (compatible; Googlebot/2.1; +http://www.google.com/bot.html)"
66.249.67.234 - - [05/May/2008:09:06:01 -0400] "GET /?C=D;O=A HTTP/1.1" 200 826 "-" "Mozilla/5.0 (compatible; Googlebot/2.1; +http://www.google.com/bot.html)"
65.55.208.119 - - [05/May/2008:09:07:11 -0400] "GET /robots.txt HTTP/1.1" 404 208 "-" "msnbot/1.1 (+http://search.msn.com/msnbot.htm)"
65.55.208.119 - - [05/May/2008:09:07:12 -0400] "GET /?C=M;O=A HTTP/1.1" 200 826 "-" "msnbot/1.1 (+http://search.msn.com/msnbot.htm)"
74.6.29.115 - - [05/May/2008:09:26:25 -0400] "GET /?C=M;O=D HTTP/1.0" 200 826 "-" "Mozilla/5.0 (compatible; Yahoo! Slurp; http://help.yahoo.com/help/us/ysearch/slurp)"
74.6.18.177 - - [05/May/2008:09:31:55 -0400] "GET /NoteBook/releases/NoteBook-0.3.tar.gz HTTP/1.0" 304 - "-" "Mozilla/5.0 (compatible; Yahoo! Slurp; http://help.yahoo.com/help/us/ysearch/slurp)"
65.55.208.119 - - [05/May/2008:11:08:07 -0400] "GET /?C=M;O=D HTTP/1.1" 200 826 "-" "msnbot/1.1 (+http://search.msn.com/msnbot.htm)"
65.55.208.133 - - [05/May/2008:11:17:18 -0400] "GET /robots.txt HTTP/1.1" 404 208 "-" "msnbot/1.1 (+http://search.msn.com/msnbot.htm)"
65.55.208.133 - - [05/May/2008:11:17:19 -0400] "GET /NoteBook/ HTTP/1.1" 200 809 "-" "msnbot/1.1 (+http://search.msn.com/msnbot.htm)"
65.55.208.123 - - [05/May/2008:11:25:43 -0400] "GET /robots.txt HTTP/1.1" 404 208 "-" "msnbot/1.1 (+http://search.msn.com/msnbot.htm)"
65.55.208.123 - - [05/May/2008:11:25:43 -0400] "GET /NoteBook/?C=S;O=A HTTP/1.1" 200 809 "-" "msnbot/1.1 (+http://search.msn.com/msnbot.htm)"
65.55.208.121 - - [05/May/2008:12:16:15 -0400] "GET /robots.txt HTTP/1.1" 404 208 "-" "msnbot/1.1 (+http://search.msn.com/msnbot.htm)"
65.55.208.121 - - [05/May/2008:12:16:15 -0400] "GET /?C=N;O=A HTTP/1.1" 200 826 "-" "msnbot/1.1 (+http://search.msn.com/msnbot.htm)"
65.55.208.137 - - [05/May/2008:12:21:50 -0400] "GET /robots.txt HTTP/1.1" 404 208 "-" "msnbot/1.1 (+http://search.msn.com/msnbot.htm)"
65.55.208.137 - - [05/May/2008:12:21:50 -0400] "GET /?C=D;O=A HTTP/1.1" 200 826 "-" "msnbot/1.1 (+http://search.msn.com/msnbot.htm)"
65.55.208.125 - - [05/May/2008:12:39:45 -0400] "GET /robots.txt HTTP/1.1" 404 208 "-" "msnbot/1.1 (+http://search.msn.com/msnbot.htm)"
65.55.208.125 - - [05/May/2008:12:39:45 -0400] "GET /NoteBook/?C=D;O=A HTTP/1.1" 200 809 "-" "msnbot/1.1 (+http://search.msn.com/msnbot.htm)"
65.55.208.136 - - [05/May/2008:12:40:54 -0400] "GET /robots.txt HTTP/1.1" 404 208 "-" "msnbot/1.1 (+http://search.msn.com/msnbot.htm)"
65.55.208.136 - - [05/May/2008:12:40:54 -0400] "GET /?C=D;O=D HTTP/1.1" 200 826 "-" "msnbot/1.1 (+http://search.msn.com/msnbot.htm)"
72.30.216.106 - - [05/May/2008:13:03:17 -0400] "GET / HTTP/1.0" 200 826 "-" "Mozilla/5.0 (compatible; Yahoo! Slurp; http://help.yahoo.com/help/us/ysearch/slurp)"
67.195.37.187 - - [05/May/2008:13:37:21 -0400] "GET /robots.txt HTTP/1.0" 404 208 "-" "Mozilla/5.0 (compatible; Yahoo! Slurp; http://help.yahoo.com/help/us/ysearch/slurp)"
67.195.37.187 - - [05/May/2008:13:37:21 -0400] "GET / HTTP/1.0" 200 826 "-" "Mozilla/5.0 (compatible; Yahoo! Slurp/3.0; http://help.yahoo.com/help/us/ysearch/slurp)"
65.55.208.134 - - [05/May/2008:13:39:47 -0400] "GET /robots.txt HTTP/1.1" 404 208 "-" "msnbot/1.1 (+http://search.msn.com/msnbot.htm)"
65.55.208.134 - - [05/May/2008:13:39:47 -0400] "GET /NoteBook/?C=N;O=D HTTP/1.1" 200 809 "-" "msnbot/1.1 (+http://search.msn.com/msnbot.htm)"
67.195.37.187 - - [05/May/2008:13:40:01 -0400] "GET /?C=S;O=A HTTP/1.0" 200 826 "-" "Mozilla/5.0 (compatible; Yahoo! Slurp/3.0; http://help.yahoo.com/help/us/ysearch/slurp)"
67.195.37.187 - - [05/May/2008:13:40:31 -0400] "GET /?C=D;O=A HTTP/1.0" 200 826 "-" "Mozilla/5.0 (compatible; Yahoo! Slurp/3.0; http://help.yahoo.com/help/us/ysearch/slurp)"
67.195.37.187 - - [05/May/2008:13:42:10 -0400] "GET /?C=S;O=D HTTP/1.0" 200 826 "-" "Mozilla/5.0 (compatible; Yahoo! Slurp/3.0; http://help.yahoo.com/help/us/ysearch/slurp)"
67.195.37.187 - - [05/May/2008:13:46:34 -0400] "GET /?C=N;O=A HTTP/1.0" 200 826 "-" "Mozilla/5.0 (compatible; Yahoo! Slurp/3.0; http://help.yahoo.com/help/us/ysearch/slurp)"
65.55.208.136 - - [05/May/2008:15:09:22 -0400] "GET /?C=S;O=A HTTP/1.1" 200 826 "-" "msnbot/1.1 (+http://search.msn.com/msnbot.htm)"
65.55.208.132 - - [05/May/2008:15:37:16 -0400] "GET /robots.txt HTTP/1.1" 404 208 "-" "msnbot/1.1 (+http://search.msn.com/msnbot.htm)"
65.55.208.132 - - [05/May/2008:15:37:17 -0400] "GET /NoteBook/?C=M;O=A HTTP/1.1" 200 809 "-" "msnbot/1.1 (+http://search.msn.com/msnbot.htm)"
74.6.17.167 - - [05/May/2008:15:54:09 -0400] "GET /robots.txt HTTP/1.0" 404 208 "-" "Mozilla/5.0 (compatible; Yahoo! Slurp; http://help.yahoo.com/help/us/ysearch/slurp)"
74.6.19.32 - - [05/May/2008:15:54:10 -0400] "GET /?C=N;O=D HTTP/1.0" 200 826 "-" "Mozilla/5.0 (compatible; Yahoo! Slurp; http://help.yahoo.com/help/us/ysearch/slurp)"
65.55.208.122 - - [05/May/2008:15:57:33 -0400] "GET /robots.txt HTTP/1.1" 404 208 "-" "msnbot/1.1 (+http://search.msn.com/msnbot.htm)"
65.55.208.122 - - [05/May/2008:15:57:33 -0400] "GET /NoteBook/releases/ HTTP/1.1" 200 860 "-" "msnbot/1.1 (+http://search.msn.com/msnbot.htm)"
65.55.208.135 - - [05/May/2008:16:04:51 -0400] "GET /robots.txt HTTP/1.1" 404 208 "-" "msnbot/1.1 (+http://search.msn.com/msnbot.htm)"
65.55.208.135 - - [05/May/2008:16:04:51 -0400] "GET /?C=S;O=D HTTP/1.1" 200 826 "-" "msnbot/1.1 (+http://search.msn.com/msnbot.htm)"
91.47.156.229 - - [05/May/2008:16:20:43 -0400] "GET / HTTP/1.1" 200 826 "http://io.debian.net/~tar/gnustep/" "Mozilla/5.0 (X11; U; Linux i686; en; rv:1.9b5) Gecko Epiphany/2.22"
91.47.156.229 - - [05/May/2008:16:20:43 -0400] "GET /icons/blank.gif HTTP/1.1" 200 148 "http://notebook.cowgar.com/" "Mozilla/5.0 (X11; U; Linux i686; en; rv:1.9b5) Gecko Epiphany/2.22"
91.47.156.229 - - [05/May/2008:16:20:43 -0400] "GET /icons/folder.gif HTTP/1.1" 200 225 "http://notebook.cowgar.com/" "Mozilla/5.0 (X11; U; Linux i686; en; rv:1.9b5) Gecko Epiphany/2.22"
91.47.156.229 - - [05/May/2008:16:20:43 -0400] "GET /icons/unknown.gif HTTP/1.1" 200 245 "http://notebook.cowgar.com/" "Mozilla/5.0 (X11; U; Linux i686; en; rv:1.9b5) Gecko Epiphany/2.22"
91.47.156.229 - - [05/May/2008:16:20:46 -0400] "GET /NoteBook/ HTTP/1.1" 200 809 "http://notebook.cowgar.com/" "Mozilla/5.0 (X11; U; Linux i686; en; rv:1.9b5) Gecko Epiphany/2.22"
91.47.156.229 - - [05/May/2008:16:20:46 -0400] "GET /icons/back.gif HTTP/1.1" 200 216 "http://notebook.cowgar.com/NoteBook/" "Mozilla/5.0 (X11; U; Linux i686; en; rv:1.9b5) Gecko Epiphany/2.22"
91.47.156.229 - - [05/May/2008:16:20:48 -0400] "GET /NoteBook/releases/ HTTP/1.1" 200 860 "http://notebook.cowgar.com/NoteBook/" "Mozilla/5.0 (X11; U; Linux i686; en; rv:1.9b5) Gecko Epiphany/2.22"
91.47.156.229 - - [05/May/2008:16:20:49 -0400] "GET /icons/compressed.gif HTTP/1.1" 200 1038 "http://notebook.cowgar.com/NoteBook/releases/" "Mozilla/5.0 (X11; U; Linux i686; en; rv:1.9b5) Gecko Epiphany/2.22"
74.6.16.166 - - [05/May/2008:16:42:07 -0400] "GET /?C=N;O=A HTTP/1.0" 200 826 "-" "Mozilla/5.0 (compatible; Yahoo! Slurp; http://help.yahoo.com/help/us/ysearch/slurp)"
74.6.27.24 - - [05/May/2008:17:00:55 -0400] "GET /?C=D;O=D HTTP/1.0" 200 826 "-" "Mozilla/5.0 (compatible; Yahoo! Slurp; http://help.yahoo.com/help/us/ysearch/slurp)"
74.6.20.113 - - [05/May/2008:17:31:42 -0400] "GET /?C=D;O=A HTTP/1.0" 200 826 "-" "Mozilla/5.0 (compatible; Yahoo! Slurp; http://help.yahoo.com/help/us/ysearch/slurp)"
74.6.27.24 - - [05/May/2008:18:52:41 -0400] "GET /?C=D;O=D HTTP/1.0" 200 826 "-" "Mozilla/5.0 (compatible; Yahoo! Slurp; http://help.yahoo.com/help/us/ysearch/slurp)"
74.6.17.171 - - [05/May/2008:20:51:48 -0400] "GET /robots.txt HTTP/1.0" 404 208 "-" "Mozilla/5.0 (compatible; Yahoo! Slurp; http://help.yahoo.com/help/us/ysearch/slurp)"
74.6.26.169 - - [05/May/2008:20:51:48 -0400] "GET /NoteBook/releases/?C=N;O=D HTTP/1.0" 200 860 "-" "Mozilla/5.0 (compatible; Yahoo! Slurp; http://help.yahoo.com/help/us/ysearch/slurp)"
65.55.208.121 - - [05/May/2008:21:13:43 -0400] "GET /?C=N;O=D HTTP/1.1" 200 826 "-" "msnbot/1.1 (+http://search.msn.com/msnbot.htm)"
74.6.17.167 - - [05/May/2008:21:56:41 -0400] "GET /robots.txt HTTP/1.0" 404 208 "-" "Mozilla/5.0 (compatible; Yahoo! Slurp; http://help.yahoo.com/help/us/ysearch/slurp)"
74.6.24.236 - - [05/May/2008:21:56:42 -0400] "GET / HTTP/1.0" 200 826 "-" "Mozilla/5.0 (compatible; Yahoo! Slurp; http://help.yahoo.com/help/us/ysearch/slurp)"
64.1.215.163 - - [05/May/2008:22:19:49 -0400] "GET /robots.txt HTTP/1.0" 404 208 "-" "Mozilla/5.0 (Twiceler-0.9 http://www.cuill.com/twiceler/robot.html)"
64.62.142.170 - - [05/May/2008:23:02:08 -0400] "GET / HTTP/1.1" 200 826 "-" "Mozilla/4.0 (compatible; MSIE 5.5; Windows NT 5.0)"
64.62.142.170 - - [05/May/2008:23:02:09 -0400] "GET /icons/unknown.gif HTTP/1.1" 200 245 "-" "Mozilla/4.0 (compatible; MSIE 5.5; Windows NT 5.0)"
64.62.142.170 - - [05/May/2008:23:02:09 -0400] "GET /icons/folder.gif HTTP/1.1" 200 225 "-" "Mozilla/4.0 (compatible; MSIE 5.5; Windows NT 5.0)"
64.62.142.170 - - [05/May/2008:23:02:10 -0400] "GET /icons/blank.gif HTTP/1.1" 200 148 "-" "Mozilla/4.0 (compatible; MSIE 5.5; Windows NT 5.0)"
64.62.142.170 - - [05/May/2008:23:13:14 -0400] "GET /NoteBook/ HTTP/1.1" 200 809 "-" "Mozilla/4.0 (compatible; MSIE 5.5; Windows NT 5.0)"
64.62.142.170 - - [05/May/2008:23:13:14 -0400] "GET /access.log HTTP/1.1" 200 245977 "-" "Mozilla/4.0 (compatible; MSIE 5.5; Windows NT 5.0)"
64.62.142.170 - - [05/May/2008:23:13:15 -0400] "GET /icons/back.gif HTTP/1.1" 200 216 "-" "Mozilla/4.0 (compatible; MSIE 5.5; Windows NT 5.0)"
64.62.142.170 - - [05/May/2008:23:22:05 -0400] "GET /NoteBook/releases/ HTTP/1.1" 200 860 "-" "Mozilla/4.0 (compatible; MSIE 5.5; Windows NT 5.0)"
64.62.142.170 - - [05/May/2008:23:22:05 -0400] "GET /icons/compressed.gif HTTP/1.1" 200 1038 "-" "Mozilla/4.0 (compatible; MSIE 5.5; Windows NT 5.0)"
64.62.142.170 - - [05/May/2008:23:27:29 -0400] "GET /NoteBook/releases/NoteBook-0.3.tar.gz HTTP/1.1" 200 30612 "-" "Mozilla/4.0 (compatible; MSIE 5.5; Windows NT 5.0)"
63.225.19.241 - - [05/May/2008:23:38:12 -0400] "GET /robots.txt HTTP/1.0" 404 208 "-" "Gigabot/1.0"
63.225.19.241 - - [05/May/2008:23:38:12 -0400] "GET / HTTP/1.0" 200 826 "-" "Gigabot/1.0"
65.55.208.137 - - [06/May/2008:00:25:29 -0400] "GET /access.log HTTP/1.1" 200 246917 "-" "msnbot/1.1 (+http://search.msn.com/msnbot.htm)"
66.108.169.29 - - [06/May/2008:01:39:29 -0400] "GET / HTTP/1.1" 200 826 "-" "Mozilla/4.0 (compatible; MSIE 7.0b; Windows NT 6.0)"
217.172.44.82 - - [06/May/2008:02:04:24 -0400] "GET /robots.txt HTTP/1.1" 404 208 "-" "portscout/0.7.4"
217.172.44.82 - - [06/May/2008:02:04:25 -0400] "GET /NoteBook/releases/ HTTP/1.1" 200 860 "-" "portscout/0.7.4"
164.76.243.178 - - [06/May/2008:03:06:22 -0400] "GET /NoteBook/releases/NoteBook-0.3.tar.gz HTTP/1.1" 200 30612 "-" "fetch libfetch/2.0"
74.6.17.167 - - [06/May/2008:03:15:52 -0400] "GET /robots.txt HTTP/1.0" 404 208 "-" "Mozilla/5.0 (compatible; Yahoo! Slurp; http://help.yahoo.com/help/us/ysearch/slurp)"
74.6.11.223 - - [06/May/2008:03:16:09 -0400] "GET /NoteBook/ HTTP/1.0" 200 809 "-" "Mozilla/5.0 (compatible; Yahoo! Slurp; http://help.yahoo.com/help/us/ysearch/slurp)"
74.6.18.119 - - [06/May/2008:03:17:37 -0400] "GET /NoteBook/releases/ HTTP/1.0" 200 860 "-" "Mozilla/5.0 (compatible; Yahoo! Slurp; http://help.yahoo.com/help/us/ysearch/slurp)"
66.249.73.71 - - [06/May/2008:03:32:05 -0400] "GET /robots.txt HTTP/1.1" 404 208 "-" "Mozilla/5.0 (compatible; Googlebot/2.1; +http://www.google.com/bot.html)"
66.249.73.71 - - [06/May/2008:03:32:05 -0400] "GET /NoteBook/ HTTP/1.1" 200 809 "-" "Mozilla/5.0 (compatible; Googlebot/2.1; +http://www.google.com/bot.html)"
66.249.73.71 - - [06/May/2008:04:33:47 -0400] "GET /?C=M;O=A HTTP/1.1" 200 826 "-" "Mozilla/5.0 (compatible; Googlebot/2.1; +http://www.google.com/bot.html)"
74.6.26.188 - - [06/May/2008:05:16:08 -0400] "GET /NoteBook/?C=M;O=A HTTP/1.0" 200 809 "-" "Mozilla/5.0 (compatible; Yahoo! Slurp; http://help.yahoo.com/help/us/ysearch/slurp)"
74.6.16.228 - - [06/May/2008:05:20:42 -0400] "GET /?C=S;O=D HTTP/1.0" 200 826 "-" "Mozilla/5.0 (compatible; Yahoo! Slurp; http://help.yahoo.com/help/us/ysearch/slurp)"
74.6.19.223 - - [06/May/2008:06:06:32 -0400] "GET /robots.txt HTTP/1.0" 404 208 "-" "Mozilla/5.0 (compatible; Yahoo! Slurp; http://help.yahoo.com/help/us/ysearch/slurp)"
67.195.52.27 - - [06/May/2008:06:06:32 -0400] "GET / HTTP/1.0" 200 826 "-" "Mozilla/5.0 (compatible; Yahoo! Slurp; http://help.yahoo.com/help/us/ysearch/slurp)"
66.249.73.71 - - [06/May/2008:07:11:36 -0400] "GET /NoteBook/?C=N;O=A HTTP/1.1" 200 809 "-" "Mozilla/5.0 (compatible; Googlebot/2.1; +http://www.google.com/bot.html)"
72.30.179.226 - - [06/May/2008:07:37:35 -0400] "GET /?C=M;O=A HTTP/1.0" 200 826 "-" "Mozilla/5.0 (compatible; Yahoo! Slurp; http://help.yahoo.com/help/us/ysearch/slurp)"
