69.62.212.69 - - [16/Apr/2008:16:45:29 -0400] "GET / HTTP/1.1" 200 826 "http://www.selenic.com/mercurial/wiki/index.cgi/ProjectsUsingMercurial" "Mozilla/5.0 (X11; U; Linux x86_64; en; rv:1.8.1.3) Gecko/20070423 Epiphany/2.16 Firefox/2.0.0.3"
69.62.212.69 - - [16/Apr/2008:16:45:29 -0400] "GET /icons/blank.gif HTTP/1.1" 200 148 "http://notebook.cowgar.com/" "Mozilla/5.0 (X11; U; Linux x86_64; en; rv:1.8.1.3) Gecko/20070423 Epiphany/2.16 Firefox/2.0.0.3"
69.62.212.69 - - [16/Apr/2008:16:45:29 -0400] "GET /icons/unknown.gif HTTP/1.1" 200 245 "http://notebook.cowgar.com/" "Mozilla/5.0 (X11; U; Linux x86_64; en; rv:1.8.1.3) Gecko/20070423 Epiphany/2.16 Firefox/2.0.0.3"
69.62.212.69 - - [16/Apr/2008:16:45:29 -0400] "GET /icons/folder.gif HTTP/1.1" 200 225 "http://notebook.cowgar.com/" "Mozilla/5.0 (X11; U; Linux x86_64; en; rv:1.8.1.3) Gecko/20070423 Epiphany/2.16 Firefox/2.0.0.3"
69.62.212.69 - - [16/Apr/2008:16:45:31 -0400] "GET /NoteBook/ HTTP/1.1" 200 809 "http://notebook.cowgar.com/" "Mozilla/5.0 (X11; U; Linux x86_64; en; rv:1.8.1.3) Gecko/20070423 Epiphany/2.16 Firefox/2.0.0.3"
69.62.212.69 - - [16/Apr/2008:16:45:31 -0400] "GET /icons/back.gif HTTP/1.1" 200 216 "http://notebook.cowgar.com/NoteBook/" "Mozilla/5.0 (X11; U; Linux x86_64; en; rv:1.8.1.3) Gecko/20070423 Epiphany/2.16 Firefox/2.0.0.3"
69.62.212.69 - - [16/Apr/2008:16:45:35 -0400] "GET /NoteBook/releases/ HTTP/1.1" 200 860 "http://notebook.cowgar.com/NoteBook/" "Mozilla/5.0 (X11; U; Linux x86_64; en; rv:1.8.1.3) Gecko/20070423 Epiphany/2.16 Firefox/2.0.0.3"
69.62.212.69 - - [16/Apr/2008:16:45:36 -0400] "GET /icons/compressed.gif HTTP/1.1" 200 1038 "http://notebook.cowgar.com/NoteBook/releases/" "Mozilla/5.0 (X11; U; Linux x86_64; en; rv:1.8.1.3) Gecko/20070423 Epiphany/2.16 Firefox/2.0.0.3"
61.135.166.85 - - [16/Apr/2008:19:36:21 -0400] "GET /robots.txt HTTP/1.1" 404 208 "-" "Baiduspider+(+http://www.baidu.com/search/spider.htm)"
220.181.38.198 - - [16/Apr/2008:22:36:00 -0400] "GET / HTTP/1.1" 200 826 "-" "Baiduspider+(+http://www.baidu.com/search/spider.htm)"
217.172.44.82 - - [16/Apr/2008:23:23:39 -0400] "GET /robots.txt HTTP/1.1" 404 208 "-" "portscout/0.7.4"
217.172.44.82 - - [16/Apr/2008:23:23:39 -0400] "GET /NoteBook/releases/ HTTP/1.1" 200 860 "-" "portscout/0.7.4"
82.226.166.172 - - [17/Apr/2008:01:47:45 -0400] "GET / HTTP/1.1" 200 826 "http://www.gnustep.org/experience/apps.html" "Mozilla/5.0 (X11; U; Linux i686; fr; rv:1.8.1.13) Gecko/20080311 Iceweasel/2.0.0.13 (Debian-2.0.0.13-0etch1)"
82.226.166.172 - - [17/Apr/2008:01:47:45 -0400] "GET /icons/blank.gif HTTP/1.1" 200 148 "http://notebook.cowgar.com/" "Mozilla/5.0 (X11; U; Linux i686; fr; rv:1.8.1.13) Gecko/20080311 Iceweasel/2.0.0.13 (Debian-2.0.0.13-0etch1)"
82.226.166.172 - - [17/Apr/2008:01:47:46 -0400] "GET /icons/unknown.gif HTTP/1.1" 200 245 "http://notebook.cowgar.com/" "Mozilla/5.0 (X11; U; Linux i686; fr; rv:1.8.1.13) Gecko/20080311 Iceweasel/2.0.0.13 (Debian-2.0.0.13-0etch1)"
82.226.166.172 - - [17/Apr/2008:01:47:46 -0400] "GET /icons/folder.gif HTTP/1.1" 200 225 "http://notebook.cowgar.com/" "Mozilla/5.0 (X11; U; Linux i686; fr; rv:1.8.1.13) Gecko/20080311 Iceweasel/2.0.0.13 (Debian-2.0.0.13-0etch1)"
82.226.166.172 - - [17/Apr/2008:01:47:46 -0400] "GET /favicon.ico HTTP/1.1" 404 209 "-" "Mozilla/5.0 (X11; U; Linux i686; fr; rv:1.8.1.13) Gecko/20080311 Iceweasel/2.0.0.13 (Debian-2.0.0.13-0etch1)"
213.144.15.38 - - [17/Apr/2008:04:56:42 -0400] "GET /robots.txt HTTP/1.0" 404 208 "-" "larbin_2.6.3 (larbin2.6.3@unspecified.mail)"
213.144.15.38 - - [17/Apr/2008:04:57:42 -0400] "GET / HTTP/1.0" 200 826 "-" "larbin_2.6.3 larbin2.6.3@unspecified.mail"
89.122.224.230 - - [17/Apr/2008:06:01:04 -0400] "GET / HTTP/1.1" 200 826 "http://livecd.gnustep.org/" "Mozilla/4.0 (compatible; MSIE 6.0; Windows NT 5.1; SV1; .NET CLR 2.0.50727)"
81.19.67.14 - - [17/Apr/2008:06:32:25 -0400] "GET /robots.txt HTTP/1.1" 404 208 "-" "StackRambler/2.0 (MSIE incompatible)"
74.6.19.219 - - [17/Apr/2008:07:50:12 -0400] "GET /robots.txt HTTP/1.0" 404 208 "-" "Mozilla/5.0 (compatible; Yahoo! Slurp; http://help.yahoo.com/help/us/ysearch/slurp)"
67.195.58.180 - - [17/Apr/2008:07:50:13 -0400] "GET / HTTP/1.0" 200 826 "-" "Mozilla/5.0 (compatible; Yahoo! Slurp; http://help.yahoo.com/help/us/ysearch/slurp)"
89.122.29.36 - - [17/Apr/2008:09:19:59 -0400] "GET / HTTP/1.1" 200 826 "http://livecd.gnustep.org/" "Mozilla/4.0 (compatible; MSIE 6.0; Windows NT 5.1; SV1; .NET CLR 2.0.50727)"
77.91.224.11 - - [17/Apr/2008:09:52:56 -0400] "GET /robots.txt HTTP/1.1" 404 208 "-" "WebAlta Crawler/2.0 (http://www.webalta.net/ru/about_webmaster.html) (Windows; U; Windows NT 5.1; ru-RU)"
77.91.224.11 - - [17/Apr/2008:09:52:56 -0400] "GET / HTTP/1.1" 200 826 "-" "WebAlta Crawler/2.0 (http://www.webalta.net/ru/about_webmaster.html) (Windows; U; Windows NT 5.1; ru-RU)"
210.139.40.186 - - [17/Apr/2008:13:21:47 -0400] "GET / HTTP/1.1" 200 826 "http://www.gnustep.org/experience/apps.html" "Mozilla/5.0 (Macintosh; U; PPC Mac OS X 10_5_2; ja-jp) AppleWebKit/525.13 (KHTML, like Gecko) Version/3.1 Safari/525.13"
210.139.40.186 - - [17/Apr/2008:13:21:48 -0400] "GET /icons/unknown.gif HTTP/1.1" 200 245 "http://notebook.cowgar.com/" "Mozilla/5.0 (Macintosh; U; PPC Mac OS X 10_5_2; ja-jp) AppleWebKit/525.13 (KHTML, like Gecko) Version/3.1 Safari/525.13"
210.139.40.186 - - [17/Apr/2008:13:21:48 -0400] "GET /icons/blank.gif HTTP/1.1" 200 148 "http://notebook.cowgar.com/" "Mozilla/5.0 (Macintosh; U; PPC Mac OS X 10_5_2; ja-jp) AppleWebKit/525.13 (KHTML, like Gecko) Version/3.1 Safari/525.13"
210.139.40.186 - - [17/Apr/2008:13:21:48 -0400] "GET /icons/folder.gif HTTP/1.1" 200 225 "http://notebook.cowgar.com/" "Mozilla/5.0 (Macintosh; U; PPC Mac OS X 10_5_2; ja-jp) AppleWebKit/525.13 (KHTML, like Gecko) Version/3.1 Safari/525.13"
210.139.40.186 - - [17/Apr/2008:13:21:48 -0400] "GET /favicon.ico HTTP/1.1" 404 209 "http://notebook.cowgar.com/" "Mozilla/5.0 (Macintosh; U; PPC Mac OS X 10_5_2; ja-jp) AppleWebKit/525.13 (KHTML, like Gecko) Version/3.1 Safari/525.13"
116.193.110.181 - - [17/Apr/2008:14:01:40 -0400] "GET / HTTP/1.1" 200 826 "http://wiki.gnustep.org/index.php/NoteBook.app" "Opera/9.27 (Windows NT 5.1; U; ja)"
116.193.110.181 - - [17/Apr/2008:14:01:40 -0400] "GET /icons/blank.gif HTTP/1.1" 200 148 "http://notebook.cowgar.com/" "Opera/9.27 (Windows NT 5.1; U; ja)"
116.193.110.181 - - [17/Apr/2008:14:01:40 -0400] "GET /icons/folder.gif HTTP/1.1" 200 225 "http://notebook.cowgar.com/" "Opera/9.27 (Windows NT 5.1; U; ja)"
116.193.110.181 - - [17/Apr/2008:14:01:40 -0400] "GET /icons/unknown.gif HTTP/1.1" 200 245 "http://notebook.cowgar.com/" "Opera/9.27 (Windows NT 5.1; U; ja)"
116.193.110.181 - - [17/Apr/2008:14:01:40 -0400] "GET /favicon.ico HTTP/1.1" 404 209 "http://notebook.cowgar.com/" "Opera/9.27 (Windows NT 5.1; U; ja)"
89.122.29.80 - - [17/Apr/2008:14:13:31 -0400] "GET / HTTP/1.1" 200 826 "http://livecd.gnustep.org/" "Mozilla/4.0 (compatible; MSIE 6.0; Windows NT 5.1; SV1; .NET CLR 2.0.50727)"
216.218.240.130 - - [17/Apr/2008:14:37:48 -0400] "GET /screenshots/NoteBook-0.3-thumb.png HTTP/1.1" 404 232 "-" "-"
216.218.240.130 - - [17/Apr/2008:14:37:48 -0400] "GET /screenshots/NoteBook-tip-Win32-thumb.png HTTP/1.1" 404 238 "-" "-"
140.123.100.13 - - [17/Apr/2008:17:16:08 -0400] "GET /robots.txt HTTP/1.0" 404 208 "-" "Gaisbot/3.0+(robot06@gais.cs.ccu.edu.tw;+http://gais.cs.ccu.edu.tw/robot.php)"
140.123.100.13 - - [17/Apr/2008:17:33:31 -0400] "GET / HTTP/1.0" 200 826 "-" "Gaisbot/3.0+(robot06@gais.cs.ccu.edu.tw;+http://gais.cs.ccu.edu.tw/robot.php)"
89.122.29.124 - - [17/Apr/2008:18:18:16 -0400] "GET / HTTP/1.1" 200 826 "http://livecd.gnustep.org/" "Mozilla/4.0 (compatible; MSIE 6.0; Windows NT 5.1; SV1; .NET CLR 2.0.50727)"
89.122.29.40 - - [17/Apr/2008:18:34:15 -0400] "GET / HTTP/1.1" 200 826 "http://www.selenic.com/mercurial/wiki/index.cgi/ProjectsUsingMercurial" "Mozilla/4.0 (compatible; MSIE 6.0; Windows NT 5.1; SV1; .NET CLR 2.0.50727)"
38.98.18.219 - - [17/Apr/2008:18:49:59 -0400] "GET /robots.txt HTTP/1.1" 404 208 "-" "LinkAider"
217.172.44.82 - - [17/Apr/2008:22:56:04 -0400] "GET /NoteBook/releases/ HTTP/1.1" 200 860 "-" "portscout/0.7.4"
205.142.112.233 - - [17/Apr/2008:23:39:09 -0400] "GET /robots.txt HTTP/1.0" 404 208 "-" "Mozilla/4.0 (compatible; MSIE 4.01; Windows NT; MS Search 5.0 Robot)"
205.142.112.233 - - [17/Apr/2008:23:39:09 -0400] "GET / HTTP/1.0" 200 826 "-" "Mozilla/4.0 (compatible; MSIE 4.01; Windows NT; MS Search 5.0 Robot)"
213.144.15.38 - - [18/Apr/2008:00:45:34 -0400] "GET /robots.txt HTTP/1.0" 404 208 "-" "larbin_2.6.3 (larbin2.6.3@unspecified.mail)"
213.144.15.38 - - [18/Apr/2008:00:45:34 -0400] "GET /NoteBook/ HTTP/1.0" 200 809 "-" "larbin_2.6.3 larbin2.6.3@unspecified.mail"
213.144.15.38 - - [18/Apr/2008:00:46:34 -0400] "GET /access.log HTTP/1.0" 200 8732 "-" "larbin_2.6.3 larbin2.6.3@unspecified.mail"
65.55.235.139 - - [18/Apr/2008:01:04:03 -0400] "GET /robots.txt HTTP/1.0" 404 208 "-" "msnbot-media/1.0 (+http://search.msn.com/msnbot.htm)"
65.55.235.139 - - [18/Apr/2008:01:04:03 -0400] "GET / HTTP/1.0" 200 826 "-" "msnbot-media/1.0 (+http://search.msn.com/msnbot.htm)"
67.195.37.187 - - [18/Apr/2008:02:06:05 -0400] "GET /robots.txt HTTP/1.0" 404 208 "-" "Mozilla/5.0 (compatible; Yahoo! Slurp; http://help.yahoo.com/help/us/ysearch/slurp)"
67.195.37.187 - - [18/Apr/2008:02:06:05 -0400] "GET / HTTP/1.0" 200 826 "-" "Mozilla/5.0 (compatible; Yahoo! Slurp/3.0; http://help.yahoo.com/help/us/ysearch/slurp)"
67.195.37.187 - - [18/Apr/2008:02:10:10 -0400] "GET /NoteBook/ HTTP/1.0" 200 809 "-" "Mozilla/5.0 (compatible; Yahoo! Slurp/3.0; http://help.yahoo.com/help/us/ysearch/slurp)"
67.195.37.187 - - [18/Apr/2008:02:11:39 -0400] "GET /access.log HTTP/1.0" 200 9648 "-" "Mozilla/5.0 (compatible; Yahoo! Slurp/3.0; http://help.yahoo.com/help/us/ysearch/slurp)"
67.195.37.187 - - [18/Apr/2008:02:13:03 -0400] "GET /?C=N;O=D HTTP/1.0" 200 826 "-" "Mozilla/5.0 (compatible; Yahoo! Slurp/3.0; http://help.yahoo.com/help/us/ysearch/slurp)"
67.195.37.187 - - [18/Apr/2008:02:15:37 -0400] "GET /?C=S;O=A HTTP/1.0" 200 826 "-" "Mozilla/5.0 (compatible; Yahoo! Slurp/3.0; http://help.yahoo.com/help/us/ysearch/slurp)"
67.195.37.187 - - [18/Apr/2008:02:16:03 -0400] "GET /?C=D;O=A HTTP/1.0" 200 826 "-" "Mozilla/5.0 (compatible; Yahoo! Slurp/3.0; http://help.yahoo.com/help/us/ysearch/slurp)"
67.195.37.187 - - [18/Apr/2008:02:18:26 -0400] "GET /NoteBook/releases/ HTTP/1.0" 200 860 "-" "Mozilla/5.0 (compatible; Yahoo! Slurp/3.0; http://help.yahoo.com/help/us/ysearch/slurp)"
67.195.37.187 - - [18/Apr/2008:02:18:53 -0400] "GET /?C=N;O=A HTTP/1.0" 200 826 "-" "Mozilla/5.0 (compatible; Yahoo! Slurp/3.0; http://help.yahoo.com/help/us/ysearch/slurp)"
67.195.37.187 - - [18/Apr/2008:02:19:10 -0400] "GET /NoteBook/?C=D;O=A HTTP/1.0" 200 809 "-" "Mozilla/5.0 (compatible; Yahoo! Slurp/3.0; http://help.yahoo.com/help/us/ysearch/slurp)"
67.195.37.187 - - [18/Apr/2008:02:19:19 -0400] "GET /NoteBook/?C=N;O=D HTTP/1.0" 200 809 "-" "Mozilla/5.0 (compatible; Yahoo! Slurp/3.0; http://help.yahoo.com/help/us/ysearch/slurp)"
67.195.37.187 - - [18/Apr/2008:02:19:29 -0400] "GET /NoteBook/?C=S;O=A HTTP/1.0" 200 809 "-" "Mozilla/5.0 (compatible; Yahoo! Slurp/3.0; http://help.yahoo.com/help/us/ysearch/slurp)"
67.195.37.187 - - [18/Apr/2008:02:24:23 -0400] "GET /NoteBook/releases/?C=S;O=A HTTP/1.0" 200 860 "-" "Mozilla/5.0 (compatible; Yahoo! Slurp/3.0; http://help.yahoo.com/help/us/ysearch/slurp)"
67.195.37.187 - - [18/Apr/2008:02:29:02 -0400] "GET /?C=D;O=D HTTP/1.0" 200 826 "-" "Mozilla/5.0 (compatible; Yahoo! Slurp/3.0; http://help.yahoo.com/help/us/ysearch/slurp)"
67.195.37.187 - - [18/Apr/2008:02:33:49 -0400] "GET /?C=S;O=D HTTP/1.0" 200 826 "-" "Mozilla/5.0 (compatible; Yahoo! Slurp/3.0; http://help.yahoo.com/help/us/ysearch/slurp)"
67.195.37.187 - - [18/Apr/2008:02:46:37 -0400] "GET /NoteBook/?C=M;O=A HTTP/1.0" 200 809 "-" "Mozilla/5.0 (compatible; Yahoo! Slurp/3.0; http://help.yahoo.com/help/us/ysearch/slurp)"
65.55.235.139 - - [18/Apr/2008:02:48:10 -0400] "GET /robots.txt HTTP/1.0" 404 208 "-" "msnbot-media/1.0 (+http://search.msn.com/msnbot.htm)"
65.55.235.139 - - [18/Apr/2008:02:48:10 -0400] "GET /icons/folder.gif HTTP/1.0" 200 225 "-" "msnbot-media/1.0 (+http://search.msn.com/msnbot.htm)"
65.55.235.139 - - [18/Apr/2008:02:58:17 -0400] "GET /?C=M;O=A HTTP/1.0" 200 826 "-" "msnbot-media/1.0 (+http://search.msn.com/msnbot.htm)"
65.55.235.139 - - [18/Apr/2008:02:58:19 -0400] "GET /?C=N;O=D HTTP/1.0" 200 826 "-" "msnbot-media/1.0 (+http://search.msn.com/msnbot.htm)"
65.55.235.139 - - [18/Apr/2008:03:00:52 -0400] "GET /icons/blank.gif HTTP/1.0" 200 148 "-" "msnbot-media/1.0 (+http://search.msn.com/msnbot.htm)"
65.55.235.139 - - [18/Apr/2008:03:11:37 -0400] "GET /icons/unknown.gif HTTP/1.0" 200 245 "-" "msnbot-media/1.0 (+http://search.msn.com/msnbot.htm)"
65.55.235.139 - - [18/Apr/2008:03:59:12 -0400] "GET /NoteBook/ HTTP/1.0" 200 809 "-" "msnbot-media/1.0 (+http://search.msn.com/msnbot.htm)"
65.55.235.139 - - [18/Apr/2008:04:05:49 -0400] "GET /?C=S;O=A HTTP/1.0" 200 826 "-" "msnbot-media/1.0 (+http://search.msn.com/msnbot.htm)"
65.55.235.139 - - [18/Apr/2008:04:10:14 -0400] "GET /?C=D;O=A HTTP/1.0" 200 826 "-" "msnbot-media/1.0 (+http://search.msn.com/msnbot.htm)"
65.55.235.139 - - [18/Apr/2008:04:10:38 -0400] "GET /access.log HTTP/1.0" 200 13255 "-" "msnbot-media/1.0 (+http://search.msn.com/msnbot.htm)"
208.96.54.71 - - [18/Apr/2008:04:52:42 -0400] "GET /robots.txt HTTP/1.1" 404 208 "-" "Mozilla/5.0 (compatible; discobot/1.0; +http://discoveryengine.com/discobot.html)"
67.195.37.187 - - [18/Apr/2008:05:28:19 -0400] "GET /NoteBook/releases/?C=N;O=D HTTP/1.0" 200 860 "-" "Mozilla/5.0 (compatible; Yahoo! Slurp/3.0; http://help.yahoo.com/help/us/ysearch/slurp)"
89.122.29.105 - - [18/Apr/2008:05:58:37 -0400] "GET / HTTP/1.1" 200 826 "http://livecd.gnustep.org/" "Mozilla/4.0 (compatible; MSIE 6.0; Windows NT 5.1; SV1; .NET CLR 2.0.50727)"
65.55.107.38 - - [18/Apr/2008:07:11:15 -0400] "GET /robots.txt HTTP/1.1" 404 208 "-" "msnbot/1.1 (+http://search.msn.com/msnbot.htm)"
65.55.107.38 - - [18/Apr/2008:07:11:15 -0400] "GET / HTTP/1.1" 200 826 "-" "msnbot/1.1 (+http://search.msn.com/msnbot.htm)"
67.195.37.187 - - [18/Apr/2008:07:36:13 -0400] "GET /robots.txt HTTP/1.0" 404 208 "-" "Mozilla/5.0 (compatible; Yahoo! Slurp; http://help.yahoo.com/help/us/ysearch/slurp)"
67.195.37.187 - - [18/Apr/2008:07:36:13 -0400] "GET /NoteBook/releases/NoteBook-0.3.tar.gz HTTP/1.0" 200 30612 "-" "Mozilla/5.0 (compatible; Yahoo! Slurp/3.0; http://help.yahoo.com/help/us/ysearch/slurp)"
65.55.107.38 - - [18/Apr/2008:08:02:04 -0400] "GET /NoteBook/ HTTP/1.1" 200 809 "-" "msnbot/1.1 (+http://search.msn.com/msnbot.htm)"
89.122.29.33 - - [18/Apr/2008:10:36:32 -0400] "GET / HTTP/1.1" 200 826 "http://livecd.gnustep.org/" "Mozilla/4.0 (compatible; MSIE 6.0; Windows NT 5.1; SV1; .NET CLR 2.0.50727)"
216.82.246.228 - - [18/Apr/2008:10:53:00 -0400] "GET / HTTP/1.1" 200 826 "http://gnustep.org/experience/apps.html" "Mozilla/5.0 (X11; U; Linux i686; en-US; rv:1.8.0.12) Gecko/20080409 Red Hat/1.5.0.12-0.15.el4 Firefox/1.5.0.12 pango-text"
216.82.246.228 - - [18/Apr/2008:10:53:00 -0400] "GET /icons/blank.gif HTTP/1.1" 200 148 "http://notebook.cowgar.com/" "Mozilla/5.0 (X11; U; Linux i686; en-US; rv:1.8.0.12) Gecko/20080409 Red Hat/1.5.0.12-0.15.el4 Firefox/1.5.0.12 pango-text"
216.82.246.228 - - [18/Apr/2008:10:53:00 -0400] "GET /icons/folder.gif HTTP/1.1" 200 225 "http://notebook.cowgar.com/" "Mozilla/5.0 (X11; U; Linux i686; en-US; rv:1.8.0.12) Gecko/20080409 Red Hat/1.5.0.12-0.15.el4 Firefox/1.5.0.12 pango-text"
216.82.246.228 - - [18/Apr/2008:10:53:00 -0400] "GET /icons/unknown.gif HTTP/1.1" 200 245 "http://notebook.cowgar.com/" "Mozilla/5.0 (X11; U; Linux i686; en-US; rv:1.8.0.12) Gecko/20080409 Red Hat/1.5.0.12-0.15.el4 Firefox/1.5.0.12 pango-text"
216.82.246.228 - - [18/Apr/2008:10:53:00 -0400] "GET /favicon.ico HTTP/1.1" 404 209 "-" "Mozilla/5.0 (X11; U; Linux i686; en-US; rv:1.8.0.12) Gecko/20080409 Red Hat/1.5.0.12-0.15.el4 Firefox/1.5.0.12 pango-text"
216.82.246.228 - - [18/Apr/2008:10:53:00 -0400] "GET /favicon.ico HTTP/1.1" 404 209 "-" "Mozilla/5.0 (X11; U; Linux i686; en-US; rv:1.8.0.12) Gecko/20080409 Red Hat/1.5.0.12-0.15.el4 Firefox/1.5.0.12 pango-text"
216.82.246.228 - - [18/Apr/2008:11:27:00 -0400] "GET /favicon.ico HTTP/1.1" 404 209 "-" "Mozilla/5.0 (X11; U; Linux i686; en-US; rv:1.8.0.12) Gecko/20080409 Red Hat/1.5.0.12-0.15.el4 Firefox/1.5.0.12 pango-text"
216.82.246.228 - - [18/Apr/2008:11:27:06 -0400] "GET /NoteBook/ HTTP/1.1" 200 809 "http://notebook.cowgar.com/" "Mozilla/5.0 (X11; U; Linux i686; en-US; rv:1.8.0.12) Gecko/20080409 Red Hat/1.5.0.12-0.15.el4 Firefox/1.5.0.12 pango-text"
216.82.246.228 - - [18/Apr/2008:11:27:06 -0400] "GET /icons/back.gif HTTP/1.1" 200 216 "http://notebook.cowgar.com/NoteBook/" "Mozilla/5.0 (X11; U; Linux i686; en-US; rv:1.8.0.12) Gecko/20080409 Red Hat/1.5.0.12-0.15.el4 Firefox/1.5.0.12 pango-text"
216.82.246.228 - - [18/Apr/2008:11:27:07 -0400] "GET /NoteBook/releases/ HTTP/1.1" 200 860 "http://notebook.cowgar.com/NoteBook/" "Mozilla/5.0 (X11; U; Linux i686; en-US; rv:1.8.0.12) Gecko/20080409 Red Hat/1.5.0.12-0.15.el4 Firefox/1.5.0.12 pango-text"
216.82.246.228 - - [18/Apr/2008:11:27:07 -0400] "GET /icons/compressed.gif HTTP/1.1" 200 1038 "http://notebook.cowgar.com/NoteBook/releases/" "Mozilla/5.0 (X11; U; Linux i686; en-US; rv:1.8.0.12) Gecko/20080409 Red Hat/1.5.0.12-0.15.el4 Firefox/1.5.0.12 pango-text"
216.82.246.228 - - [18/Apr/2008:11:27:09 -0400] "GET /NoteBook/releases/NoteBook-0.3.tar.gz HTTP/1.1" 200 30612 "http://notebook.cowgar.com/NoteBook/releases/" "Mozilla/5.0 (X11; U; Linux i686; en-US; rv:1.8.0.12) Gecko/20080409 Red Hat/1.5.0.12-0.15.el4 Firefox/1.5.0.12 pango-text"
216.82.246.228 - - [18/Apr/2008:11:33:24 -0400] "GET /NoteBook/releases/ HTTP/1.1" 200 860 "-" "Mozilla/5.0 (X11; U; Linux i686; en-US; rv:1.8.0.12) Gecko/20080409 Red Hat/1.5.0.12-0.15.el4 Firefox/1.5.0.12 pango-text"
216.82.246.228 - - [18/Apr/2008:11:33:24 -0400] "GET /icons/blank.gif HTTP/1.1" 200 148 "http://notebook.cowgar.com/NoteBook/releases/" "Mozilla/5.0 (X11; U; Linux i686; en-US; rv:1.8.0.12) Gecko/20080409 Red Hat/1.5.0.12-0.15.el4 Firefox/1.5.0.12 pango-text"
216.82.246.228 - - [18/Apr/2008:11:33:24 -0400] "GET /icons/back.gif HTTP/1.1" 200 216 "http://notebook.cowgar.com/NoteBook/releases/" "Mozilla/5.0 (X11; U; Linux i686; en-US; rv:1.8.0.12) Gecko/20080409 Red Hat/1.5.0.12-0.15.el4 Firefox/1.5.0.12 pango-text"
216.82.246.228 - - [18/Apr/2008:11:33:24 -0400] "GET /icons/compressed.gif HTTP/1.1" 200 1038 "http://notebook.cowgar.com/NoteBook/releases/" "Mozilla/5.0 (X11; U; Linux i686; en-US; rv:1.8.0.12) Gecko/20080409 Red Hat/1.5.0.12-0.15.el4 Firefox/1.5.0.12 pango-text"
216.82.246.228 - - [18/Apr/2008:11:33:24 -0400] "GET /favicon.ico HTTP/1.1" 404 209 "-" "Mozilla/5.0 (X11; U; Linux i686; en-US; rv:1.8.0.12) Gecko/20080409 Red Hat/1.5.0.12-0.15.el4 Firefox/1.5.0.12 pango-text"
216.82.246.228 - - [18/Apr/2008:11:35:15 -0400] "GET /NoteBook/ HTTP/1.1" 200 809 "-" "Mozilla/5.0 (X11; U; Linux i686; en-US; rv:1.8.0.12) Gecko/20080409 Red Hat/1.5.0.12-0.15.el4 Firefox/1.5.0.12 pango-text"
216.82.246.228 - - [18/Apr/2008:11:35:15 -0400] "GET /icons/folder.gif HTTP/1.1" 200 225 "http://notebook.cowgar.com/NoteBook/" "Mozilla/5.0 (X11; U; Linux i686; en-US; rv:1.8.0.12) Gecko/20080409 Red Hat/1.5.0.12-0.15.el4 Firefox/1.5.0.12 pango-text"
216.82.246.228 - - [18/Apr/2008:11:35:16 -0400] "GET / HTTP/1.1" 200 826 "-" "Mozilla/5.0 (X11; U; Linux i686; en-US; rv:1.8.0.12) Gecko/20080409 Red Hat/1.5.0.12-0.15.el4 Firefox/1.5.0.12 pango-text"
216.82.246.228 - - [18/Apr/2008:11:35:16 -0400] "GET /icons/unknown.gif HTTP/1.1" 200 245 "http://notebook.cowgar.com/" "Mozilla/5.0 (X11; U; Linux i686; en-US; rv:1.8.0.12) Gecko/20080409 Red Hat/1.5.0.12-0.15.el4 Firefox/1.5.0.12 pango-text"
216.82.246.228 - - [18/Apr/2008:11:35:21 -0400] "GET / HTTP/1.1" 200 826 "-" "Mozilla/5.0 (X11; U; Linux i686; en-US; rv:1.8.0.12) Gecko/20080409 Red Hat/1.5.0.12-0.15.el4 Firefox/1.5.0.12 pango-text"
89.122.29.36 - - [18/Apr/2008:12:00:41 -0400] "GET / HTTP/1.1" 200 826 "http://livecd.gnustep.org/" "Mozilla/4.0 (compatible; MSIE 6.0; Windows NT 5.1; SV1; .NET CLR 2.0.50727)"
67.195.37.187 - - [18/Apr/2008:13:44:31 -0400] "GET /robots.txt HTTP/1.0" 404 208 "-" "Mozilla/5.0 (compatible; Yahoo! Slurp; http://help.yahoo.com/help/us/ysearch/slurp)"
67.195.37.187 - - [18/Apr/2008:13:44:32 -0400] "GET /NoteBook/releases/?C=M;O=A HTTP/1.0" 200 860 "-" "Mozilla/5.0 (compatible; Yahoo! Slurp/3.0; http://help.yahoo.com/help/us/ysearch/slurp)"
89.122.29.128 - - [18/Apr/2008:13:54:12 -0400] "GET / HTTP/1.1" 200 826 "http://livecd.gnustep.org/" "Mozilla/4.0 (compatible; MSIE 6.0; Windows NT 5.1; SV1; .NET CLR 2.0.50727)"
80.236.111.253 - - [18/Apr/2008:14:20:43 -0400] "GET / HTTP/1.1" 200 826 "http://www.gnustep.org/experience/apps.html" "Mozilla/4.0 (compatible; MSIE 7.0; Windows NT 6.0; SLCC1; .NET CLR 2.0.50727; .NET CLR 3.0.04506)"
80.236.111.253 - - [18/Apr/2008:14:20:43 -0400] "GET /icons/blank.gif HTTP/1.1" 200 148 "http://notebook.cowgar.com/" "Mozilla/4.0 (compatible; MSIE 7.0; Windows NT 6.0; SLCC1; .NET CLR 2.0.50727; .NET CLR 3.0.04506)"
80.236.111.253 - - [18/Apr/2008:14:20:43 -0400] "GET /icons/folder.gif HTTP/1.1" 200 225 "http://notebook.cowgar.com/" "Mozilla/4.0 (compatible; MSIE 7.0; Windows NT 6.0; SLCC1; .NET CLR 2.0.50727; .NET CLR 3.0.04506)"
80.236.111.253 - - [18/Apr/2008:14:20:43 -0400] "GET /icons/unknown.gif HTTP/1.1" 200 245 "http://notebook.cowgar.com/" "Mozilla/4.0 (compatible; MSIE 7.0; Windows NT 6.0; SLCC1; .NET CLR 2.0.50727; .NET CLR 3.0.04506)"
80.236.111.253 - - [18/Apr/2008:14:20:44 -0400] "GET /favicon.ico HTTP/1.1" 404 209 "-" "Mozilla/4.0 (compatible; MSIE 7.0; Windows NT 6.0; SLCC1; .NET CLR 2.0.50727; .NET CLR 3.0.04506)"
80.236.111.253 - - [18/Apr/2008:14:20:46 -0400] "GET /NoteBook/ HTTP/1.1" 200 809 "http://notebook.cowgar.com/" "Mozilla/4.0 (compatible; MSIE 7.0; Windows NT 6.0; SLCC1; .NET CLR 2.0.50727; .NET CLR 3.0.04506)"
80.236.111.253 - - [18/Apr/2008:14:20:46 -0400] "GET /icons/back.gif HTTP/1.1" 200 216 "http://notebook.cowgar.com/NoteBook/" "Mozilla/4.0 (compatible; MSIE 7.0; Windows NT 6.0; SLCC1; .NET CLR 2.0.50727; .NET CLR 3.0.04506)"
80.236.111.253 - - [18/Apr/2008:14:20:48 -0400] "GET /NoteBook/releases/ HTTP/1.1" 200 860 "http://notebook.cowgar.com/NoteBook/" "Mozilla/4.0 (compatible; MSIE 7.0; Windows NT 6.0; SLCC1; .NET CLR 2.0.50727; .NET CLR 3.0.04506)"
80.236.111.253 - - [18/Apr/2008:14:20:48 -0400] "GET /icons/compressed.gif HTTP/1.1" 200 1038 "http://notebook.cowgar.com/NoteBook/releases/" "Mozilla/4.0 (compatible; MSIE 7.0; Windows NT 6.0; SLCC1; .NET CLR 2.0.50727; .NET CLR 3.0.04506)"
80.236.111.253 - - [18/Apr/2008:14:28:37 -0400] "GET /NoteBook/releases/NoteBook-0.3.tar.gz HTTP/1.1" 200 30612 "http://notebook.cowgar.com/NoteBook/releases/" "Mozilla/4.0 (compatible; MSIE 5.00; Windows 98)"
80.236.111.253 - - [18/Apr/2008:14:28:38 -0400] "GET /NoteBook/releases/NoteBook-0.3.tar.gz HTTP/1.1" 206 25128 "http://notebook.cowgar.com/NoteBook/releases/" "Mozilla/4.0 (compatible; MSIE 5.00; Windows 98)"
217.172.44.82 - - [19/Apr/2008:00:21:39 -0400] "GET /robots.txt HTTP/1.1" 404 208 "-" "portscout/0.7.4"
217.172.44.82 - - [19/Apr/2008:00:21:39 -0400] "GET /NoteBook/releases/ HTTP/1.1" 200 860 "-" "portscout/0.7.4"
65.55.208.68 - - [19/Apr/2008:00:28:32 -0400] "GET /robots.txt HTTP/1.1" 404 208 "-" "msnbot/1.1 (+http://search.msn.com/msnbot.htm)"
65.55.208.68 - - [19/Apr/2008:00:28:33 -0400] "GET / HTTP/1.1" 200 826 "-" "msnbot/1.1 (+http://search.msn.com/msnbot.htm)"
67.195.37.187 - - [19/Apr/2008:02:09:53 -0400] "GET /robots.txt HTTP/1.0" 404 208 "-" "Mozilla/5.0 (compatible; Yahoo! Slurp; http://help.yahoo.com/help/us/ysearch/slurp)"
67.195.37.187 - - [19/Apr/2008:02:09:53 -0400] "GET / HTTP/1.0" 200 826 "-" "Mozilla/5.0 (compatible; Yahoo! Slurp/3.0; http://help.yahoo.com/help/us/ysearch/slurp)"
65.55.235.139 - - [19/Apr/2008:03:57:06 -0400] "GET /robots.txt HTTP/1.0" 404 208 "-" "msnbot-media/1.0 (+http://search.msn.com/msnbot.htm)"
65.55.235.139 - - [19/Apr/2008:03:57:07 -0400] "GET /?C=M;O=D HTTP/1.0" 200 826 "-" "msnbot-media/1.0 (+http://search.msn.com/msnbot.htm)"
65.55.235.139 - - [19/Apr/2008:05:47:00 -0400] "GET /?C=S;O=D HTTP/1.0" 200 826 "-" "msnbot-media/1.0 (+http://search.msn.com/msnbot.htm)"
65.55.235.139 - - [19/Apr/2008:05:47:02 -0400] "GET /?C=D;O=D HTTP/1.0" 200 826 "-" "msnbot-media/1.0 (+http://search.msn.com/msnbot.htm)"
213.96.214.72 - - [19/Apr/2008:07:30:45 -0400] "GET / HTTP/1.1" 200 826 "http://livecd.gnustep.org/" "Mozilla/4.0 (compatible; MSIE 7.0; Windows NT 5.1)"
164.76.243.14 - - [19/Apr/2008:08:16:54 -0400] "GET /NoteBook/releases/NoteBook-0.3.tar.gz HTTP/1.1" 200 30612 "-" "fetch libfetch/2.0"
67.195.37.187 - - [19/Apr/2008:10:10:24 -0400] "GET /robots.txt HTTP/1.0" 404 208 "-" "Mozilla/5.0 (compatible; Yahoo! Slurp; http://help.yahoo.com/help/us/ysearch/slurp)"
67.195.37.187 - - [19/Apr/2008:10:10:24 -0400] "GET / HTTP/1.0" 200 826 "-" "Mozilla/5.0 (compatible; Yahoo! Slurp/3.0; http://help.yahoo.com/help/us/ysearch/slurp)"
85.30.205.1 - - [19/Apr/2008:11:41:55 -0400] "GET /NoteBook/releases/NoteBook-0.3.tar.gz HTTP/1.1" 200 30612 "-" "fetch libfetch/2.0"
98.204.131.237 - - [19/Apr/2008:12:03:46 -0400] "GET / HTTP/1.1" 200 826 "http://gnustep.org/experience/apps.html" "Mozilla/4.0 (compatible; MSIE 7.0; Windows NT 5.1; .NET CLR 1.0.3705; .NET CLR 1.1.4322; Media Center PC 4.0; .NET CLR 2.0.50727)"
98.204.131.237 - - [19/Apr/2008:12:03:46 -0400] "GET /icons/blank.gif HTTP/1.1" 200 148 "http://notebook.cowgar.com/" "Mozilla/4.0 (compatible; MSIE 7.0; Windows NT 5.1; .NET CLR 1.0.3705; .NET CLR 1.1.4322; Media Center PC 4.0; .NET CLR 2.0.50727)"
98.204.131.237 - - [19/Apr/2008:12:03:46 -0400] "GET /icons/unknown.gif HTTP/1.1" 200 245 "http://notebook.cowgar.com/" "Mozilla/4.0 (compatible; MSIE 7.0; Windows NT 5.1; .NET CLR 1.0.3705; .NET CLR 1.1.4322; Media Center PC 4.0; .NET CLR 2.0.50727)"
98.204.131.237 - - [19/Apr/2008:12:03:46 -0400] "GET /icons/folder.gif HTTP/1.1" 200 225 "http://notebook.cowgar.com/" "Mozilla/4.0 (compatible; MSIE 7.0; Windows NT 5.1; .NET CLR 1.0.3705; .NET CLR 1.1.4322; Media Center PC 4.0; .NET CLR 2.0.50727)"
98.204.131.237 - - [19/Apr/2008:12:03:46 -0400] "GET /favicon.ico HTTP/1.1" 404 209 "-" "Mozilla/4.0 (compatible; MSIE 7.0; Windows NT 5.1; .NET CLR 1.0.3705; .NET CLR 1.1.4322; Media Center PC 4.0; .NET CLR 2.0.50727)"
98.204.131.237 - - [19/Apr/2008:12:03:48 -0400] "GET /NoteBook/ HTTP/1.1" 200 809 "http://notebook.cowgar.com/" "Mozilla/4.0 (compatible; MSIE 7.0; Windows NT 5.1; .NET CLR 1.0.3705; .NET CLR 1.1.4322; Media Center PC 4.0; .NET CLR 2.0.50727)"
98.204.131.237 - - [19/Apr/2008:12:03:48 -0400] "GET /icons/back.gif HTTP/1.1" 200 216 "http://notebook.cowgar.com/NoteBook/" "Mozilla/4.0 (compatible; MSIE 7.0; Windows NT 5.1; .NET CLR 1.0.3705; .NET CLR 1.1.4322; Media Center PC 4.0; .NET CLR 2.0.50727)"
98.204.131.237 - - [19/Apr/2008:12:03:50 -0400] "GET /NoteBook/releases/ HTTP/1.1" 200 860 "http://notebook.cowgar.com/NoteBook/" "Mozilla/4.0 (compatible; MSIE 7.0; Windows NT 5.1; .NET CLR 1.0.3705; .NET CLR 1.1.4322; Media Center PC 4.0; .NET CLR 2.0.50727)"
98.204.131.237 - - [19/Apr/2008:12:03:50 -0400] "GET /icons/compressed.gif HTTP/1.1" 200 1038 "http://notebook.cowgar.com/NoteBook/releases/" "Mozilla/4.0 (compatible; MSIE 7.0; Windows NT 5.1; .NET CLR 1.0.3705; .NET CLR 1.1.4322; Media Center PC 4.0; .NET CLR 2.0.50727)"
190.198.250.147 - - [19/Apr/2008:13:12:31 -0400] "GET / HTTP/1.1" 200 826 "http://wiki.gnustep.org/index.php/NoteBook.app" "Mozilla/5.0 (Macintosh; U; Intel Mac OS X 10_5_2; en-us) AppleWebKit/525.13 (KHTML, like Gecko) Version/3.1 Safari/525.13"
190.198.250.147 - - [19/Apr/2008:13:12:31 -0400] "GET /icons/folder.gif HTTP/1.1" 200 225 "http://notebook.cowgar.com/" "Mozilla/5.0 (Macintosh; U; Intel Mac OS X 10_5_2; en-us) AppleWebKit/525.13 (KHTML, like Gecko) Version/3.1 Safari/525.13"
190.198.250.147 - - [19/Apr/2008:13:12:31 -0400] "GET /icons/unknown.gif HTTP/1.1" 200 245 "http://notebook.cowgar.com/" "Mozilla/5.0 (Macintosh; U; Intel Mac OS X 10_5_2; en-us) AppleWebKit/525.13 (KHTML, like Gecko) Version/3.1 Safari/525.13"
190.198.250.147 - - [19/Apr/2008:13:12:31 -0400] "GET /icons/blank.gif HTTP/1.1" 200 148 "http://notebook.cowgar.com/" "Mozilla/5.0 (Macintosh; U; Intel Mac OS X 10_5_2; en-us) AppleWebKit/525.13 (KHTML, like Gecko) Version/3.1 Safari/525.13"
190.198.250.147 - - [19/Apr/2008:13:12:31 -0400] "GET /favicon.ico HTTP/1.1" 404 209 "http://notebook.cowgar.com/" "Mozilla/5.0 (Macintosh; U; Intel Mac OS X 10_5_2; en-us) AppleWebKit/525.13 (KHTML, like Gecko) Version/3.1 Safari/525.13"
89.122.29.124 - - [19/Apr/2008:13:20:18 -0400] "GET /?C=N;O=D HTTP/1.1" 200 826 "http://notebook.cowgar.com/" "Mozilla/4.0 (compatible; MSIE 6.0; Windows NT 5.1; SV1; .NET CLR 2.0.50727)"
89.122.29.124 - - [19/Apr/2008:13:20:18 -0400] "GET /?C=M;O=A HTTP/1.1" 200 826 "http://notebook.cowgar.com/" "Mozilla/4.0 (compatible; MSIE 6.0; Windows NT 5.1; SV1; .NET CLR 2.0.50727)"
89.122.29.124 - - [19/Apr/2008:13:20:19 -0400] "GET /?C=S;O=A HTTP/1.1" 200 826 "http://notebook.cowgar.com/" "Mozilla/4.0 (compatible; MSIE 6.0; Windows NT 5.1; SV1; .NET CLR 2.0.50727)"
89.122.29.124 - - [19/Apr/2008:13:20:19 -0400] "GET /?C=D;O=A HTTP/1.1" 200 826 "http://notebook.cowgar.com/" "Mozilla/4.0 (compatible; MSIE 6.0; Windows NT 5.1; SV1; .NET CLR 2.0.50727)"
89.122.29.124 - - [19/Apr/2008:13:20:19 -0400] "GET /NoteBook/ HTTP/1.1" 200 809 "http://notebook.cowgar.com/" "Mozilla/4.0 (compatible; MSIE 6.0; Windows NT 5.1; SV1; .NET CLR 2.0.50727)"
89.122.29.124 - - [19/Apr/2008:13:20:25 -0400] "GET /access.log HTTP/1.1" 200 29766 "http://notebook.cowgar.com/" "Mozilla/4.0 (compatible; MSIE 6.0; Windows NT 5.1; SV1; .NET CLR 2.0.50727)"
89.52.135.61 - - [19/Apr/2008:14:20:57 -0400] "GET / HTTP/1.1" 200 826 "-" "Mozilla/5.0 (Macintosh; U; PPC Mac OS X 10_5_2; de-de) AppleWebKit/525.13 (KHTML, like Gecko) Version/3.1 Safari/525.13"
89.52.135.61 - - [19/Apr/2008:14:20:57 -0400] "GET /favicon.ico HTTP/1.1" 404 209 "http://notebook.cowgar.com/" "Mozilla/5.0 (Macintosh; U; PPC Mac OS X 10_5_2; de-de) AppleWebKit/525.13 (KHTML, like Gecko) Version/3.1 Safari/525.13"
89.52.135.61 - - [19/Apr/2008:14:20:57 -0400] "GET /icons/unknown.gif HTTP/1.1" 200 245 "http://notebook.cowgar.com/" "Mozilla/5.0 (Macintosh; U; PPC Mac OS X 10_5_2; de-de) AppleWebKit/525.13 (KHTML, like Gecko) Version/3.1 Safari/525.13"
89.52.135.61 - - [19/Apr/2008:14:20:57 -0400] "GET /icons/folder.gif HTTP/1.1" 200 225 "http://notebook.cowgar.com/" "Mozilla/5.0 (Macintosh; U; PPC Mac OS X 10_5_2; de-de) AppleWebKit/525.13 (KHTML, like Gecko) Version/3.1 Safari/525.13"
89.52.135.61 - - [19/Apr/2008:14:20:57 -0400] "GET /icons/blank.gif HTTP/1.1" 200 148 "http://notebook.cowgar.com/" "Mozilla/5.0 (Macintosh; U; PPC Mac OS X 10_5_2; de-de) AppleWebKit/525.13 (KHTML, like Gecko) Version/3.1 Safari/525.13"
89.52.135.61 - - [19/Apr/2008:14:21:45 -0400] "GET /NoteBook/ HTTP/1.1" 200 809 "http://notebook.cowgar.com/" "Mozilla/5.0 (Macintosh; U; PPC Mac OS X 10_5_2; de-de) AppleWebKit/525.13 (KHTML, like Gecko) Version/3.1 Safari/525.13"
89.52.135.61 - - [19/Apr/2008:14:21:45 -0400] "GET /icons/back.gif HTTP/1.1" 200 216 "http://notebook.cowgar.com/NoteBook/" "Mozilla/5.0 (Macintosh; U; PPC Mac OS X 10_5_2; de-de) AppleWebKit/525.13 (KHTML, like Gecko) Version/3.1 Safari/525.13"
89.52.135.61 - - [19/Apr/2008:14:21:47 -0400] "GET /NoteBook/releases/ HTTP/1.1" 200 860 "http://notebook.cowgar.com/NoteBook/" "Mozilla/5.0 (Macintosh; U; PPC Mac OS X 10_5_2; de-de) AppleWebKit/525.13 (KHTML, like Gecko) Version/3.1 Safari/525.13"
89.52.135.61 - - [19/Apr/2008:14:21:48 -0400] "GET /NoteBook/releases/ HTTP/1.1" 200 860 "http://notebook.cowgar.com/NoteBook/" "Mozilla/5.0 (Macintosh; U; PPC Mac OS X 10_5_2; de-de) AppleWebKit/525.13 (KHTML, like Gecko) Version/3.1 Safari/525.13"
89.52.135.61 - - [19/Apr/2008:14:21:48 -0400] "GET /icons/compressed.gif HTTP/1.1" 200 1038 "http://notebook.cowgar.com/NoteBook/releases/" "Mozilla/5.0 (Macintosh; U; PPC Mac OS X 10_5_2; de-de) AppleWebKit/525.13 (KHTML, like Gecko) Version/3.1 Safari/525.13"
89.52.135.61 - - [19/Apr/2008:14:21:50 -0400] "GET /NoteBook/releases/NoteBook-0.3.tar.gz HTTP/1.1" 200 30612 "http://notebook.cowgar.com/NoteBook/releases/" "Mozilla/5.0 (Macintosh; U; PPC Mac OS X 10_5_2; de-de) AppleWebKit/525.13 (KHTML, like Gecko) Version/3.1 Safari/525.13"
208.96.54.70 - - [19/Apr/2008:14:25:58 -0400] "GET / HTTP/1.1" 200 826 "-" "Mozilla/5.0 (compatible; discobot/1.0; +http://discoveryengine.com/discobot.html)"
208.96.54.68 - - [19/Apr/2008:15:43:29 -0400] "GET / HTTP/1.1" 200 826 "-" "Mozilla/5.0 (compatible; discobot/1.0; +http://discoveryengine.com/discobot.html)"
189.29.251.95 - - [19/Apr/2008:16:26:25 -0400] "GET / HTTP/1.1" 200 826 "http://wiki.gnustep.org/index.php/NoteBook.app" "Mozilla/5.0 (Macintosh; U; Intel Mac OS X 10_5_2; en-us) AppleWebKit/525.13 (KHTML, like Gecko) Version/3.1 Safari/525.13"
189.29.251.95 - - [19/Apr/2008:16:26:27 -0400] "GET /icons/blank.gif HTTP/1.1" 200 148 "http://notebook.cowgar.com/" "Mozilla/5.0 (Macintosh; U; Intel Mac OS X 10_5_2; en-us) AppleWebKit/525.13 (KHTML, like Gecko) Version/3.1 Safari/525.13"
189.29.251.95 - - [19/Apr/2008:16:26:29 -0400] "GET /icons/folder.gif HTTP/1.1" 200 225 "http://notebook.cowgar.com/" "Mozilla/5.0 (Macintosh; U; Intel Mac OS X 10_5_2; en-us) AppleWebKit/525.13 (KHTML, like Gecko) Version/3.1 Safari/525.13"
189.29.251.95 - - [19/Apr/2008:16:26:29 -0400] "GET /icons/unknown.gif HTTP/1.1" 200 245 "http://notebook.cowgar.com/" "Mozilla/5.0 (Macintosh; U; Intel Mac OS X 10_5_2; en-us) AppleWebKit/525.13 (KHTML, like Gecko) Version/3.1 Safari/525.13"
189.29.251.95 - - [19/Apr/2008:16:26:29 -0400] "GET /favicon.ico HTTP/1.1" 404 209 "http://notebook.cowgar.com/" "Mozilla/5.0 (Macintosh; U; Intel Mac OS X 10_5_2; en-us) AppleWebKit/525.13 (KHTML, like Gecko) Version/3.1 Safari/525.13"
189.29.251.95 - - [19/Apr/2008:16:26:51 -0400] "GET /NoteBook/ HTTP/1.1" 200 809 "http://notebook.cowgar.com/" "Mozilla/5.0 (Macintosh; U; Intel Mac OS X 10_5_2; en-us) AppleWebKit/525.13 (KHTML, like Gecko) Version/3.1 Safari/525.13"
189.29.251.95 - - [19/Apr/2008:16:26:53 -0400] "GET /icons/back.gif HTTP/1.1" 200 216 "http://notebook.cowgar.com/NoteBook/" "Mozilla/5.0 (Macintosh; U; Intel Mac OS X 10_5_2; en-us) AppleWebKit/525.13 (KHTML, like Gecko) Version/3.1 Safari/525.13"
189.29.251.95 - - [19/Apr/2008:16:26:55 -0400] "GET /NoteBook/releases/ HTTP/1.1" 200 860 "http://notebook.cowgar.com/NoteBook/" "Mozilla/5.0 (Macintosh; U; Intel Mac OS X 10_5_2; en-us) AppleWebKit/525.13 (KHTML, like Gecko) Version/3.1 Safari/525.13"
189.29.251.95 - - [19/Apr/2008:16:26:56 -0400] "GET /icons/compressed.gif HTTP/1.1" 200 1038 "http://notebook.cowgar.com/NoteBook/releases/" "Mozilla/5.0 (Macintosh; U; Intel Mac OS X 10_5_2; en-us) AppleWebKit/525.13 (KHTML, like Gecko) Version/3.1 Safari/525.13"
71.41.200.82 - - [19/Apr/2008:19:24:53 -0400] "GET /robots.txt HTTP/1.1" 404 208 "-" "MLBot (www.metadatalabs.com)"
71.41.200.82 - - [19/Apr/2008:19:24:54 -0400] "GET / HTTP/1.1" 200 826 "-" "MLBot (www.metadatalabs.com)"
71.41.200.82 - - [19/Apr/2008:19:26:10 -0400] "GET /?C=N;O=D HTTP/1.1" 200 826 "-" "MLBot (www.metadatalabs.com)"
71.41.200.74 - - [19/Apr/2008:19:27:09 -0400] "GET /NoteBook/ HTTP/1.1" 200 809 "-" "MLBot (www.metadatalabs.com)"
71.41.200.78 - - [19/Apr/2008:19:27:53 -0400] "GET /?C=D;O=A HTTP/1.1" 200 826 "-" "MLBot (www.metadatalabs.com)"
71.41.200.78 - - [19/Apr/2008:19:28:27 -0400] "GET /?C=M;O=A HTTP/1.1" 200 826 "-" "MLBot (www.metadatalabs.com)"
71.41.200.82 - - [19/Apr/2008:19:28:56 -0400] "GET /?C=S;O=A HTTP/1.1" 200 826 "-" "MLBot (www.metadatalabs.com)"
81.222.64.10 - - [19/Apr/2008:20:28:05 -0400] "GET / HTTP/1.1" 200 826 "-" "StackRambler/2.0 (MSIE incompatible)"
66.249.67.234 - - [20/Apr/2008:00:34:57 -0400] "GET /robots.txt HTTP/1.1" 404 208 "-" "Mozilla/5.0 (compatible; Googlebot/2.1; +http://www.google.com/bot.html)"
66.249.67.234 - - [20/Apr/2008:00:34:57 -0400] "GET / HTTP/1.1" 200 826 "-" "Mozilla/5.0 (compatible; Googlebot/2.1; +http://www.google.com/bot.html)"
217.172.44.82 - - [20/Apr/2008:01:07:56 -0400] "GET /robots.txt HTTP/1.1" 404 208 "-" "portscout/0.7.4"
217.172.44.82 - - [20/Apr/2008:01:07:56 -0400] "GET /NoteBook/releases/ HTTP/1.1" 200 860 "-" "portscout/0.7.4"
74.6.7.87 - - [20/Apr/2008:01:13:08 -0400] "GET /robots.txt HTTP/1.0" 404 208 "-" "Mozilla/5.0 (compatible; Yahoo! Slurp; http://help.yahoo.com/help/us/ysearch/slurp)"
72.30.216.106 - - [20/Apr/2008:01:13:08 -0400] "GET / HTTP/1.0" 200 826 "-" "Mozilla/5.0 (compatible; Yahoo! Slurp; http://help.yahoo.com/help/us/ysearch/slurp)"
67.195.37.187 - - [20/Apr/2008:02:15:26 -0400] "GET /robots.txt HTTP/1.0" 404 208 "-" "Mozilla/5.0 (compatible; Yahoo! Slurp; http://help.yahoo.com/help/us/ysearch/slurp)"
67.195.37.187 - - [20/Apr/2008:02:15:27 -0400] "GET / HTTP/1.0" 200 826 "-" "Mozilla/5.0 (compatible; Yahoo! Slurp/3.0; http://help.yahoo.com/help/us/ysearch/slurp)"
66.249.67.234 - - [20/Apr/2008:02:56:04 -0400] "GET /?C=M;O=A HTTP/1.1" 200 826 "-" "Mozilla/5.0 (compatible; Googlebot/2.1; +http://www.google.com/bot.html)"
66.249.67.234 - - [20/Apr/2008:03:00:36 -0400] "GET /?C=S;O=A HTTP/1.1" 200 826 "-" "Mozilla/5.0 (compatible; Googlebot/2.1; +http://www.google.com/bot.html)"
66.249.67.234 - - [20/Apr/2008:03:05:42 -0400] "GET /access.log HTTP/1.1" 200 37575 "-" "Mozilla/5.0 (compatible; Googlebot/2.1; +http://www.google.com/bot.html)"
81.19.67.14 - - [20/Apr/2008:03:08:42 -0400] "GET /robots.txt HTTP/1.1" 404 208 "-" "StackRambler/2.0 (MSIE incompatible)"
66.249.67.234 - - [20/Apr/2008:03:10:49 -0400] "GET /NoteBook/ HTTP/1.1" 200 809 "-" "Mozilla/5.0 (compatible; Googlebot/2.1; +http://www.google.com/bot.html)"
66.249.67.234 - - [20/Apr/2008:03:15:55 -0400] "GET /?C=N;O=D HTTP/1.1" 200 826 "-" "Mozilla/5.0 (compatible; Googlebot/2.1; +http://www.google.com/bot.html)"
66.249.67.234 - - [20/Apr/2008:03:21:01 -0400] "GET /?C=D;O=A HTTP/1.1" 200 826 "-" "Mozilla/5.0 (compatible; Googlebot/2.1; +http://www.google.com/bot.html)"
71.41.200.74 - - [20/Apr/2008:04:14:56 -0400] "GET /robots.txt HTTP/1.1" 404 208 "-" "MLBot (www.metadatalabs.com)"
71.41.200.78 - - [20/Apr/2008:04:14:56 -0400] "GET /NoteBook/?C=N;O=D HTTP/1.1" 200 809 "-" "MLBot (www.metadatalabs.com)"
71.41.200.82 - - [20/Apr/2008:04:15:32 -0400] "GET /NoteBook/?C=N;O=A HTTP/1.1" 200 809 "-" "MLBot (www.metadatalabs.com)"
128.194.135.94 - - [20/Apr/2008:04:42:11 -0400] "GET /robots.txt HTTP/1.1" 404 208 "-" "IRLbot/3.0 (compatible; MSIE 6.0; http://irl.cs.tamu.edu/crawler/)"
66.249.67.234 - - [20/Apr/2008:05:04:41 -0400] "GET /?C=S;O=D HTTP/1.1" 200 826 "-" "Mozilla/5.0 (compatible; Googlebot/2.1; +http://www.google.com/bot.html)"
66.249.67.234 - - [20/Apr/2008:05:13:20 -0400] "GET /?C=N;O=A HTTP/1.1" 200 826 "-" "Mozilla/5.0 (compatible; Googlebot/2.1; +http://www.google.com/bot.html)"
66.249.67.234 - - [20/Apr/2008:05:23:49 -0400] "GET /?C=M;O=D HTTP/1.1" 200 826 "-" "Mozilla/5.0 (compatible; Googlebot/2.1; +http://www.google.com/bot.html)"
66.249.67.234 - - [20/Apr/2008:05:41:22 -0400] "GET /?C=D;O=D HTTP/1.1" 200 826 "-" "Mozilla/5.0 (compatible; Googlebot/2.1; +http://www.google.com/bot.html)"
66.249.67.234 - - [20/Apr/2008:05:41:23 -0400] "GET /NoteBook/?C=D;O=A HTTP/1.1" 200 809 "-" "Mozilla/5.0 (compatible; Googlebot/2.1; +http://www.google.com/bot.html)"
66.249.67.234 - - [20/Apr/2008:05:41:24 -0400] "GET /NoteBook/releases/ HTTP/1.1" 200 860 "-" "Mozilla/5.0 (compatible; Googlebot/2.1; +http://www.google.com/bot.html)"
66.249.67.234 - - [20/Apr/2008:05:49:43 -0400] "GET /NoteBook/?C=M;O=A HTTP/1.1" 200 809 "-" "Mozilla/5.0 (compatible; Googlebot/2.1; +http://www.google.com/bot.html)"
66.249.67.234 - - [20/Apr/2008:05:57:44 -0400] "GET /NoteBook/?C=N;O=D HTTP/1.1" 200 809 "-" "Mozilla/5.0 (compatible; Googlebot/2.1; +http://www.google.com/bot.html)"
66.249.67.234 - - [20/Apr/2008:06:16:11 -0400] "GET /NoteBook/?C=S;O=A HTTP/1.1" 200 809 "-" "Mozilla/5.0 (compatible; Googlebot/2.1; +http://www.google.com/bot.html)"
66.249.67.234 - - [20/Apr/2008:07:10:29 -0400] "GET /NoteBook/?C=N;O=A HTTP/1.1" 200 809 "-" "Mozilla/5.0 (compatible; Googlebot/2.1; +http://www.google.com/bot.html)"
66.249.67.234 - - [20/Apr/2008:07:15:36 -0400] "GET /NoteBook/releases/?C=D;O=A HTTP/1.1" 200 860 "-" "Mozilla/5.0 (compatible; Googlebot/2.1; +http://www.google.com/bot.html)"
66.249.67.234 - - [20/Apr/2008:07:20:43 -0400] "GET /NoteBook/releases/?C=S;O=A HTTP/1.1" 200 860 "-" "Mozilla/5.0 (compatible; Googlebot/2.1; +http://www.google.com/bot.html)"
66.249.67.234 - - [20/Apr/2008:07:25:50 -0400] "GET /NoteBook/releases/?C=M;O=A HTTP/1.1" 200 860 "-" "Mozilla/5.0 (compatible; Googlebot/2.1; +http://www.google.com/bot.html)"
66.249.67.234 - - [20/Apr/2008:07:30:58 -0400] "GET /NoteBook/releases/?C=N;O=D HTTP/1.1" 200 860 "-" "Mozilla/5.0 (compatible; Googlebot/2.1; +http://www.google.com/bot.html)"
66.249.67.234 - - [20/Apr/2008:08:05:53 -0400] "GET /NoteBook/?C=M;O=D HTTP/1.1" 200 809 "-" "Mozilla/5.0 (compatible; Googlebot/2.1; +http://www.google.com/bot.html)"
66.249.67.234 - - [20/Apr/2008:08:34:49 -0400] "GET /NoteBook/?C=S;O=D HTTP/1.1" 200 809 "-" "Mozilla/5.0 (compatible; Googlebot/2.1; +http://www.google.com/bot.html)"
71.41.200.74 - - [20/Apr/2008:08:47:43 -0400] "GET /robots.txt HTTP/1.1" 404 208 "-" "MLBot (www.metadatalabs.com)"
71.41.200.78 - - [20/Apr/2008:08:47:44 -0400] "GET /NoteBook/?C=D;O=A HTTP/1.1" 200 809 "-" "MLBot (www.metadatalabs.com)"
71.41.200.82 - - [20/Apr/2008:08:48:06 -0400] "GET /NoteBook/?C=D;O=D HTTP/1.1" 200 809 "-" "MLBot (www.metadatalabs.com)"
71.41.200.78 - - [20/Apr/2008:08:50:36 -0400] "GET /NoteBook/releases/ HTTP/1.1" 200 860 "-" "MLBot (www.metadatalabs.com)"
66.249.67.234 - - [20/Apr/2008:09:35:39 -0400] "GET /NoteBook/releases/?C=D;O=D HTTP/1.1" 200 860 "-" "Mozilla/5.0 (compatible; Googlebot/2.1; +http://www.google.com/bot.html)"
66.249.67.234 - - [20/Apr/2008:09:35:41 -0400] "GET /NoteBook/releases/?C=N;O=A HTTP/1.1" 200 860 "-" "Mozilla/5.0 (compatible; Googlebot/2.1; +http://www.google.com/bot.html)"
66.249.67.234 - - [20/Apr/2008:09:35:41 -0400] "GET /NoteBook/releases/?C=M;O=D HTTP/1.1" 200 860 "-" "Mozilla/5.0 (compatible; Googlebot/2.1; +http://www.google.com/bot.html)"
66.249.67.234 - - [20/Apr/2008:09:50:41 -0400] "GET /NoteBook/releases/?C=S;O=D HTTP/1.1" 200 860 "-" "Mozilla/5.0 (compatible; Googlebot/2.1; +http://www.google.com/bot.html)"
71.41.200.82 - - [20/Apr/2008:09:57:14 -0400] "GET /NoteBook/releases/?C=N;O=D HTTP/1.1" 200 860 "-" "MLBot (www.metadatalabs.com)"
71.41.200.82 - - [20/Apr/2008:09:57:35 -0400] "GET /NoteBook/releases/?C=D;O=A HTTP/1.1" 200 860 "-" "MLBot (www.metadatalabs.com)"
71.41.200.78 - - [20/Apr/2008:09:57:46 -0400] "GET /NoteBook/releases/?C=D;O=D HTTP/1.1" 200 860 "-" "MLBot (www.metadatalabs.com)"
71.41.200.82 - - [20/Apr/2008:09:59:29 -0400] "GET /NoteBook/releases/?C=S;O=A HTTP/1.1" 200 860 "-" "MLBot (www.metadatalabs.com)"
213.96.214.72 - - [20/Apr/2008:09:59:55 -0400] "GET / HTTP/1.1" 200 826 "http://livecd.gnustep.org/" "Mozilla/4.0 (compatible; MSIE 7.0; Windows NT 5.1)"
71.41.200.82 - - [20/Apr/2008:10:01:18 -0400] "GET /NoteBook/releases/?C=N;O=A HTTP/1.1" 200 860 "-" "MLBot (www.metadatalabs.com)"
71.41.200.74 - - [20/Apr/2008:10:02:50 -0400] "GET /NoteBook/releases/?C=S;O=D HTTP/1.1" 200 860 "-" "MLBot (www.metadatalabs.com)"
65.214.44.207 - - [20/Apr/2008:10:36:53 -0400] "GET /robots.txt HTTP/1.0" 404 208 "-" "Mozilla/2.0 (compatible; Ask Jeeves/Teoma; +http://about.ask.com/en/docs/about/webmasters.shtml)"
65.214.44.207 - - [20/Apr/2008:10:37:09 -0400] "GET / HTTP/1.0" 200 826 "-" "Mozilla/2.0 (compatible; Ask Jeeves/Teoma; +http://about.ask.com/en/docs/about/webmasters.shtml)"
65.55.25.141 - - [20/Apr/2008:10:40:51 -0400] "GET /robots.txt HTTP/1.1" 404 208 "-" "msnbot/1.1 (+http://search.msn.com/msnbot.htm)"
65.55.25.141 - - [20/Apr/2008:10:40:51 -0400] "GET / HTTP/1.1" 200 826 "-" "msnbot/1.1 (+http://search.msn.com/msnbot.htm)"
67.195.37.187 - - [20/Apr/2008:12:00:02 -0400] "GET /robots.txt HTTP/1.0" 404 208 "-" "Mozilla/5.0 (compatible; Yahoo! Slurp; http://help.yahoo.com/help/us/ysearch/slurp)"
67.195.37.187 - - [20/Apr/2008:12:00:02 -0400] "GET / HTTP/1.0" 200 826 "-" "Mozilla/5.0 (compatible; Yahoo! Slurp/3.0; http://help.yahoo.com/help/us/ysearch/slurp)"
128.194.135.94 - - [20/Apr/2008:12:14:38 -0400] "GET / HTTP/1.1" 200 826 "-" "IRLbot/3.0 (compatible; MSIE 6.0; http://irl.cs.tamu.edu/crawler/)"
71.163.128.171 - - [20/Apr/2008:15:52:17 -0400] "GET / HTTP/1.1" 200 826 "http://wiki.gnustep.org/index.php/NoteBook.app" "Mozilla/5.0 (X11; U; Linux i686; en; rv:1.8.1.13) Gecko/20080325 Epiphany/2.20 Firefox/2.0.0.13"
71.163.128.171 - - [20/Apr/2008:15:52:17 -0400] "GET /icons/blank.gif HTTP/1.1" 200 148 "http://notebook.cowgar.com/" "Mozilla/5.0 (X11; U; Linux i686; en; rv:1.8.1.13) Gecko/20080325 Epiphany/2.20 Firefox/2.0.0.13"
71.163.128.171 - - [20/Apr/2008:15:52:17 -0400] "GET /icons/folder.gif HTTP/1.1" 200 225 "http://notebook.cowgar.com/" "Mozilla/5.0 (X11; U; Linux i686; en; rv:1.8.1.13) Gecko/20080325 Epiphany/2.20 Firefox/2.0.0.13"
71.163.128.171 - - [20/Apr/2008:15:52:17 -0400] "GET /icons/unknown.gif HTTP/1.1" 200 245 "http://notebook.cowgar.com/" "Mozilla/5.0 (X11; U; Linux i686; en; rv:1.8.1.13) Gecko/20080325 Epiphany/2.20 Firefox/2.0.0.13"
71.163.128.171 - - [20/Apr/2008:15:52:18 -0400] "GET /NoteBook/ HTTP/1.1" 200 809 "http://notebook.cowgar.com/" "Mozilla/5.0 (X11; U; Linux i686; en; rv:1.8.1.13) Gecko/20080325 Epiphany/2.20 Firefox/2.0.0.13"
71.163.128.171 - - [20/Apr/2008:15:52:19 -0400] "GET /icons/back.gif HTTP/1.1" 200 216 "http://notebook.cowgar.com/NoteBook/" "Mozilla/5.0 (X11; U; Linux i686; en; rv:1.8.1.13) Gecko/20080325 Epiphany/2.20 Firefox/2.0.0.13"
71.163.128.171 - - [20/Apr/2008:15:52:19 -0400] "GET /NoteBook/releases/ HTTP/1.1" 200 860 "http://notebook.cowgar.com/NoteBook/" "Mozilla/5.0 (X11; U; Linux i686; en; rv:1.8.1.13) Gecko/20080325 Epiphany/2.20 Firefox/2.0.0.13"
71.163.128.171 - - [20/Apr/2008:15:52:19 -0400] "GET /icons/compressed.gif HTTP/1.1" 200 1038 "http://notebook.cowgar.com/NoteBook/releases/" "Mozilla/5.0 (X11; U; Linux i686; en; rv:1.8.1.13) Gecko/20080325 Epiphany/2.20 Firefox/2.0.0.13"
71.163.128.171 - - [20/Apr/2008:15:52:22 -0400] "GET /access.log HTTP/1.1" 200 46561 "http://notebook.cowgar.com/" "Mozilla/5.0 (X11; U; Linux i686; en; rv:1.8.1.13) Gecko/20080325 Epiphany/2.20 Firefox/2.0.0.13"
89.122.29.105 - - [20/Apr/2008:17:44:28 -0400] "GET / HTTP/1.1" 200 826 "http://livecd.gnustep.org/" "Mozilla/4.0 (compatible; MSIE 6.0; Windows NT 5.1; SV1; .NET CLR 2.0.50727)"
66.249.67.234 - - [20/Apr/2008:18:18:46 -0400] "GET /robots.txt HTTP/1.1" 404 208 "-" "Mozilla/5.0 (compatible; Googlebot/2.1; +http://www.google.com/bot.html)"
66.249.67.234 - - [20/Apr/2008:18:18:46 -0400] "GET /NoteBook/?C=D;O=D HTTP/1.1" 200 809 "-" "Mozilla/5.0 (compatible; Googlebot/2.1; +http://www.google.com/bot.html)"
85.30.205.1 - - [20/Apr/2008:19:36:31 -0400] "GET /NoteBook/releases/NoteBook-0.3.tar.gz HTTP/1.1" 416 314 "-" "fetch libfetch/2.0"
89.122.29.128 - - [20/Apr/2008:20:45:18 -0400] "GET / HTTP/1.1" 200 826 "http://io.debian.net/~tar/gnustep/" "Mozilla/4.0 (compatible; MSIE 6.0; Windows NT 5.1; SV1; .NET CLR 2.0.50727)"
190.56.204.107 - - [20/Apr/2008:20:49:51 -0400] "GET /screenshots/NoteBook-tip-Win32.png HTTP/1.1" 404 232 "http://gnustep.blogspot.com/2006/02/screenshots-of-gnustep-on-windows-xp.html" "Mozilla/5.0 (X11; U; Linux i686; en-US; rv:1.8.0.14eol) Gecko/20080327 Ubuntu/deltad-security Firefox/1.5.0.12eol"
190.56.204.107 - - [20/Apr/2008:20:49:51 -0400] "GET /favicon.ico HTTP/1.1" 404 209 "-" "Mozilla/5.0 (X11; U; Linux i686; en-US; rv:1.8.0.14eol) Gecko/20080327 Ubuntu/deltad-security Firefox/1.5.0.12eol"
89.122.29.77 - - [20/Apr/2008:21:27:23 -0400] "GET / HTTP/1.1" 200 826 "http://livecd.gnustep.org/" "Mozilla/4.0 (compatible; MSIE 6.0; Windows NT 5.1; SV1; .NET CLR 2.0.50727)"
164.76.243.212 - - [20/Apr/2008:21:34:47 -0400] "GET /NoteBook/releases/NoteBook-0.3.tar.gz HTTP/1.1" 200 30612 "-" "fetch libfetch/2.0"
217.172.44.82 - - [21/Apr/2008:00:17:55 -0400] "GET /robots.txt HTTP/1.1" 404 208 "-" "portscout/0.7.4"
217.172.44.82 - - [21/Apr/2008:00:17:56 -0400] "GET /NoteBook/releases/ HTTP/1.1" 200 860 "-" "portscout/0.7.4"
221.194.136.37 - - [21/Apr/2008:00:27:01 -0400] "GET / HTTP/1.1" 200 826 "-" "Mozilla/4.0 (compatible; MSIE 6.0; Windows NT 5.1; CollapsarWEB qihoobot@qihoo.net)"
221.194.136.37 - - [21/Apr/2008:00:45:40 -0400] "GET / HTTP/1.1" 200 826 "-" "Mozilla/4.0 (compatible; MSIE 6.0; Windows NT 5.1; CollapsarWEB qihoobot@qihoo.net)"
67.195.37.187 - - [21/Apr/2008:02:24:30 -0400] "GET /robots.txt HTTP/1.0" 404 208 "-" "Mozilla/5.0 (compatible; Yahoo! Slurp; http://help.yahoo.com/help/us/ysearch/slurp)"
67.195.37.187 - - [21/Apr/2008:02:24:30 -0400] "GET / HTTP/1.0" 200 826 "-" "Mozilla/5.0 (compatible; Yahoo! Slurp/3.0; http://help.yahoo.com/help/us/ysearch/slurp)"
68.151.75.162 - - [21/Apr/2008:03:02:17 -0400] "GET / HTTP/1.0" 200 826 "http://io.debian.net/~tar/gnustep/" "Mozilla/4.0 (compatible; MSIE 5.0; Windows 98)"
74.6.7.87 - - [21/Apr/2008:06:13:37 -0400] "GET /robots.txt HTTP/1.0" 404 208 "-" "Mozilla/5.0 (compatible; Yahoo! Slurp; http://help.yahoo.com/help/us/ysearch/slurp)"
72.30.216.106 - - [21/Apr/2008:06:13:37 -0400] "GET / HTTP/1.0" 200 826 "-" "Mozilla/5.0 (compatible; Yahoo! Slurp; http://help.yahoo.com/help/us/ysearch/slurp)"
