89.122.29.128 - - [12/May/2008:02:56:10 -0400] "GET / HTTP/1.1" 200 826 "http://www.selenic.com/mercurial/wiki/index.cgi/ProjectsUsingMercurial" "Mozilla/4.0 (compatible; MSIE 6.0; Windows NT 5.1; SV1; .NET CLR 2.0.50727)"
65.55.208.131 - - [12/May/2008:02:59:58 -0400] "GET /robots.txt HTTP/1.1" 404 208 "-" "msnbot/1.1 (+http://search.msn.com/msnbot.htm)"
65.55.208.131 - - [12/May/2008:02:59:59 -0400] "GET /NoteBook/releases/?C=S;O=A HTTP/1.1" 200 860 "-" "msnbot/1.1 (+http://search.msn.com/msnbot.htm)"
65.55.208.121 - - [12/May/2008:03:15:40 -0400] "GET /?C=N;O=D HTTP/1.1" 200 826 "-" "msnbot/1.1 (+http://search.msn.com/msnbot.htm)"
74.6.17.167 - - [12/May/2008:04:13:47 -0400] "GET /robots.txt HTTP/1.0" 404 208 "-" "Mozilla/5.0 (compatible; Yahoo! Slurp; http://help.yahoo.com/help/us/ysearch/slurp)"
74.6.21.153 - - [12/May/2008:04:13:48 -0400] "GET /NoteBook/releases/?C=M;O=A HTTP/1.0" 200 860 "-" "Mozilla/5.0 (compatible; Yahoo! Slurp; http://help.yahoo.com/help/us/ysearch/slurp)"
66.249.73.71 - - [12/May/2008:04:24:16 -0400] "GET /robots.txt HTTP/1.1" 404 208 "-" "Mozilla/5.0 (compatible; Googlebot/2.1; +http://www.google.com/bot.html)"
66.249.73.71 - - [12/May/2008:04:24:16 -0400] "GET / HTTP/1.1" 200 826 "-" "Mozilla/5.0 (compatible; Googlebot/2.1; +http://www.google.com/bot.html)"
66.249.73.71 - - [12/May/2008:04:24:17 -0400] "GET /qlomcvzecud.html HTTP/1.1" 404 214 "-" "Mozilla/5.0 (compatible; Googlebot/2.1; +http://www.google.com/bot.html)"
213.96.214.72 - - [12/May/2008:05:16:36 -0400] "GET / HTTP/1.1" 200 826 "http://livecd.gnustep.org/" "Mozilla/4.0 (compatible; MSIE 7.0; Windows NT 5.1)"
213.96.214.72 - - [12/May/2008:06:06:54 -0400] "GET / HTTP/1.1" 200 826 "http://livecd.gnustep.org/" "Mozilla/4.0 (compatible; MSIE 7.0; Windows NT 5.1)"
65.55.208.137 - - [12/May/2008:06:26:52 -0400] "GET /access.log HTTP/1.1" 200 351135 "-" "msnbot/1.1 (+http://search.msn.com/msnbot.htm)"
217.11.243.41 - - [12/May/2008:07:32:49 -0400] "GET / HTTP/1.1" 200 826 "http://www.gnustep.org/experience/apps.html" "Mozilla/4.0 (compatible; MSIE 6.0; Windows NT 5.1; SV1; .NET CLR 1.1.4322; .NET CLR 2.0.50727; .NET CLR 3.0.04506.30; MAXTHON 2.0)"
217.11.243.41 - - [12/May/2008:07:34:33 -0400] "GET /icons/blank.gif HTTP/1.1" 200 148 "http://notebook.cowgar.com/" "Mozilla/4.0 (compatible; MSIE 6.0; Windows NT 5.1; SV1; .NET CLR 1.1.4322; .NET CLR 2.0.50727; .NET CLR 3.0.04506.30; MAXTHON 2.0)"
217.11.243.41 - - [12/May/2008:07:34:33 -0400] "GET /icons/folder.gif HTTP/1.1" 200 225 "http://notebook.cowgar.com/" "Mozilla/4.0 (compatible; MSIE 6.0; Windows NT 5.1; SV1; .NET CLR 1.1.4322; .NET CLR 2.0.50727; .NET CLR 3.0.04506.30; MAXTHON 2.0)"
217.11.243.41 - - [12/May/2008:07:34:37 -0400] "GET /icons/unknown.gif HTTP/1.1" 200 245 "http://notebook.cowgar.com/" "Mozilla/4.0 (compatible; MSIE 6.0; Windows NT 5.1; SV1; .NET CLR 1.1.4322; .NET CLR 2.0.50727; .NET CLR 3.0.04506.30; MAXTHON 2.0)"
72.30.179.226 - - [12/May/2008:07:51:58 -0400] "GET /?C=M;O=A HTTP/1.0" 200 826 "-" "Mozilla/5.0 (compatible; Yahoo! Slurp; http://help.yahoo.com/help/us/ysearch/slurp)"
85.144.137.110 - - [12/May/2008:09:11:04 -0400] "GET / HTTP/1.1" 200 826 "http://www.gnustep.org/experience/apps.html" "Mozilla/5.0 (Windows; U; Windows NT 6.0; nl; rv:1.8.1.14) Gecko/20080404 Firefox/2.0.0.14"
85.144.137.110 - - [12/May/2008:09:11:04 -0400] "GET /icons/blank.gif HTTP/1.1" 200 148 "http://notebook.cowgar.com/" "Mozilla/5.0 (Windows; U; Windows NT 6.0; nl; rv:1.8.1.14) Gecko/20080404 Firefox/2.0.0.14"
85.144.137.110 - - [12/May/2008:09:11:04 -0400] "GET /icons/folder.gif HTTP/1.1" 200 225 "http://notebook.cowgar.com/" "Mozilla/5.0 (Windows; U; Windows NT 6.0; nl; rv:1.8.1.14) Gecko/20080404 Firefox/2.0.0.14"
85.144.137.110 - - [12/May/2008:09:11:04 -0400] "GET /icons/unknown.gif HTTP/1.1" 200 245 "http://notebook.cowgar.com/" "Mozilla/5.0 (Windows; U; Windows NT 6.0; nl; rv:1.8.1.14) Gecko/20080404 Firefox/2.0.0.14"
85.144.137.110 - - [12/May/2008:09:11:05 -0400] "GET /favicon.ico HTTP/1.1" 404 209 "-" "Mozilla/5.0 (Windows; U; Windows NT 6.0; nl; rv:1.8.1.14) Gecko/20080404 Firefox/2.0.0.14"
67.195.37.112 - - [12/May/2008:09:19:30 -0400] "GET /robots.txt HTTP/1.0" 404 208 "-" "Mozilla/5.0 (compatible; Yahoo! Slurp; http://help.yahoo.com/help/us/ysearch/slurp)"
67.195.37.112 - - [12/May/2008:09:19:30 -0400] "GET / HTTP/1.0" 200 826 "-" "Mozilla/5.0 (compatible; Yahoo! Slurp/3.0; http://help.yahoo.com/help/us/ysearch/slurp)"
74.6.17.167 - - [12/May/2008:09:38:03 -0400] "GET /robots.txt HTTP/1.0" 404 208 "-" "Mozilla/5.0 (compatible; Yahoo! Slurp; http://help.yahoo.com/help/us/ysearch/slurp)"
74.6.18.177 - - [12/May/2008:09:38:04 -0400] "GET /NoteBook/releases/NoteBook-0.3.tar.gz HTTP/1.0" 304 - "-" "Mozilla/5.0 (compatible; Yahoo! Slurp; http://help.yahoo.com/help/us/ysearch/slurp)"
74.6.28.165 - - [12/May/2008:10:11:17 -0400] "GET /NoteBook/?C=S;O=A HTTP/1.0" 200 809 "-" "Mozilla/5.0 (compatible; Yahoo! Slurp; http://help.yahoo.com/help/us/ysearch/slurp)"
213.96.214.72 - - [12/May/2008:11:17:55 -0400] "GET /?C=N;O=D HTTP/1.1" 200 826 "http://notebook.cowgar.com/" "Mozilla/4.0 (compatible; MSIE 7.0; Windows NT 5.1)"
213.96.214.72 - - [12/May/2008:11:17:55 -0400] "GET /?C=M;O=A HTTP/1.1" 200 826 "http://notebook.cowgar.com/" "Mozilla/4.0 (compatible; MSIE 7.0; Windows NT 5.1)"
213.96.214.72 - - [12/May/2008:11:17:56 -0400] "GET /?C=S;O=A HTTP/1.1" 200 826 "http://notebook.cowgar.com/" "Mozilla/4.0 (compatible; MSIE 7.0; Windows NT 5.1)"
213.96.214.72 - - [12/May/2008:11:17:56 -0400] "GET /?C=D;O=A HTTP/1.1" 200 826 "http://notebook.cowgar.com/" "Mozilla/4.0 (compatible; MSIE 7.0; Windows NT 5.1)"
74.6.29.115 - - [12/May/2008:12:08:09 -0400] "GET /?C=M;O=D HTTP/1.0" 200 826 "-" "Mozilla/5.0 (compatible; Yahoo! Slurp; http://help.yahoo.com/help/us/ysearch/slurp)"
67.195.37.112 - - [12/May/2008:13:59:14 -0400] "GET /?C=S;O=D HTTP/1.0" 200 826 "-" "Mozilla/5.0 (compatible; Yahoo! Slurp/3.0; http://help.yahoo.com/help/us/ysearch/slurp)"
12.193.25.33 - - [12/May/2008:14:25:20 -0400] "GET /access.log HTTP/1.1" 200 355345 "http://www.google.com/search?q=63.224.53.162&ie=utf-8&oe=utf-8&aq=t&rls=org.mozilla:en-US:official&client=firefox-a" "Mozilla/5.0 (Windows; U; Windows NT 6.0; en-US; rv:1.8.1.13) Gecko/20080311 Firefox/2.0.0.13"
12.193.25.33 - - [12/May/2008:14:25:27 -0400] "GET /favicon.ico HTTP/1.1" 404 209 "-" "Mozilla/5.0 (Windows; U; Windows NT 6.0; en-US; rv:1.8.1.13) Gecko/20080311 Firefox/2.0.0.13"
12.193.25.33 - - [12/May/2008:14:25:28 -0400] "GET /favicon.ico HTTP/1.1" 404 209 "-" "Mozilla/5.0 (compatible; Google Desktop)"
12.193.25.33 - - [12/May/2008:14:25:28 -0400] "GET /favicon.ico HTTP/1.1" 404 209 "-" "Mozilla/5.0 (Windows; U; Windows NT 6.0; en-US; rv:1.8.1.13) Gecko/20080311 Firefox/2.0.0.13"
12.193.25.33 - - [12/May/2008:14:25:30 -0400] "GET /favicon.ico HTTP/1.1" 404 209 "-" "Mozilla/5.0 (Windows; U; Windows NT 6.0; en-US; rv:1.8.1.13) Gecko/20080311 Firefox/2.0.0.13"
74.6.19.223 - - [12/May/2008:14:35:30 -0400] "GET /robots.txt HTTP/1.0" 404 208 "-" "Mozilla/5.0 (compatible; Yahoo! Slurp; http://help.yahoo.com/help/us/ysearch/slurp)"
67.195.52.27 - - [12/May/2008:14:35:30 -0400] "GET / HTTP/1.0" 200 826 "-" "Mozilla/5.0 (compatible; Yahoo! Slurp; http://help.yahoo.com/help/us/ysearch/slurp)"
74.6.17.254 - - [12/May/2008:15:10:56 -0400] "GET /NoteBook/?C=N;O=D HTTP/1.0" 200 809 "-" "Mozilla/5.0 (compatible; Yahoo! Slurp; http://help.yahoo.com/help/us/ysearch/slurp)"
81.222.64.10 - - [12/May/2008:15:30:39 -0400] "GET / HTTP/1.1" 200 826 "-" "StackRambler/2.0 (MSIE incompatible)"
74.6.24.234 - - [12/May/2008:16:21:26 -0400] "GET /?C=S;O=A HTTP/1.0" 200 826 "-" "Mozilla/5.0 (compatible; Yahoo! Slurp; http://help.yahoo.com/help/us/ysearch/slurp)"
220.181.38.198 - - [12/May/2008:16:29:22 -0400] "GET / HTTP/1.1" 200 826 "-" "Baiduspider+(+http://www.baidu.com/search/spider.htm)"
74.6.19.32 - - [12/May/2008:16:34:16 -0400] "GET /?C=N;O=D HTTP/1.0" 200 826 "-" "Mozilla/5.0 (compatible; Yahoo! Slurp; http://help.yahoo.com/help/us/ysearch/slurp)"
74.6.16.228 - - [12/May/2008:16:51:22 -0400] "GET /?C=S;O=D HTTP/1.0" 200 826 "-" "Mozilla/5.0 (compatible; Yahoo! Slurp; http://help.yahoo.com/help/us/ysearch/slurp)"
74.6.16.166 - - [12/May/2008:17:45:46 -0400] "GET /?C=N;O=A HTTP/1.0" 200 826 "-" "Mozilla/5.0 (compatible; Yahoo! Slurp; http://help.yahoo.com/help/us/ysearch/slurp)"
89.250.114.115 - - [12/May/2008:18:40:37 -0400] "GET / HTTP/1.1" 200 826 "-" "Mozilla/5.0 (compatible; Konqueror/3.1; Linux 2.4.22; X11; i686; en_US, en)"
76.10.183.113 - - [12/May/2008:19:38:03 -0400] "GET /NoteBook/releases/NoteBook-0.3.tar.gz HTTP/1.1" 200 30612 "-" "fetch libfetch/2.0"
208.96.54.71 - - [12/May/2008:20:19:34 -0400] "GET / HTTP/1.1" 200 826 "-" "Mozilla/5.0 (compatible; discobot/1.0; +http://discoveryengine.com/discobot.html)"
193.47.80.141 - - [12/May/2008:20:38:59 -0400] "GET /robots.txt HTTP/1.1" 404 208 "http://www.exalead.com/" "Mozilla/5.0 (compatible; Exabot-Images/3.0; +http://www.exabot.com/go/robot)"
193.47.80.141 - - [12/May/2008:20:38:59 -0400] "GET /screenshots/NoteBook-tip-Win32.png HTTP/1.1" 404 232 "http://www.exalead.com/" "Mozilla/5.0 (compatible; Exabot-Images/3.0; +http://www.exabot.com/go/robot)"
193.47.80.141 - - [12/May/2008:20:40:38 -0400] "GET /screenshots/NoteBook-tip-Win32.png HTTP/1.1" 404 232 "http://www.exalead.com/" "Mozilla/5.0 (compatible; Exabot-Images/3.0; +http://www.exabot.com/go/robot)"
195.225.162.164 - - [12/May/2008:20:58:33 -0400] "GET / HTTP/1.1" 200 826 "http://www.freebsd.org/cgi/url.cgi?ports/deskutils/gnustep-notebook/pkg-descr" "Mozilla/5.0 (X11; U; FreeBSD i386; en; rv:1.8.1.14) Gecko/20080429 Epiphany/2.22 Firefox/2.0.0.14"
195.225.162.164 - - [12/May/2008:20:58:34 -0400] "GET /icons/blank.gif HTTP/1.1" 200 148 "http://notebook.cowgar.com/" "Mozilla/5.0 (X11; U; FreeBSD i386; en; rv:1.8.1.14) Gecko/20080429 Epiphany/2.22 Firefox/2.0.0.14"
195.225.162.164 - - [12/May/2008:20:58:34 -0400] "GET /icons/folder.gif HTTP/1.1" 200 225 "http://notebook.cowgar.com/" "Mozilla/5.0 (X11; U; FreeBSD i386; en; rv:1.8.1.14) Gecko/20080429 Epiphany/2.22 Firefox/2.0.0.14"
195.225.162.164 - - [12/May/2008:20:58:34 -0400] "GET /icons/unknown.gif HTTP/1.1" 200 245 "http://notebook.cowgar.com/" "Mozilla/5.0 (X11; U; FreeBSD i386; en; rv:1.8.1.14) Gecko/20080429 Epiphany/2.22 Firefox/2.0.0.14"
195.225.162.164 - - [12/May/2008:20:58:36 -0400] "GET /NoteBook/ HTTP/1.1" 200 809 "http://notebook.cowgar.com/" "Mozilla/5.0 (X11; U; FreeBSD i386; en; rv:1.8.1.14) Gecko/20080429 Epiphany/2.22 Firefox/2.0.0.14"
195.225.162.164 - - [12/May/2008:20:58:36 -0400] "GET /icons/back.gif HTTP/1.1" 200 216 "http://notebook.cowgar.com/NoteBook/" "Mozilla/5.0 (X11; U; FreeBSD i386; en; rv:1.8.1.14) Gecko/20080429 Epiphany/2.22 Firefox/2.0.0.14"
195.225.162.164 - - [12/May/2008:20:58:38 -0400] "GET /NoteBook/releases/ HTTP/1.1" 200 860 "http://notebook.cowgar.com/NoteBook/" "Mozilla/5.0 (X11; U; FreeBSD i386; en; rv:1.8.1.14) Gecko/20080429 Epiphany/2.22 Firefox/2.0.0.14"
195.225.162.164 - - [12/May/2008:20:58:38 -0400] "GET /icons/compressed.gif HTTP/1.1" 200 1038 "http://notebook.cowgar.com/NoteBook/releases/" "Mozilla/5.0 (X11; U; FreeBSD i386; en; rv:1.8.1.14) Gecko/20080429 Epiphany/2.22 Firefox/2.0.0.14"
74.6.17.167 - - [12/May/2008:21:53:17 -0400] "GET /robots.txt HTTP/1.0" 404 208 "-" "Mozilla/5.0 (compatible; Yahoo! Slurp; http://help.yahoo.com/help/us/ysearch/slurp)"
74.6.20.113 - - [12/May/2008:21:53:17 -0400] "GET /?C=D;O=A HTTP/1.0" 200 826 "-" "Mozilla/5.0 (compatible; Yahoo! Slurp; http://help.yahoo.com/help/us/ysearch/slurp)"
74.6.24.236 - - [12/May/2008:22:16:02 -0400] "GET / HTTP/1.0" 200 826 "-" "Mozilla/5.0 (compatible; Yahoo! Slurp; http://help.yahoo.com/help/us/ysearch/slurp)"
66.249.73.71 - - [12/May/2008:23:03:04 -0400] "GET /robots.txt HTTP/1.1" 404 208 "-" "Mozilla/5.0 (compatible; Googlebot/2.1; +http://www.google.com/bot.html)"
66.249.73.71 - - [12/May/2008:23:03:04 -0400] "GET /access.log HTTP/1.1" 200 361285 "-" "Mozilla/5.0 (compatible; Googlebot/2.1; +http://www.google.com/bot.html)"
66.249.73.71 - - [12/May/2008:23:49:02 -0400] "GET /?C=D;O=A HTTP/1.1" 200 826 "-" "Mozilla/5.0 (compatible; Googlebot/2.1; +http://www.google.com/bot.html)"
66.249.73.71 - - [13/May/2008:00:35:11 -0400] "GET /?C=M;O=D HTTP/1.1" 200 826 "-" "Mozilla/5.0 (compatible; Googlebot/2.1; +http://www.google.com/bot.html)"
217.172.44.82 - - [13/May/2008:00:52:52 -0400] "GET /robots.txt HTTP/1.1" 404 208 "-" "portscout/0.7.4"
217.172.44.82 - - [13/May/2008:00:52:52 -0400] "GET /NoteBook/releases/ HTTP/1.1" 200 860 "-" "portscout/0.7.4"
213.144.15.38 - - [13/May/2008:02:11:58 -0400] "GET /robots.txt HTTP/1.0" 404 208 "-" "larbin_2.6.3 (larbin2.6.3@unspecified.mail)"
213.144.15.38 - - [13/May/2008:02:14:22 -0400] "GET / HTTP/1.0" 200 826 "-" "larbin_2.6.3 larbin2.6.3@unspecified.mail"
213.144.15.38 - - [13/May/2008:02:23:30 -0400] "GET /NoteBook/ HTTP/1.0" 200 809 "-" "larbin_2.6.3 larbin2.6.3@unspecified.mail"
74.194.125.229 - - [13/May/2008:02:48:16 -0400] "GET /access.log HTTP/1.1" 200 362361 "http://www.google.com/search?hl=en&q=filetype%3Alog+inurl%3Aaccess.log&btnG=Google+Search" "Mozilla/5.0 (Windows; U; Windows NT 5.1; en-US; rv:1.8.1.14) Gecko/20080404 Firefox/2.0.0.14"
74.194.125.229 - - [13/May/2008:02:48:18 -0400] "GET /favicon.ico HTTP/1.1" 404 209 "-" "Mozilla/5.0 (Windows; U; Windows NT 5.1; en-US; rv:1.8.1.14) Gecko/20080404 Firefox/2.0.0.14"
208.113.240.16 - - [13/May/2008:02:48:29 -0400] "GET /access.log HTTP/1.1" 200 362817 "-" "-"
89.122.29.79 - - [13/May/2008:02:56:08 -0400] "GET / HTTP/1.1" 200 826 "http://livecd.gnustep.org/" "Mozilla/4.0 (compatible; MSIE 6.0; Windows NT 5.1; SV1; .NET CLR 2.0.50727)"
213.144.15.38 - - [13/May/2008:03:04:25 -0400] "GET /access.log HTTP/1.0" 200 363089 "-" "larbin_2.6.3 larbin2.6.3@unspecified.mail"
213.144.15.38 - - [13/May/2008:03:53:12 -0400] "GET /NoteBook/releases/ HTTP/1.0" 200 860 "-" "larbin_2.6.3 larbin2.6.3@unspecified.mail"
118.160.183.3 - - [13/May/2008:04:16:06 -0400] "GET / HTTP/1.1" 200 826 "-" "Mozilla/4.0 (compatible; MSIE 6.0; Windows NT 5.0; .NET CLR 1.0.3705)"
66.249.73.71 - - [13/May/2008:04:25:57 -0400] "GET /NoteBook/?C=D;O=A HTTP/1.1" 200 809 "-" "Mozilla/5.0 (compatible; Googlebot/2.1; +http://www.google.com/bot.html)"
74.6.17.167 - - [13/May/2008:05:01:34 -0400] "GET /robots.txt HTTP/1.0" 404 208 "-" "Mozilla/5.0 (compatible; Yahoo! Slurp; http://help.yahoo.com/help/us/ysearch/slurp)"
74.6.27.24 - - [13/May/2008:05:01:34 -0400] "GET /?C=D;O=D HTTP/1.0" 200 826 "-" "Mozilla/5.0 (compatible; Yahoo! Slurp; http://help.yahoo.com/help/us/ysearch/slurp)"
65.55.25.136 - - [13/May/2008:05:48:34 -0400] "GET /robots.txt HTTP/1.1" 404 208 "-" "msnbot/1.1 (+http://search.msn.com/msnbot.htm)"
65.55.25.136 - - [13/May/2008:05:48:34 -0400] "GET / HTTP/1.1" 200 826 "-" "msnbot/1.1 (+http://search.msn.com/msnbot.htm)"
89.122.29.35 - - [13/May/2008:09:03:42 -0400] "GET / HTTP/1.1" 200 826 "http://livecd.gnustep.org/" "Mozilla/4.0 (compatible; MSIE 6.0; Windows NT 5.1; SV1; .NET CLR 2.0.50727)"
67.195.37.112 - - [13/May/2008:09:22:34 -0400] "GET /robots.txt HTTP/1.0" 404 208 "-" "Mozilla/5.0 (compatible; Yahoo! Slurp; http://help.yahoo.com/help/us/ysearch/slurp)"
67.195.37.112 - - [13/May/2008:09:22:35 -0400] "GET / HTTP/1.0" 200 826 "-" "Mozilla/5.0 (compatible; Yahoo! Slurp/3.0; http://help.yahoo.com/help/us/ysearch/slurp)"
67.195.37.112 - - [13/May/2008:09:27:47 -0400] "GET /?C=D;O=D HTTP/1.0" 200 826 "-" "Mozilla/5.0 (compatible; Yahoo! Slurp/3.0; http://help.yahoo.com/help/us/ysearch/slurp)"
62.22.31.2 - - [13/May/2008:09:34:43 -0400] "GET / HTTP/1.0" 200 826 "http://www.gnustep.org/experience/apps.html" "Mozilla/4.0 (compatible; MSIE 6.0; Windows NT 5.0; .NET CLR 1.1.4322)"
62.22.31.2 - - [13/May/2008:09:34:43 -0400] "GET /icons/blank.gif HTTP/1.0" 200 148 "http://notebook.cowgar.com/" "Mozilla/4.0 (compatible; MSIE 6.0; Windows NT 5.0; .NET CLR 1.1.4322)"
62.22.31.2 - - [13/May/2008:09:34:44 -0400] "GET /icons/folder.gif HTTP/1.0" 200 225 "http://notebook.cowgar.com/" "Mozilla/4.0 (compatible; MSIE 6.0; Windows NT 5.0; .NET CLR 1.1.4322)"
62.22.31.2 - - [13/May/2008:09:34:44 -0400] "GET /icons/unknown.gif HTTP/1.0" 200 245 "http://notebook.cowgar.com/" "Mozilla/4.0 (compatible; MSIE 6.0; Windows NT 5.0; .NET CLR 1.1.4322)"
62.22.31.2 - - [13/May/2008:09:34:47 -0400] "GET /NoteBook/ HTTP/1.0" 200 809 "http://notebook.cowgar.com/" "Mozilla/4.0 (compatible; MSIE 6.0; Windows NT 5.0; .NET CLR 1.1.4322)"
62.22.31.2 - - [13/May/2008:09:34:47 -0400] "GET /icons/back.gif HTTP/1.0" 200 216 "http://notebook.cowgar.com/NoteBook/" "Mozilla/4.0 (compatible; MSIE 6.0; Windows NT 5.0; .NET CLR 1.1.4322)"
62.22.31.2 - - [13/May/2008:09:34:49 -0400] "GET /NoteBook/releases/ HTTP/1.0" 200 860 "http://notebook.cowgar.com/NoteBook/" "Mozilla/4.0 (compatible; MSIE 6.0; Windows NT 5.0; .NET CLR 1.1.4322)"
62.22.31.2 - - [13/May/2008:09:34:49 -0400] "GET /icons/compressed.gif HTTP/1.0" 200 1038 "http://notebook.cowgar.com/NoteBook/releases/" "Mozilla/4.0 (compatible; MSIE 6.0; Windows NT 5.0; .NET CLR 1.1.4322)"
62.22.31.2 - - [13/May/2008:09:34:53 -0400] "GET /NoteBook/releases/NoteBook-0.3.tar.gz HTTP/1.0" 200 30612 "http://notebook.cowgar.com/NoteBook/releases/" "Mozilla/4.0 (compatible; MSIE 6.0; Windows NT 5.0; .NET CLR 1.1.4322)"
62.22.31.2 - - [13/May/2008:09:35:05 -0400] "GET / HTTP/1.0" 200 826 "http://www.gnustep.org/experience/apps.html" "Mozilla/4.0 (compatible; MSIE 6.0; Windows NT 5.0; .NET CLR 1.1.4322)"
213.144.15.38 - - [13/May/2008:10:21:16 -0400] "GET /robots.txt HTTP/1.0" 404 208 "-" "larbin_2.6.3 (larbin2.6.3@unspecified.mail)"
213.144.15.3 - - [13/May/2008:10:22:33 -0400] "GET /robots.txt HTTP/1.0" 404 208 "-" "larbin_2.6.3"
130.75.159.28 - - [13/May/2008:10:23:08 -0400] "GET / HTTP/1.1" 200 826 "http://www.gnustep.org/experience/apps.html" "Mozilla/5.0 (Windows; U; Windows NT 5.1; de; rv:1.8.1.14) Gecko/20080404 Firefox/2.0.0.14"
130.75.159.28 - - [13/May/2008:10:23:08 -0400] "GET /icons/blank.gif HTTP/1.1" 200 148 "http://notebook.cowgar.com/" "Mozilla/5.0 (Windows; U; Windows NT 5.1; de; rv:1.8.1.14) Gecko/20080404 Firefox/2.0.0.14"
130.75.159.28 - - [13/May/2008:10:23:08 -0400] "GET /icons/unknown.gif HTTP/1.1" 200 245 "http://notebook.cowgar.com/" "Mozilla/5.0 (Windows; U; Windows NT 5.1; de; rv:1.8.1.14) Gecko/20080404 Firefox/2.0.0.14"
130.75.159.28 - - [13/May/2008:10:23:08 -0400] "GET /icons/folder.gif HTTP/1.1" 200 225 "http://notebook.cowgar.com/" "Mozilla/5.0 (Windows; U; Windows NT 5.1; de; rv:1.8.1.14) Gecko/20080404 Firefox/2.0.0.14"
130.75.159.28 - - [13/May/2008:10:23:08 -0400] "GET /favicon.ico HTTP/1.1" 404 209 "-" "Mozilla/5.0 (Windows; U; Windows NT 5.1; de; rv:1.8.1.14) Gecko/20080404 Firefox/2.0.0.14"
130.75.159.28 - - [13/May/2008:10:24:40 -0400] "GET /favicon.ico HTTP/1.1" 404 209 "-" "Mozilla/5.0 (Windows; U; Windows NT 5.1; de; rv:1.8.1.14) Gecko/20080404 Firefox/2.0.0.14"
68.33.47.76 - - [13/May/2008:10:30:05 -0400] "GET /access.log HTTP/1.1" 200 368335 "http://www.google.com/search?hl=en&q=60.240.249.205&btnG=Google+Search" "Mozilla/5.0 (Macintosh; U; Intel Mac OS X; en-US; rv:1.8.1.14) Gecko/20080404 Firefox/2.0.0.14"
68.33.47.76 - - [13/May/2008:10:30:07 -0400] "GET /favicon.ico HTTP/1.1" 404 209 "-" "Mozilla/5.0 (Macintosh; U; Intel Mac OS X; en-US; rv:1.8.1.14) Gecko/20080404 Firefox/2.0.0.14"
218.138.212.11 - - [13/May/2008:11:02:34 -0400] "GET / HTTP/1.1" 200 826 "http://www.gnustep.org/experience/apps.html" "Mozilla/4.0 (compatible; MSIE 7.0; Windows NT 5.1; .NET CLR 2.0.50727; .NET CLR 3.0.04506.648; .NET CLR 3.5.21022; InfoPath.1) Sleipnir/2.7.1"
218.138.212.11 - - [13/May/2008:11:02:34 -0400] "GET /icons/blank.gif HTTP/1.1" 200 148 "http://notebook.cowgar.com/" "Mozilla/4.0 (compatible; MSIE 7.0; Windows NT 5.1; .NET CLR 2.0.50727; .NET CLR 3.0.04506.648; .NET CLR 3.5.21022; InfoPath.1) Sleipnir/2.7.1"
218.138.212.11 - - [13/May/2008:11:02:34 -0400] "GET /icons/unknown.gif HTTP/1.1" 200 245 "http://notebook.cowgar.com/" "Mozilla/4.0 (compatible; MSIE 7.0; Windows NT 5.1; .NET CLR 2.0.50727; .NET CLR 3.0.04506.648; .NET CLR 3.5.21022; InfoPath.1) Sleipnir/2.7.1"
218.138.212.11 - - [13/May/2008:11:02:34 -0400] "GET /icons/folder.gif HTTP/1.1" 200 225 "http://notebook.cowgar.com/" "Mozilla/4.0 (compatible; MSIE 7.0; Windows NT 5.1; .NET CLR 2.0.50727; .NET CLR 3.0.04506.648; .NET CLR 3.5.21022; InfoPath.1) Sleipnir/2.7.1"
218.138.212.11 - - [13/May/2008:11:02:34 -0400] "GET /favicon.ico HTTP/1.1" 404 209 "-" "Sleipnir/2.7.1"
213.144.15.38 - - [13/May/2008:11:07:12 -0400] "GET / HTTP/1.0" 200 826 "-" ""
213.96.214.72 - - [13/May/2008:12:12:16 -0400] "GET / HTTP/1.1" 200 826 "http://livecd.gnustep.org/" "Mozilla/4.0 (compatible; MSIE 7.0; Windows NT 5.1)"
74.6.17.167 - - [13/May/2008:13:08:17 -0400] "GET /robots.txt HTTP/1.0" 404 208 "-" "Mozilla/5.0 (compatible; Yahoo! Slurp; http://help.yahoo.com/help/us/ysearch/slurp)"
74.6.22.216 - - [13/May/2008:13:08:17 -0400] "GET /access.log HTTP/1.0" 200 370330 "-" "Mozilla/5.0 (compatible; Yahoo! Slurp; http://help.yahoo.com/help/us/ysearch/slurp)"
74.6.19.223 - - [13/May/2008:14:04:34 -0400] "GET /robots.txt HTTP/1.0" 404 208 "-" "Mozilla/5.0 (compatible; Yahoo! Slurp; http://help.yahoo.com/help/us/ysearch/slurp)"
67.195.51.175 - - [13/May/2008:14:04:34 -0400] "GET /?C=N;O=A HTTP/1.0" 200 826 "-" "Mozilla/5.0 (compatible; Yahoo! Slurp; http://help.yahoo.com/help/us/ysearch/slurp)"
67.195.52.121 - - [13/May/2008:14:10:56 -0400] "GET /NoteBook/releases/ HTTP/1.0" 200 860 "-" "Mozilla/5.0 (compatible; Yahoo! Slurp; http://help.yahoo.com/help/us/ysearch/slurp)"
67.195.51.180 - - [13/May/2008:14:12:22 -0400] "GET /NoteBook/releases/?C=N;O=D HTTP/1.0" 200 860 "-" "Mozilla/5.0 (compatible; Yahoo! Slurp; http://help.yahoo.com/help/us/ysearch/slurp)"
67.195.51.161 - - [13/May/2008:14:12:53 -0400] "GET /NoteBook/releases/?C=S;O=A HTTP/1.0" 200 860 "-" "Mozilla/5.0 (compatible; Yahoo! Slurp; http://help.yahoo.com/help/us/ysearch/slurp)"
67.195.52.105 - - [13/May/2008:14:13:34 -0400] "GET /NoteBook/releases/?C=D;O=A HTTP/1.0" 200 860 "-" "Mozilla/5.0 (compatible; Yahoo! Slurp; http://help.yahoo.com/help/us/ysearch/slurp)"
72.30.179.226 - - [13/May/2008:14:18:09 -0400] "GET /?C=M;O=A HTTP/1.0" 200 826 "-" "Mozilla/5.0 (compatible; Yahoo! Slurp; http://help.yahoo.com/help/us/ysearch/slurp)"
74.6.29.115 - - [13/May/2008:14:23:02 -0400] "GET /?C=M;O=D HTTP/1.0" 200 826 "-" "Mozilla/5.0 (compatible; Yahoo! Slurp; http://help.yahoo.com/help/us/ysearch/slurp)"
67.195.52.98 - - [13/May/2008:14:35:06 -0400] "GET /NoteBook/releases/?C=M;O=A HTTP/1.0" 200 860 "-" "Mozilla/5.0 (compatible; Yahoo! Slurp; http://help.yahoo.com/help/us/ysearch/slurp)"
67.195.52.27 - - [13/May/2008:14:37:30 -0400] "GET / HTTP/1.0" 200 826 "-" "Mozilla/5.0 (compatible; Yahoo! Slurp; http://help.yahoo.com/help/us/ysearch/slurp)"
65.55.208.134 - - [13/May/2008:14:57:46 -0400] "GET /robots.txt HTTP/1.1" 404 208 "-" "msnbot/1.1 (+http://search.msn.com/msnbot.htm)"
65.55.208.134 - - [13/May/2008:14:57:46 -0400] "GET /NoteBook/?C=N;O=A HTTP/1.1" 200 809 "-" "msnbot/1.1 (+http://search.msn.com/msnbot.htm)"
67.195.52.125 - - [13/May/2008:16:01:24 -0400] "GET /?C=M;O=D HTTP/1.0" 200 826 "-" "Mozilla/5.0 (compatible; Yahoo! Slurp; http://help.yahoo.com/help/us/ysearch/slurp)"
66.249.73.67 - - [13/May/2008:16:16:30 -0400] "GET /robots.txt HTTP/1.1" 404 208 "-" "Mozilla/5.0 (compatible; Googlebot/2.1; +http://www.google.com/bot.html)"
66.249.73.67 - - [13/May/2008:16:16:30 -0400] "GET /NoteBook/ HTTP/1.1" 200 809 "-" "Mozilla/5.0 (compatible; Googlebot/2.1; +http://www.google.com/bot.html)"
66.249.73.67 - - [13/May/2008:16:16:30 -0400] "GET /akfuvyrf.html HTTP/1.1" 404 211 "-" "Mozilla/5.0 (compatible; Googlebot/2.1; +http://www.google.com/bot.html)"
74.6.24.234 - - [13/May/2008:16:32:05 -0400] "GET /?C=S;O=A HTTP/1.0" 200 826 "-" "Mozilla/5.0 (compatible; Yahoo! Slurp; http://help.yahoo.com/help/us/ysearch/slurp)"
74.6.19.32 - - [13/May/2008:16:37:39 -0400] "GET /?C=N;O=D HTTP/1.0" 200 826 "-" "Mozilla/5.0 (compatible; Yahoo! Slurp; http://help.yahoo.com/help/us/ysearch/slurp)"
74.6.12.24 - - [13/May/2008:16:38:25 -0400] "GET /NoteBook/releases/?C=S;O=A HTTP/1.0" 200 860 "-" "Mozilla/5.0 (compatible; Yahoo! Slurp; http://help.yahoo.com/help/us/ysearch/slurp)"
74.6.16.228 - - [13/May/2008:16:55:25 -0400] "GET /?C=S;O=D HTTP/1.0" 200 826 "-" "Mozilla/5.0 (compatible; Yahoo! Slurp; http://help.yahoo.com/help/us/ysearch/slurp)"
78.106.194.238 - - [13/May/2008:16:59:02 -0400] "GET / HTTP/1.0" 200 826 "http://notebook.cowgar.com/" "Mozilla/4.0 (compatible; MSIE 6.0; Windows NT 5.1; ru) Opera 8.50"
78.106.194.238 - - [13/May/2008:16:59:03 -0400] "GET / HTTP/1.0" 200 826 "http://notebook.cowgar.com/" "Mozilla/4.0 (compatible; MSIE 6.0; Windows NT 5.1; ru) Opera 8.50"
78.106.194.238 - - [13/May/2008:16:59:03 -0400] "GET / HTTP/1.0" 200 826 "http://notebook.cowgar.com/" "Mozilla/4.0 (compatible; MSIE 6.0; Windows NT 5.1; ru) Opera 8.50"
67.195.37.112 - - [13/May/2008:17:24:26 -0400] "GET /robots.txt HTTP/1.0" 404 208 "-" "Mozilla/5.0 (compatible; Yahoo! Slurp; http://help.yahoo.com/help/us/ysearch/slurp)"
67.195.37.112 - - [13/May/2008:17:24:26 -0400] "GET /?C=N;O=A HTTP/1.0" 200 826 "-" "Mozilla/5.0 (compatible; Yahoo! Slurp/3.0; http://help.yahoo.com/help/us/ysearch/slurp)"
66.249.73.67 - - [13/May/2008:17:37:29 -0400] "GET /?C=M;O=A HTTP/1.1" 200 826 "-" "Mozilla/5.0 (compatible; Googlebot/2.1; +http://www.google.com/bot.html)"
89.122.29.124 - - [13/May/2008:17:38:06 -0400] "GET / HTTP/1.1" 200 826 "http://livecd.gnustep.org/" "Mozilla/4.0 (compatible; MSIE 6.0; Windows NT 5.1; SV1; .NET CLR 2.0.50727)"
208.96.54.68 - - [13/May/2008:17:48:24 -0400] "GET / HTTP/1.1" 200 826 "-" "Mozilla/5.0 (compatible; discobot/1.0; +http://discoveryengine.com/discobot.html)"
74.6.16.166 - - [13/May/2008:17:50:28 -0400] "GET /?C=N;O=A HTTP/1.0" 200 826 "-" "Mozilla/5.0 (compatible; Yahoo! Slurp; http://help.yahoo.com/help/us/ysearch/slurp)"
74.6.86.152 - - [13/May/2008:18:21:29 -0400] "GET / HTTP/1.0" 200 826 "-" "Mozilla/5.0 (compatible; Yahoo! Slurp; http://help.yahoo.com/help/us/ysearch/slurp)"
74.6.86.182 - - [13/May/2008:18:23:33 -0400] "GET /NoteBook/ HTTP/1.0" 200 809 "-" "Mozilla/5.0 (compatible; Yahoo! Slurp; http://help.yahoo.com/help/us/ysearch/slurp)"
74.6.86.182 - - [13/May/2008:18:23:43 -0400] "GET /?C=M;O=A HTTP/1.0" 200 826 "-" "Mozilla/5.0 (compatible; Yahoo! Slurp; http://help.yahoo.com/help/us/ysearch/slurp)"
66.249.73.67 - - [13/May/2008:18:25:51 -0400] "GET /NoteBook/?C=D;O=D HTTP/1.1" 200 809 "-" "Mozilla/5.0 (compatible; Googlebot/2.1; +http://www.google.com/bot.html)"
74.6.86.161 - - [13/May/2008:18:26:54 -0400] "GET /access.log HTTP/1.0" 200 376077 "-" "Mozilla/5.0 (compatible; Yahoo! Slurp; http://help.yahoo.com/help/us/ysearch/slurp)"
66.249.73.67 - - [13/May/2008:18:27:24 -0400] "GET /NoteBook/?C=N;O=A HTTP/1.1" 200 809 "-" "Mozilla/5.0 (compatible; Googlebot/2.1; +http://www.google.com/bot.html)"
66.249.73.67 - - [13/May/2008:18:35:11 -0400] "GET /NoteBook/?C=S;O=D HTTP/1.1" 200 809 "-" "Mozilla/5.0 (compatible; Googlebot/2.1; +http://www.google.com/bot.html)"
66.249.73.67 - - [13/May/2008:18:36:28 -0400] "GET /NoteBook/?C=M;O=D HTTP/1.1" 200 809 "-" "Mozilla/5.0 (compatible; Googlebot/2.1; +http://www.google.com/bot.html)"
74.6.86.152 - - [13/May/2008:18:42:23 -0400] "GET /?C=S;O=A HTTP/1.0" 200 826 "-" "Mozilla/5.0 (compatible; Yahoo! Slurp; http://help.yahoo.com/help/us/ysearch/slurp)"
70.181.242.189 - - [13/May/2008:19:52:34 -0400] "GET /sitemap.xml HTTP/1.1" 404 209 "-" "Mozilla/5.0 (Windows; U; Windows NT 5.1; en-US; rv:1.8.1.14) Gecko/20080404 Firefox/2.0.0.14"
207.241.229.179 - - [13/May/2008:19:52:35 -0400] "GET /robots.txt HTTP/1.1" 404 208 "-" "ia_archiver-web.archive.org"
74.6.86.120 - - [13/May/2008:20:05:14 -0400] "GET /?C=N;O=D HTTP/1.0" 200 826 "-" "Mozilla/5.0 (compatible; Yahoo! Slurp; http://help.yahoo.com/help/us/ysearch/slurp)"
65.55.208.119 - - [13/May/2008:20:11:10 -0400] "GET /robots.txt HTTP/1.1" 404 208 "-" "msnbot/1.1 (+http://search.msn.com/msnbot.htm)"
65.55.208.119 - - [13/May/2008:20:11:10 -0400] "GET /?C=M;O=A HTTP/1.1" 200 826 "-" "msnbot/1.1 (+http://search.msn.com/msnbot.htm)"
213.144.15.38 - - [13/May/2008:20:14:25 -0400] "GET /NoteBook/ HTTP/1.0" 200 809 "-" ""
66.249.73.67 - - [13/May/2008:20:20:18 -0400] "GET /NoteBook/releases/?C=N;O=D HTTP/1.1" 200 860 "-" "Mozilla/5.0 (compatible; Googlebot/2.1; +http://www.google.com/bot.html)"
74.6.86.175 - - [13/May/2008:20:21:08 -0400] "GET /?C=D;O=A HTTP/1.0" 200 826 "-" "Mozilla/5.0 (compatible; Yahoo! Slurp; http://help.yahoo.com/help/us/ysearch/slurp)"
74.6.86.176 - - [13/May/2008:20:23:46 -0400] "GET /?C=N;O=A HTTP/1.0" 200 826 "-" "Mozilla/5.0 (compatible; Yahoo! Slurp; http://help.yahoo.com/help/us/ysearch/slurp)"
66.249.73.67 - - [13/May/2008:20:25:43 -0400] "GET /NoteBook/releases/?C=D;O=A HTTP/1.1" 200 860 "-" "Mozilla/5.0 (compatible; Googlebot/2.1; +http://www.google.com/bot.html)"
74.6.87.118 - - [13/May/2008:20:28:04 -0400] "GET / HTTP/1.0" 200 826 "-" "Mozilla/5.0 (compatible; Yahoo! Slurp; http://help.yahoo.com/help/us/ysearch/slurp)"
213.144.15.38 - - [13/May/2008:20:31:53 -0400] "GET /access.log HTTP/1.0" 200 378592 "-" ""
66.249.73.67 - - [13/May/2008:20:34:57 -0400] "GET /NoteBook/releases/?C=S;O=A HTTP/1.1" 200 860 "-" "Mozilla/5.0 (compatible; Googlebot/2.1; +http://www.google.com/bot.html)"
66.249.73.67 - - [13/May/2008:20:36:23 -0400] "GET / HTTP/1.1" 200 826 "-" "Mozilla/5.0 (compatible; Googlebot/2.1; +http://www.google.com/bot.html)"
66.249.73.67 - - [13/May/2008:20:42:28 -0400] "GET /NoteBook/releases/?C=M;O=A HTTP/1.1" 200 860 "-" "Mozilla/5.0 (compatible; Googlebot/2.1; +http://www.google.com/bot.html)"
208.113.240.16 - - [13/May/2008:21:20:20 -0400] "GET /access.log HTTP/1.1" 200 379186 "-" "-"
74.6.17.167 - - [13/May/2008:21:56:20 -0400] "GET /robots.txt HTTP/1.0" 404 208 "-" "Mozilla/5.0 (compatible; Yahoo! Slurp; http://help.yahoo.com/help/us/ysearch/slurp)"
74.6.20.113 - - [13/May/2008:21:56:21 -0400] "GET /?C=D;O=A HTTP/1.0" 200 826 "-" "Mozilla/5.0 (compatible; Yahoo! Slurp; http://help.yahoo.com/help/us/ysearch/slurp)"
74.6.24.236 - - [13/May/2008:22:19:39 -0400] "GET / HTTP/1.0" 200 826 "-" "Mozilla/5.0 (compatible; Yahoo! Slurp; http://help.yahoo.com/help/us/ysearch/slurp)"
68.226.93.86 - - [13/May/2008:22:52:02 -0400] "GET / HTTP/1.1" 200 826 "http://www.gnustep.org/experience/apps.html" "Mozilla/5.0 (X11; U; Linux i686 (x86_64); en-US; rv:1.8.1.14) Gecko/20080404 Firefox/2.0.0.14"
68.226.93.86 - - [13/May/2008:22:52:02 -0400] "GET /icons/blank.gif HTTP/1.1" 200 148 "http://notebook.cowgar.com/" "Mozilla/5.0 (X11; U; Linux i686 (x86_64); en-US; rv:1.8.1.14) Gecko/20080404 Firefox/2.0.0.14"
68.226.93.86 - - [13/May/2008:22:52:02 -0400] "GET /icons/folder.gif HTTP/1.1" 200 225 "http://notebook.cowgar.com/" "Mozilla/5.0 (X11; U; Linux i686 (x86_64); en-US; rv:1.8.1.14) Gecko/20080404 Firefox/2.0.0.14"
68.226.93.86 - - [13/May/2008:22:52:02 -0400] "GET /icons/unknown.gif HTTP/1.1" 200 245 "http://notebook.cowgar.com/" "Mozilla/5.0 (X11; U; Linux i686 (x86_64); en-US; rv:1.8.1.14) Gecko/20080404 Firefox/2.0.0.14"
68.226.93.86 - - [13/May/2008:22:52:03 -0400] "GET /favicon.ico HTTP/1.1" 404 209 "-" "Mozilla/5.0 (X11; U; Linux i686 (x86_64); en-US; rv:1.8.1.14) Gecko/20080404 Firefox/2.0.0.14"
68.226.93.86 - - [13/May/2008:22:52:05 -0400] "GET /access.log HTTP/1.1" 200 380812 "http://notebook.cowgar.com/" "Mozilla/5.0 (X11; U; Linux i686 (x86_64); en-US; rv:1.8.1.14) Gecko/20080404 Firefox/2.0.0.14"
68.226.93.86 - - [13/May/2008:22:52:53 -0400] "GET /NoteBook/ HTTP/1.1" 200 809 "http://notebook.cowgar.com/" "Mozilla/5.0 (X11; U; Linux i686 (x86_64); en-US; rv:1.8.1.14) Gecko/20080404 Firefox/2.0.0.14"
68.226.93.86 - - [13/May/2008:22:52:53 -0400] "GET /icons/back.gif HTTP/1.1" 200 216 "http://notebook.cowgar.com/NoteBook/" "Mozilla/5.0 (X11; U; Linux i686 (x86_64); en-US; rv:1.8.1.14) Gecko/20080404 Firefox/2.0.0.14"
68.226.93.86 - - [13/May/2008:22:52:55 -0400] "GET /NoteBook/releases/ HTTP/1.1" 200 860 "http://notebook.cowgar.com/NoteBook/" "Mozilla/5.0 (X11; U; Linux i686 (x86_64); en-US; rv:1.8.1.14) Gecko/20080404 Firefox/2.0.0.14"
68.226.93.86 - - [13/May/2008:22:52:55 -0400] "GET /icons/compressed.gif HTTP/1.1" 200 1038 "http://notebook.cowgar.com/NoteBook/releases/" "Mozilla/5.0 (X11; U; Linux i686 (x86_64); en-US; rv:1.8.1.14) Gecko/20080404 Firefox/2.0.0.14"
68.226.93.86 - - [13/May/2008:23:15:15 -0400] "GET / HTTP/1.1" 200 826 "http://wiki.gnustep.org/index.php/NoteBook.app" "Mozilla/5.0 (X11; U; Linux i686 (x86_64); en-US; rv:1.8.1.14) Gecko/20080404 Firefox/2.0.0.14"
74.6.19.223 - - [13/May/2008:23:46:25 -0400] "GET /robots.txt HTTP/1.0" 404 208 "-" "Mozilla/5.0 (compatible; Yahoo! Slurp; http://help.yahoo.com/help/us/ysearch/slurp)"
74.6.87.117 - - [13/May/2008:23:46:26 -0400] "GET /?C=D;O=A HTTP/1.0" 200 826 "-" "Mozilla/5.0 (compatible; Yahoo! Slurp; http://help.yahoo.com/help/us/ysearch/slurp)"
65.55.208.119 - - [13/May/2008:23:52:07 -0400] "GET /?C=M;O=D HTTP/1.1" 200 826 "-" "msnbot/1.1 (+http://search.msn.com/msnbot.htm)"
65.55.208.137 - - [13/May/2008:23:55:41 -0400] "GET /robots.txt HTTP/1.1" 404 208 "-" "msnbot/1.1 (+http://search.msn.com/msnbot.htm)"
65.55.208.137 - - [13/May/2008:23:55:42 -0400] "GET /?C=D;O=A HTTP/1.1" 200 826 "-" "msnbot/1.1 (+http://search.msn.com/msnbot.htm)"
74.6.87.118 - - [14/May/2008:00:28:10 -0400] "GET /?C=S;O=A HTTP/1.0" 200 826 "-" "Mozilla/5.0 (compatible; Yahoo! Slurp; http://help.yahoo.com/help/us/ysearch/slurp)"
208.113.240.16 - - [14/May/2008:00:34:26 -0400] "GET /access.log HTTP/1.1" 200 383031 "-" "-"
74.6.26.169 - - [14/May/2008:00:35:07 -0400] "GET /NoteBook/releases/?C=N;O=D HTTP/1.0" 200 860 "-" "Mozilla/5.0 (compatible; Yahoo! Slurp; http://help.yahoo.com/help/us/ysearch/slurp)"
217.172.44.82 - - [14/May/2008:01:27:13 -0400] "GET /robots.txt HTTP/1.1" 404 208 "-" "portscout/0.7.4"
217.172.44.82 - - [14/May/2008:01:27:13 -0400] "GET /NoteBook/releases/ HTTP/1.1" 200 860 "-" "portscout/0.7.4"
213.144.15.38 - - [14/May/2008:01:32:34 -0400] "GET /robots.txt HTTP/1.0" 404 208 "-" "larbin_2.6.3 (larbin2.6.3@unspecified.mail)"
213.144.15.38 - - [14/May/2008:02:00:25 -0400] "GET / HTTP/1.0" 200 826 "-" "larbin_2.6.3 larbin2.6.3@unspecified.mail"
65.55.208.123 - - [14/May/2008:02:11:06 -0400] "GET /robots.txt HTTP/1.1" 404 208 "-" "msnbot/1.1 (+http://search.msn.com/msnbot.htm)"
65.55.208.123 - - [14/May/2008:02:11:07 -0400] "GET /NoteBook/releases/?C=M;O=A HTTP/1.1" 200 860 "-" "msnbot/1.1 (+http://search.msn.com/msnbot.htm)"
65.55.208.134 - - [14/May/2008:02:19:38 -0400] "GET /NoteBook/releases/?C=D;O=A HTTP/1.1" 200 860 "-" "msnbot/1.1 (+http://search.msn.com/msnbot.htm)"
65.55.208.121 - - [14/May/2008:02:23:37 -0400] "GET /robots.txt HTTP/1.1" 404 208 "-" "msnbot/1.1 (+http://search.msn.com/msnbot.htm)"
65.55.208.121 - - [14/May/2008:02:23:37 -0400] "GET /?C=N;O=A HTTP/1.1" 200 826 "-" "msnbot/1.1 (+http://search.msn.com/msnbot.htm)"
213.144.15.38 - - [14/May/2008:02:40:07 -0400] "GET /NoteBook/ HTTP/1.0" 200 809 "-" "larbin_2.6.3 larbin2.6.3@unspecified.mail"
65.55.208.135 - - [14/May/2008:02:45:53 -0400] "GET /robots.txt HTTP/1.1" 404 208 "-" "msnbot/1.1 (+http://search.msn.com/msnbot.htm)"
65.55.208.135 - - [14/May/2008:02:45:53 -0400] "GET /?C=S;O=D HTTP/1.1" 200 826 "-" "msnbot/1.1 (+http://search.msn.com/msnbot.htm)"
65.55.208.136 - - [14/May/2008:02:55:32 -0400] "GET /robots.txt HTTP/1.1" 404 208 "-" "msnbot/1.1 (+http://search.msn.com/msnbot.htm)"
65.55.208.136 - - [14/May/2008:02:55:32 -0400] "GET /?C=S;O=A HTTP/1.1" 200 826 "-" "msnbot/1.1 (+http://search.msn.com/msnbot.htm)"
65.55.208.136 - - [14/May/2008:03:01:05 -0400] "GET /?C=D;O=D HTTP/1.1" 200 826 "-" "msnbot/1.1 (+http://search.msn.com/msnbot.htm)"
89.122.29.39 - - [14/May/2008:03:06:07 -0400] "GET / HTTP/1.1" 200 826 "http://livecd.gnustep.org/" "Mozilla/4.0 (compatible; MSIE 6.0; Windows NT 5.1; SV1; .NET CLR 2.0.50727)"
213.144.15.38 - - [14/May/2008:03:30:56 -0400] "GET /access.log HTTP/1.0" 200 385460 "-" "larbin_2.6.3 larbin2.6.3@unspecified.mail"
213.144.15.38 - - [14/May/2008:04:02:33 -0400] "GET /NoteBook/releases/ HTTP/1.0" 200 860 "-" "larbin_2.6.3 larbin2.6.3@unspecified.mail"
213.52.212.129 - - [14/May/2008:04:56:36 -0400] "GET / HTTP/1.1" 200 826 "http://www.gnustep.org/experience/apps.html" "Mozilla/5.0 (Windows; U; Windows NT 5.0; en-US; rv:1.9b5) Gecko/2008032620 Firefox/3.0b5"
213.52.212.129 - - [14/May/2008:04:56:36 -0400] "GET /icons/blank.gif HTTP/1.1" 200 148 "http://notebook.cowgar.com/" "Mozilla/5.0 (Windows; U; Windows NT 5.0; en-US; rv:1.9b5) Gecko/2008032620 Firefox/3.0b5"
213.52.212.129 - - [14/May/2008:04:56:36 -0400] "GET /icons/folder.gif HTTP/1.1" 200 225 "http://notebook.cowgar.com/" "Mozilla/5.0 (Windows; U; Windows NT 5.0; en-US; rv:1.9b5) Gecko/2008032620 Firefox/3.0b5"
213.52.212.129 - - [14/May/2008:04:56:36 -0400] "GET /icons/unknown.gif HTTP/1.1" 200 245 "http://notebook.cowgar.com/" "Mozilla/5.0 (Windows; U; Windows NT 5.0; en-US; rv:1.9b5) Gecko/2008032620 Firefox/3.0b5"
213.52.212.129 - - [14/May/2008:04:56:36 -0400] "GET /favicon.ico HTTP/1.1" 404 209 "-" "Mozilla/5.0 (Windows; U; Windows NT 5.0; en-US; rv:1.9b5) Gecko/2008032620 Firefox/3.0b5"
213.52.212.129 - - [14/May/2008:04:56:39 -0400] "GET /NoteBook/ HTTP/1.1" 200 809 "http://notebook.cowgar.com/" "Mozilla/5.0 (Windows; U; Windows NT 5.0; en-US; rv:1.9b5) Gecko/2008032620 Firefox/3.0b5"
213.52.212.129 - - [14/May/2008:04:56:39 -0400] "GET /favicon.ico HTTP/1.1" 404 209 "-" "Mozilla/5.0 (Windows; U; Windows NT 5.0; en-US; rv:1.9b5) Gecko/2008032620 Firefox/3.0b5"
213.52.212.129 - - [14/May/2008:04:56:39 -0400] "GET /icons/back.gif HTTP/1.1" 200 216 "http://notebook.cowgar.com/NoteBook/" "Mozilla/5.0 (Windows; U; Windows NT 5.0; en-US; rv:1.9b5) Gecko/2008032620 Firefox/3.0b5"
213.52.212.129 - - [14/May/2008:04:56:41 -0400] "GET /NoteBook/releases/ HTTP/1.1" 200 860 "http://notebook.cowgar.com/NoteBook/" "Mozilla/5.0 (Windows; U; Windows NT 5.0; en-US; rv:1.9b5) Gecko/2008032620 Firefox/3.0b5"
213.52.212.129 - - [14/May/2008:04:56:42 -0400] "GET /icons/compressed.gif HTTP/1.1" 200 1038 "http://notebook.cowgar.com/NoteBook/releases/" "Mozilla/5.0 (Windows; U; Windows NT 5.0; en-US; rv:1.9b5) Gecko/2008032620 Firefox/3.0b5"
213.52.212.129 - - [14/May/2008:04:56:44 -0400] "GET /NoteBook/releases/NoteBook-0.3.tar.gz HTTP/1.1" 200 30612 "http://notebook.cowgar.com/NoteBook/releases/" "Mozilla/5.0 (Windows; U; Windows NT 5.0; en-US; rv:1.9b5) Gecko/2008032620 Firefox/3.0b5"
213.52.212.129 - - [14/May/2008:05:01:48 -0400] "GET /NoteBook/ HTTP/1.1" 200 809 "http://notebook.cowgar.com/NoteBook/releases/" "Mozilla/5.0 (Windows; U; Windows NT 5.0; en-US; rv:1.9b5) Gecko/2008032620 Firefox/3.0b5"
213.52.212.129 - - [14/May/2008:05:01:49 -0400] "GET / HTTP/1.1" 200 826 "http://notebook.cowgar.com/NoteBook/" "Mozilla/5.0 (Windows; U; Windows NT 5.0; en-US; rv:1.9b5) Gecko/2008032620 Firefox/3.0b5"
213.52.212.129 - - [14/May/2008:05:02:03 -0400] "GET / HTTP/1.1" 200 826 "http://www.gnustep.org/experience/apps.html" "Mozilla/5.0 (Windows; U; Windows NT 5.0; en-US; rv:1.9b5) Gecko/2008032620 Firefox/3.0b5"
213.52.212.129 - - [14/May/2008:05:02:06 -0400] "GET /NoteBook/ HTTP/1.1" 200 809 "http://notebook.cowgar.com/" "Mozilla/5.0 (Windows; U; Windows NT 5.0; en-US; rv:1.9b5) Gecko/2008032620 Firefox/3.0b5"
213.52.212.129 - - [14/May/2008:05:02:07 -0400] "GET /NoteBook/releases/ HTTP/1.1" 200 860 "http://notebook.cowgar.com/NoteBook/" "Mozilla/5.0 (Windows; U; Windows NT 5.0; en-US; rv:1.9b5) Gecko/2008032620 Firefox/3.0b5"
74.6.17.167 - - [14/May/2008:05:04:32 -0400] "GET /robots.txt HTTP/1.0" 404 208 "-" "Mozilla/5.0 (compatible; Yahoo! Slurp; http://help.yahoo.com/help/us/ysearch/slurp)"
74.6.27.24 - - [14/May/2008:05:04:32 -0400] "GET /?C=D;O=D HTTP/1.0" 200 826 "-" "Mozilla/5.0 (compatible; Yahoo! Slurp; http://help.yahoo.com/help/us/ysearch/slurp)"
74.6.87.101 - - [14/May/2008:05:10:23 -0400] "GET /?C=N;O=A HTTP/1.0" 200 826 "-" "Mozilla/5.0 (compatible; Yahoo! Slurp; http://help.yahoo.com/help/us/ysearch/slurp)"
65.55.208.121 - - [14/May/2008:05:23:55 -0400] "GET /?C=N;O=D HTTP/1.1" 200 826 "-" "msnbot/1.1 (+http://search.msn.com/msnbot.htm)"
67.195.51.187 - - [14/May/2008:06:08:38 -0400] "GET /?C=D;O=D HTTP/1.0" 200 826 "-" "Mozilla/5.0 (compatible; Yahoo! Slurp; http://help.yahoo.com/help/us/ysearch/slurp)"
213.144.15.38 - - [14/May/2008:06:38:27 -0400] "GET /robots.txt HTTP/1.0" 404 208 "-" "larbin_2.6.3 (larbin2.6.3@unspecified.mail)"
65.55.208.131 - - [14/May/2008:06:41:51 -0400] "GET /robots.txt HTTP/1.1" 404 208 "-" "msnbot/1.1 (+http://search.msn.com/msnbot.htm)"
65.55.208.131 - - [14/May/2008:06:41:52 -0400] "GET /NoteBook/releases/?C=S;O=A HTTP/1.1" 200 860 "-" "msnbot/1.1 (+http://search.msn.com/msnbot.htm)"
213.144.15.38 - - [14/May/2008:06:50:51 -0400] "GET / HTTP/1.0" 200 826 "-" "larbin_2.6.3 larbin2.6.3@unspecified.mail"
65.55.208.123 - - [14/May/2008:07:03:28 -0400] "GET /robots.txt HTTP/1.1" 404 208 "-" "msnbot/1.1 (+http://search.msn.com/msnbot.htm)"
65.55.208.123 - - [14/May/2008:07:03:29 -0400] "GET /NoteBook/?C=S;O=D HTTP/1.1" 200 809 "-" "msnbot/1.1 (+http://search.msn.com/msnbot.htm)"
213.144.15.38 - - [14/May/2008:07:20:25 -0400] "GET /NoteBook/ HTTP/1.0" 200 809 "-" "larbin_2.6.3 larbin2.6.3@unspecified.mail"
89.122.29.127 - - [14/May/2008:07:42:46 -0400] "GET / HTTP/1.1" 200 826 "http://livecd.gnustep.org/" "Mozilla/4.0 (compatible; MSIE 6.0; Windows NT 5.1; SV1; .NET CLR 2.0.50727)"
189.179.246.142 - - [14/May/2008:08:05:54 -0400] "GET / HTTP/1.1" 200 826 "-" "Mozilla/5.0 (X11; U; Linux i686; en-US; rv:1.8.1.14) Gecko/20080418 Ubuntu/7.10 (gutsy) Firefox/2.0.0.14"
189.179.246.142 - - [14/May/2008:08:05:55 -0400] "GET /icons/blank.gif HTTP/1.1" 200 148 "-" "Mozilla/5.0 (X11; U; Linux i686; en-US; rv:1.8.1.14) Gecko/20080418 Ubuntu/7.10 (gutsy) Firefox/2.0.0.14"
189.179.246.142 - - [14/May/2008:08:05:55 -0400] "GET /icons/unknown.gif HTTP/1.1" 200 245 "-" "Mozilla/5.0 (X11; U; Linux i686; en-US; rv:1.8.1.14) Gecko/20080418 Ubuntu/7.10 (gutsy) Firefox/2.0.0.14"
189.179.246.142 - - [14/May/2008:08:06:03 -0400] "GET /icons/folder.gif HTTP/1.1" 200 225 "-" "Mozilla/5.0 (X11; U; Linux i686; en-US; rv:1.8.1.14) Gecko/20080418 Ubuntu/7.10 (gutsy) Firefox/2.0.0.14"
189.179.246.142 - - [14/May/2008:08:06:04 -0400] "GET /favicon.ico HTTP/1.1" 404 209 "-" "Mozilla/5.0 (X11; U; Linux i686; en-US; rv:1.8.1.14) Gecko/20080418 Ubuntu/7.10 (gutsy) Firefox/2.0.0.14"
189.179.246.142 - - [14/May/2008:08:06:05 -0400] "GET /favicon.ico HTTP/1.1" 404 209 "-" "Mozilla/5.0 (X11; U; Linux i686; en-US; rv:1.8.1.14) Gecko/20080418 Ubuntu/7.10 (gutsy) Firefox/2.0.0.14"
189.179.246.142 - - [14/May/2008:08:06:23 -0400] "GET /favicon.ico HTTP/1.1" 404 209 "-" "Mozilla/5.0 (X11; U; Linux i686; en-US; rv:1.8.1.14) Gecko/20080418 Ubuntu/7.10 (gutsy) Firefox/2.0.0.14"
189.179.246.142 - - [14/May/2008:08:06:25 -0400] "GET /NoteBook/ HTTP/1.1" 200 809 "-" "Mozilla/5.0 (X11; U; Linux i686; en-US; rv:1.8.1.14) Gecko/20080418 Ubuntu/7.10 (gutsy) Firefox/2.0.0.14"
189.179.246.142 - - [14/May/2008:08:06:33 -0400] "GET /favicon.ico HTTP/1.1" 404 209 "-" "Mozilla/5.0 (X11; U; Linux i686; en-US; rv:1.8.1.14) Gecko/20080418 Ubuntu/7.10 (gutsy) Firefox/2.0.0.14"
189.179.246.142 - - [14/May/2008:08:06:54 -0400] "GET /NoteBook/releases/ HTTP/1.1" 200 860 "-" "Mozilla/5.0 (X11; U; Linux i686; en-US; rv:1.8.1.14) Gecko/20080418 Ubuntu/7.10 (gutsy) Firefox/2.0.0.14"
189.179.246.142 - - [14/May/2008:08:06:55 -0400] "GET /icons/back.gif HTTP/1.1" 200 216 "-" "Mozilla/5.0 (X11; U; Linux i686; en-US; rv:1.8.1.14) Gecko/20080418 Ubuntu/7.10 (gutsy) Firefox/2.0.0.14"
189.179.246.142 - - [14/May/2008:08:07:02 -0400] "GET /icons/compressed.gif HTTP/1.1" 200 1038 "-" "Mozilla/5.0 (X11; U; Linux i686; en-US; rv:1.8.1.14) Gecko/20080418 Ubuntu/7.10 (gutsy) Firefox/2.0.0.14"
189.179.246.142 - - [14/May/2008:08:07:03 -0400] "GET /favicon.ico HTTP/1.1" 404 209 "-" "Mozilla/5.0 (X11; U; Linux i686; en-US; rv:1.8.1.14) Gecko/20080418 Ubuntu/7.10 (gutsy) Firefox/2.0.0.14"
189.179.246.142 - - [14/May/2008:08:07:03 -0400] "GET /favicon.ico HTTP/1.1" 404 209 "-" "Mozilla/5.0 (X11; U; Linux i686; en-US; rv:1.8.1.14) Gecko/20080418 Ubuntu/7.10 (gutsy) Firefox/2.0.0.14"
189.179.246.142 - - [14/May/2008:08:07:06 -0400] "GET /favicon.ico HTTP/1.1" 404 209 "-" "Mozilla/5.0 (X11; U; Linux i686; en-US; rv:1.8.1.14) Gecko/20080418 Ubuntu/7.10 (gutsy) Firefox/2.0.0.14"
65.55.208.137 - - [14/May/2008:08:26:24 -0400] "GET /access.log HTTP/1.1" 200 394005 "-" "msnbot/1.1 (+http://search.msn.com/msnbot.htm)"
213.144.15.38 - - [14/May/2008:08:46:51 -0400] "GET /robots.txt HTTP/1.0" 404 208 "-" "larbin_2.6.3 (larbin2.6.3@unspecified.mail)"
67.195.37.112 - - [14/May/2008:09:26:59 -0400] "GET /robots.txt HTTP/1.0" 404 208 "-" "Mozilla/5.0 (compatible; Yahoo! Slurp; http://help.yahoo.com/help/us/ysearch/slurp)"
67.195.37.112 - - [14/May/2008:09:27:00 -0400] "GET / HTTP/1.0" 200 826 "-" "Mozilla/5.0 (compatible; Yahoo! Slurp/3.0; http://help.yahoo.com/help/us/ysearch/slurp)"
213.144.15.38 - - [14/May/2008:09:50:56 -0400] "GET / HTTP/1.0" 200 826 "-" "larbin_2.6.3 larbin2.6.3@unspecified.mail"
71.252.134.73 - - [14/May/2008:10:12:20 -0400] "GET /access.log HTTP/1.1" 200 394733 "-" "Mozilla/4.0 (compatible; MSIE 6.0; Windows NT 5.1;1813)"
71.252.134.73 - - [14/May/2008:10:42:46 -0400] "GET /access.log HTTP/1.1" 200 394880 "-" "Mozilla/4.0 (compatible; MSIE 6.0; Windows NT 5.1;1813)"
78.12.133.54 - - [14/May/2008:11:00:30 -0400] "GET /access.log HTTP/1.1" 200 395027 "http://www.google.it/search?q=inurl:access.log&hl=it&rlz=1T4GGIH_itIT212IT213&start=40&sa=N" "Mozilla/4.0 (compatible; MSIE 7.0; Windows NT 5.1; .NET CLR 1.1.4322; .NET CLR 2.0.50727; .NET CLR 3.0.04506.648; .NET CLR 3.5.21022)"
78.12.133.54 - - [14/May/2008:11:00:36 -0400] "GET /favicon.ico HTTP/1.1" 404 209 "-" "Mozilla/4.0 (compatible; MSIE 7.0; Windows NT 5.1; .NET CLR 1.1.4322; .NET CLR 2.0.50727; .NET CLR 3.0.04506.648; .NET CLR 3.5.21022)"
86.129.190.184 - - [14/May/2008:11:54:50 -0400] "GET /access.log HTTP/1.1" 200 395563 "-" "Mozilla/4.0 (compatible; MSIE 6.0; Windows NT 5.1; SV1)"
86.129.190.184 - - [14/May/2008:12:00:59 -0400] "GET /access.log HTTP/1.1" 200 395711 "-" "Mozilla/4.0 (compatible; MSIE 6.0; Windows NT 5.1; SV1)"
125.34.160.147 - - [14/May/2008:12:10:41 -0400] "GET / HTTP/1.1" 200 826 "-" "-"
74.6.17.167 - - [14/May/2008:13:10:20 -0400] "GET /robots.txt HTTP/1.0" 404 208 "-" "Mozilla/5.0 (compatible; Yahoo! Slurp; http://help.yahoo.com/help/us/ysearch/slurp)"
74.6.22.216 - - [14/May/2008:13:10:21 -0400] "GET /access.log HTTP/1.0" 200 396110 "-" "Mozilla/5.0 (compatible; Yahoo! Slurp; http://help.yahoo.com/help/us/ysearch/slurp)"
82.177.36.10 - - [14/May/2008:13:29:44 -0400] "GET /access.log HTTP/1.1" 200 396283 "http://www.google.pl/search?hl=pl&q=77.253.143.1&btnG=Szukaj&lr=" "Mozilla/5.0 (Windows; U; Windows NT 5.1; pl; rv:1.8.1.14) Gecko/20080404 Firefox/2.0.0.14"
82.177.36.10 - - [14/May/2008:13:29:53 -0400] "GET /favicon.ico HTTP/1.1" 404 209 "-" "Mozilla/5.0 (Windows; U; Windows NT 5.1; pl; rv:1.8.1.14) Gecko/20080404 Firefox/2.0.0.14"
64.1.215.163 - - [14/May/2008:13:55:20 -0400] "GET /robots.txt HTTP/1.0" 404 208 "-" "Mozilla/5.0 (Twiceler-0.9 http://www.cuill.com/twiceler/robot.html)"
208.80.193.36 - - [14/May/2008:14:21:41 -0400] "GET / HTTP/1.1" 200 826 "-" "Mozilla/4.0 (compatible; MSIE 6.0; Windows NT 5.1; Q312468)"
72.30.179.226 - - [14/May/2008:14:34:11 -0400] "GET /?C=M;O=A HTTP/1.0" 200 826 "-" "Mozilla/5.0 (compatible; Yahoo! Slurp; http://help.yahoo.com/help/us/ysearch/slurp)"
74.6.19.223 - - [14/May/2008:14:40:10 -0400] "GET /robots.txt HTTP/1.0" 404 208 "-" "Mozilla/5.0 (compatible; Yahoo! Slurp; http://help.yahoo.com/help/us/ysearch/slurp)"
67.195.52.27 - - [14/May/2008:14:40:10 -0400] "GET / HTTP/1.0" 200 826 "-" "Mozilla/5.0 (compatible; Yahoo! Slurp; http://help.yahoo.com/help/us/ysearch/slurp)"
67.195.37.112 - - [14/May/2008:15:31:10 -0400] "GET /robots.txt HTTP/1.0" 404 208 "-" "Mozilla/5.0 (compatible; Yahoo! Slurp; http://help.yahoo.com/help/us/ysearch/slurp)"
67.195.37.112 - - [14/May/2008:15:31:10 -0400] "GET /?C=S;O=A HTTP/1.0" 200 826 "-" "Mozilla/5.0 (compatible; Yahoo! Slurp/3.0; http://help.yahoo.com/help/us/ysearch/slurp)"
67.195.37.112 - - [14/May/2008:16:08:35 -0400] "GET /NoteBook/ HTTP/1.0" 200 809 "-" "Mozilla/5.0 (compatible; Yahoo! Slurp/3.0; http://help.yahoo.com/help/us/ysearch/slurp)"
77.91.224.11 - - [14/May/2008:16:10:12 -0400] "GET /robots.txt HTTP/1.1" 404 208 "-" "WebAlta Crawler/2.0 (http://www.webalta.net/ru/about_webmaster.html) (Windows; U; Windows NT 5.1; ru-RU)"
77.91.224.11 - - [14/May/2008:16:10:13 -0400] "GET / HTTP/1.1" 200 826 "-" "WebAlta Crawler/2.0 (http://www.webalta.net/ru/about_webmaster.html) (Windows; U; Windows NT 5.1; ru-RU)"
67.195.37.112 - - [14/May/2008:16:14:19 -0400] "GET /NoteBook/releases/ HTTP/1.0" 200 860 "-" "Mozilla/5.0 (compatible; Yahoo! Slurp/3.0; http://help.yahoo.com/help/us/ysearch/slurp)"
67.195.37.112 - - [14/May/2008:16:16:33 -0400] "GET /NoteBook/?C=D;O=A HTTP/1.0" 200 809 "-" "Mozilla/5.0 (compatible; Yahoo! Slurp/3.0; http://help.yahoo.com/help/us/ysearch/slurp)"
67.195.37.112 - - [14/May/2008:16:20:18 -0400] "GET /NoteBook/releases/?C=M;O=A HTTP/1.0" 200 860 "-" "Mozilla/5.0 (compatible; Yahoo! Slurp/3.0; http://help.yahoo.com/help/us/ysearch/slurp)"
67.195.37.112 - - [14/May/2008:16:21:37 -0400] "GET /NoteBook/releases/?C=D;O=A HTTP/1.0" 200 860 "-" "Mozilla/5.0 (compatible; Yahoo! Slurp/3.0; http://help.yahoo.com/help/us/ysearch/slurp)"
74.6.86.40 - - [14/May/2008:16:34:37 -0400] "GET / HTTP/1.0" 200 826 "-" "Mozilla/5.0 (compatible; Yahoo! Slurp; http://help.yahoo.com/help/us/ysearch/slurp)"
