91.15.251.141 - - [17/May/2008:02:44:17 -0400] "GET / HTTP/1.1" 200 826 "http://www.gnustep.org/experience/apps.html" "Mozilla/5.0 (X11; U; Linux x86_64; en-US; rv:1.8.1.14) Gecko/20080418 Ubuntu/8.04 (hardy) Firefox/2.0.0.14"
91.15.251.141 - - [17/May/2008:02:44:17 -0400] "GET /icons/blank.gif HTTP/1.1" 200 148 "http://notebook.cowgar.com/" "Mozilla/5.0 (X11; U; Linux x86_64; en-US; rv:1.8.1.14) Gecko/20080418 Ubuntu/8.04 (hardy) Firefox/2.0.0.14"
91.15.251.141 - - [17/May/2008:02:44:18 -0400] "GET /icons/unknown.gif HTTP/1.1" 200 245 "http://notebook.cowgar.com/" "Mozilla/5.0 (X11; U; Linux x86_64; en-US; rv:1.8.1.14) Gecko/20080418 Ubuntu/8.04 (hardy) Firefox/2.0.0.14"
91.15.251.141 - - [17/May/2008:02:44:18 -0400] "GET /icons/folder.gif HTTP/1.1" 200 225 "http://notebook.cowgar.com/" "Mozilla/5.0 (X11; U; Linux x86_64; en-US; rv:1.8.1.14) Gecko/20080418 Ubuntu/8.04 (hardy) Firefox/2.0.0.14"
91.15.251.141 - - [17/May/2008:02:44:18 -0400] "GET /favicon.ico HTTP/1.1" 404 209 "-" "Mozilla/5.0 (X11; U; Linux x86_64; en-US; rv:1.8.1.14) Gecko/20080418 Ubuntu/8.04 (hardy) Firefox/2.0.0.14"
91.15.251.141 - - [17/May/2008:02:44:18 -0400] "GET /favicon.ico HTTP/1.1" 404 209 "-" "Mozilla/5.0 (X11; U; Linux x86_64; en-US; rv:1.8.1.14) Gecko/20080418 Ubuntu/8.04 (hardy) Firefox/2.0.0.14"
91.15.251.141 - - [17/May/2008:02:45:52 -0400] "GET /favicon.ico HTTP/1.1" 404 209 "-" "Mozilla/5.0 (X11; U; Linux x86_64; en-US; rv:1.8.1.14) Gecko/20080418 Ubuntu/8.04 (hardy) Firefox/2.0.0.14"
67.195.52.122 - - [17/May/2008:03:58:01 -0400] "GET /access.log HTTP/1.0" 200 450658 "-" "Mozilla/5.0 (compatible; Yahoo! Slurp; http://help.yahoo.com/help/us/ysearch/slurp)"
79.86.109.65 - - [17/May/2008:04:28:22 -0400] "GET /NoteBook/releases/NoteBook-0.3.tar.gz HTTP/1.1" 200 30612 "-" "fetch libfetch/2.0"
85.224.9.79 - - [17/May/2008:04:50:08 -0400] "GET / HTTP/1.1" 200 826 "-" "Mozilla/4.0 (compatible; MSIE 6.0; Windows NT 5.1)"
74.6.24.236 - - [17/May/2008:04:59:50 -0400] "GET / HTTP/1.0" 200 826 "-" "Mozilla/5.0 (compatible; Yahoo! Slurp; http://help.yahoo.com/help/us/ysearch/slurp)"
82.193.248.86 - - [17/May/2008:05:20:36 -0400] "GET / HTTP/1.1" 200 826 "http://io.debian.net/~tar/gnustep/" "Mozilla/5.0 (X11; U; Linux i686; en-US; rv:1.8.1.12) Gecko/20080312 SeaMonkey/1.1.8"
82.193.248.86 - - [17/May/2008:05:20:36 -0400] "GET /icons/blank.gif HTTP/1.1" 200 148 "http://notebook.cowgar.com/" "Mozilla/5.0 (X11; U; Linux i686; en-US; rv:1.8.1.12) Gecko/20080312 SeaMonkey/1.1.8"
82.193.248.86 - - [17/May/2008:05:20:36 -0400] "GET /icons/folder.gif HTTP/1.1" 200 225 "http://notebook.cowgar.com/" "Mozilla/5.0 (X11; U; Linux i686; en-US; rv:1.8.1.12) Gecko/20080312 SeaMonkey/1.1.8"
82.193.248.86 - - [17/May/2008:05:20:36 -0400] "GET /icons/unknown.gif HTTP/1.1" 200 245 "http://notebook.cowgar.com/" "Mozilla/5.0 (X11; U; Linux i686; en-US; rv:1.8.1.12) Gecko/20080312 SeaMonkey/1.1.8"
82.193.248.86 - - [17/May/2008:05:20:41 -0400] "GET /NoteBook/ HTTP/1.1" 200 809 "http://notebook.cowgar.com/" "Mozilla/5.0 (X11; U; Linux i686; en-US; rv:1.8.1.12) Gecko/20080312 SeaMonkey/1.1.8"
82.193.248.86 - - [17/May/2008:05:20:41 -0400] "GET /icons/back.gif HTTP/1.1" 200 216 "http://notebook.cowgar.com/NoteBook/" "Mozilla/5.0 (X11; U; Linux i686; en-US; rv:1.8.1.12) Gecko/20080312 SeaMonkey/1.1.8"
82.193.248.86 - - [17/May/2008:05:20:44 -0400] "GET /NoteBook/releases/ HTTP/1.1" 200 860 "http://notebook.cowgar.com/NoteBook/" "Mozilla/5.0 (X11; U; Linux i686; en-US; rv:1.8.1.12) Gecko/20080312 SeaMonkey/1.1.8"
82.193.248.86 - - [17/May/2008:05:20:44 -0400] "GET /icons/compressed.gif HTTP/1.1" 200 1038 "http://notebook.cowgar.com/NoteBook/releases/" "Mozilla/5.0 (X11; U; Linux i686; en-US; rv:1.8.1.12) Gecko/20080312 SeaMonkey/1.1.8"
74.6.27.24 - - [17/May/2008:05:39:49 -0400] "GET /?C=D;O=D HTTP/1.0" 200 826 "-" "Mozilla/5.0 (compatible; Yahoo! Slurp; http://help.yahoo.com/help/us/ysearch/slurp)"
74.6.18.254 - - [17/May/2008:06:16:41 -0400] "GET /robots.txt HTTP/1.0" 404 208 "-" "Mozilla/5.0 (compatible; Yahoo! Slurp; http://help.yahoo.com/help/us/ysearch/slurp)"
74.6.19.32 - - [17/May/2008:06:16:42 -0400] "GET /?C=N;O=D HTTP/1.0" 200 826 "-" "Mozilla/5.0 (compatible; Yahoo! Slurp; http://help.yahoo.com/help/us/ysearch/slurp)"
82.193.248.86 - - [17/May/2008:07:31:29 -0400] "GET / HTTP/1.1" 200 826 "http://www.gnustep.org/experience/apps.html" "Opera/9.25 (Windows NT 5.1; U; de)"
82.193.248.86 - - [17/May/2008:07:31:29 -0400] "GET /icons/blank.gif HTTP/1.1" 200 148 "http://notebook.cowgar.com/" "Opera/9.25 (Windows NT 5.1; U; de)"
82.193.248.86 - - [17/May/2008:07:31:29 -0400] "GET /icons/folder.gif HTTP/1.1" 200 225 "http://notebook.cowgar.com/" "Opera/9.25 (Windows NT 5.1; U; de)"
82.193.248.86 - - [17/May/2008:07:31:29 -0400] "GET /icons/unknown.gif HTTP/1.1" 200 245 "http://notebook.cowgar.com/" "Opera/9.25 (Windows NT 5.1; U; de)"
82.193.248.86 - - [17/May/2008:07:31:29 -0400] "GET /favicon.ico HTTP/1.1" 404 209 "http://notebook.cowgar.com/" "Opera/9.25 (Windows NT 5.1; U; de)"
131.107.151.93 - - [17/May/2008:07:40:19 -0400] "GET /robots.txt HTTP/1.1" 404 208 "-" "MSR-ISRCCrawler"
74.6.18.254 - - [17/May/2008:09:22:10 -0400] "GET /robots.txt HTTP/1.0" 404 208 "-" "Mozilla/5.0 (compatible; Yahoo! Slurp; http://help.yahoo.com/help/us/ysearch/slurp)"
74.6.16.166 - - [17/May/2008:09:22:11 -0400] "GET /?C=N;O=A HTTP/1.0" 200 826 "-" "Mozilla/5.0 (compatible; Yahoo! Slurp; http://help.yahoo.com/help/us/ysearch/slurp)"
67.195.37.168 - - [17/May/2008:09:39:13 -0400] "GET /robots.txt HTTP/1.0" 404 208 "-" "Mozilla/5.0 (compatible; Yahoo! Slurp; http://help.yahoo.com/help/us/ysearch/slurp)"
67.195.37.168 - - [17/May/2008:09:39:13 -0400] "GET / HTTP/1.0" 200 826 "-" "Mozilla/5.0 (compatible; Yahoo! Slurp/3.0; http://help.yahoo.com/help/us/ysearch/slurp)"
65.55.25.136 - - [17/May/2008:10:17:20 -0400] "GET /robots.txt HTTP/1.1" 404 208 "-" "msnbot/1.1 (+http://search.msn.com/msnbot.htm)"
65.55.25.136 - - [17/May/2008:10:17:20 -0400] "GET / HTTP/1.1" 200 826 "-" "msnbot/1.1 (+http://search.msn.com/msnbot.htm)"
67.195.37.168 - - [17/May/2008:10:38:31 -0400] "GET /?C=M;O=D HTTP/1.0" 200 826 "-" "Mozilla/5.0 (compatible; Yahoo! Slurp/3.0; http://help.yahoo.com/help/us/ysearch/slurp)"
72.36.180.234 - - [17/May/2008:10:42:37 -0400] "GET /access.log HTTP/1.1" 200 455399 "-" "Vhmtukp bzpgonhdm enxuyawqb"
124.168.117.117 - - [17/May/2008:11:49:34 -0400] "GET / HTTP/1.1" 200 826 "http://www.gnustep.org/experience/apps.html" "Mozilla/5.0 (X11; U; Linux i686; en-US; rv:1.9b5) Gecko/2008041514 Firefox/3.0b5"
124.168.117.117 - - [17/May/2008:11:49:34 -0400] "GET /icons/blank.gif HTTP/1.1" 200 148 "http://notebook.cowgar.com/" "Mozilla/5.0 (X11; U; Linux i686; en-US; rv:1.9b5) Gecko/2008041514 Firefox/3.0b5"
124.168.117.117 - - [17/May/2008:11:49:34 -0400] "GET /icons/unknown.gif HTTP/1.1" 200 245 "http://notebook.cowgar.com/" "Mozilla/5.0 (X11; U; Linux i686; en-US; rv:1.9b5) Gecko/2008041514 Firefox/3.0b5"
124.168.117.117 - - [17/May/2008:11:49:34 -0400] "GET /icons/folder.gif HTTP/1.1" 200 225 "http://notebook.cowgar.com/" "Mozilla/5.0 (X11; U; Linux i686; en-US; rv:1.9b5) Gecko/2008041514 Firefox/3.0b5"
124.168.117.117 - - [17/May/2008:11:49:36 -0400] "GET /favicon.ico HTTP/1.1" 404 209 "-" "Mozilla/5.0 (X11; U; Linux i686; en-US; rv:1.9b5) Gecko/2008041514 Firefox/3.0b5"
124.168.117.117 - - [17/May/2008:11:49:38 -0400] "GET /NoteBook/ HTTP/1.1" 200 809 "http://notebook.cowgar.com/" "Mozilla/5.0 (X11; U; Linux i686; en-US; rv:1.9b5) Gecko/2008041514 Firefox/3.0b5"
124.168.117.117 - - [17/May/2008:11:49:38 -0400] "GET /icons/back.gif HTTP/1.1" 200 216 "http://notebook.cowgar.com/NoteBook/" "Mozilla/5.0 (X11; U; Linux i686; en-US; rv:1.9b5) Gecko/2008041514 Firefox/3.0b5"
124.168.117.117 - - [17/May/2008:11:49:39 -0400] "GET /favicon.ico HTTP/1.1" 404 209 "-" "Mozilla/5.0 (X11; U; Linux i686; en-US; rv:1.9b5) Gecko/2008041514 Firefox/3.0b5"
124.168.117.117 - - [17/May/2008:11:49:39 -0400] "GET /favicon.ico HTTP/1.1" 404 209 "-" "Mozilla/5.0 (X11; U; Linux i686; en-US; rv:1.9b5) Gecko/2008041514 Firefox/3.0b5"
124.168.117.117 - - [17/May/2008:11:49:41 -0400] "GET /favicon.ico HTTP/1.1" 404 209 "-" "Mozilla/5.0 (X11; U; Linux i686; en-US; rv:1.9b5) Gecko/2008041514 Firefox/3.0b5"
124.168.117.117 - - [17/May/2008:11:49:42 -0400] "GET /NoteBook/releases/ HTTP/1.1" 200 860 "http://notebook.cowgar.com/NoteBook/" "Mozilla/5.0 (X11; U; Linux i686; en-US; rv:1.9b5) Gecko/2008041514 Firefox/3.0b5"
124.168.117.117 - - [17/May/2008:11:49:42 -0400] "GET /icons/compressed.gif HTTP/1.1" 200 1038 "http://notebook.cowgar.com/NoteBook/releases/" "Mozilla/5.0 (X11; U; Linux i686; en-US; rv:1.9b5) Gecko/2008041514 Firefox/3.0b5"
124.168.117.117 - - [17/May/2008:11:49:48 -0400] "GET /NoteBook/releases/NoteBook-0.3.tar.gz HTTP/1.1" 200 30612 "http://notebook.cowgar.com/NoteBook/releases/" "Mozilla/5.0 (X11; U; Linux i686; en-US; rv:1.9b5) Gecko/2008041514 Firefox/3.0b5"
74.6.22.216 - - [17/May/2008:13:17:23 -0400] "GET /access.log HTTP/1.0" 200 458108 "-" "Mozilla/5.0 (compatible; Yahoo! Slurp; http://help.yahoo.com/help/us/ysearch/slurp)"
74.6.11.223 - - [17/May/2008:14:25:01 -0400] "GET /NoteBook/ HTTP/1.0" 200 809 "-" "Mozilla/5.0 (compatible; Yahoo! Slurp; http://help.yahoo.com/help/us/ysearch/slurp)"
74.6.26.188 - - [17/May/2008:14:31:48 -0400] "GET /NoteBook/?C=M;O=A HTTP/1.0" 200 809 "-" "Mozilla/5.0 (compatible; Yahoo! Slurp; http://help.yahoo.com/help/us/ysearch/slurp)"
74.6.18.119 - - [17/May/2008:14:31:54 -0400] "GET /NoteBook/releases/ HTTP/1.0" 200 860 "-" "Mozilla/5.0 (compatible; Yahoo! Slurp; http://help.yahoo.com/help/us/ysearch/slurp)"
77.91.224.11 - - [17/May/2008:14:40:14 -0400] "GET /robots.txt HTTP/1.1" 404 208 "-" "WebAlta Crawler/2.0 (http://www.webalta.net/ru/about_webmaster.html) (Windows; U; Windows NT 5.1; ru-RU)"
77.91.224.11 - - [17/May/2008:14:40:14 -0400] "GET / HTTP/1.1" 200 826 "-" "WebAlta Crawler/2.0 (http://www.webalta.net/ru/about_webmaster.html) (Windows; U; Windows NT 5.1; ru-RU)"
74.6.22.185 - - [17/May/2008:14:43:21 -0400] "GET /robots.txt HTTP/1.0" 404 208 "-" "Mozilla/5.0 (compatible; Yahoo! Slurp; http://help.yahoo.com/help/us/ysearch/slurp)"
74.6.22.185 - - [17/May/2008:14:43:21 -0400] "GET /?C=M;O=A HTTP/1.0" 200 826 "-" "Mozilla/5.0 (compatible; Yahoo! Slurp; http://help.yahoo.com/help/us/ysearch/slurp)"
74.6.19.243 - - [17/May/2008:14:47:11 -0400] "GET /robots.txt HTTP/1.0" 404 208 "-" "Mozilla/5.0 (compatible; Yahoo! Slurp; http://help.yahoo.com/help/us/ysearch/slurp)"
67.195.52.27 - - [17/May/2008:14:47:12 -0400] "GET / HTTP/1.0" 200 826 "-" "Mozilla/5.0 (compatible; Yahoo! Slurp; http://help.yahoo.com/help/us/ysearch/slurp)"
67.195.52.105 - - [17/May/2008:14:48:34 -0400] "GET /?C=M;O=A HTTP/1.0" 200 826 "-" "Mozilla/5.0 (compatible; Yahoo! Slurp; http://help.yahoo.com/help/us/ysearch/slurp)"
67.195.54.49 - - [17/May/2008:14:49:08 -0400] "GET /?C=N;O=D HTTP/1.0" 200 826 "-" "Mozilla/5.0 (compatible; Yahoo! Slurp; http://help.yahoo.com/help/us/ysearch/slurp)"
60.52.9.195 - - [17/May/2008:15:24:03 -0400] "GET /access.log HTTP/1.1" 200 460187 "http://www.google.com/search?hl=en&q=filetype%3Alog+access.log+-CVS&btnG=Search" "Mozilla/5.0 (Windows; U; Windows NT 5.1; en-GB; rv:1.8.1.14) Gecko/20080404 Firefox/2.0.0.14"
60.52.9.195 - - [17/May/2008:15:24:12 -0400] "GET /favicon.ico HTTP/1.1" 404 209 "-" "Mozilla/5.0 (Windows; U; Windows NT 5.1; en-GB; rv:1.8.1.14) Gecko/20080404 Firefox/2.0.0.14"
60.52.9.195 - - [17/May/2008:15:24:13 -0400] "GET /favicon.ico HTTP/1.1" 404 209 "-" "Mozilla/5.0 (Windows; U; Windows NT 5.1; en-GB; rv:1.8.1.14) Gecko/20080404 Firefox/2.0.0.14"
60.52.9.195 - - [17/May/2008:15:25:54 -0400] "GET /favicon.ico HTTP/1.1" 404 209 "-" "Mozilla/5.0 (Windows; U; Windows NT 5.1; en-GB; rv:1.8.1.14) Gecko/20080404 Firefox/2.0.0.14"
74.6.24.234 - - [17/May/2008:16:48:54 -0400] "GET /?C=S;O=A HTTP/1.0" 200 826 "-" "Mozilla/5.0 (compatible; Yahoo! Slurp; http://help.yahoo.com/help/us/ysearch/slurp)"
84.236.69.144 - - [17/May/2008:16:50:24 -0400] "GET / HTTP/1.1" 200 826 "http://www.gnustep.org/experience/apps.html" "Mozilla/5.0 (compatible; Konqueror/3.5; Linux; hu) KHTML/3.5.5 (like Gecko) (Debian)"
84.236.69.144 - - [17/May/2008:16:50:25 -0400] "GET /icons/folder.gif HTTP/1.1" 200 225 "http://notebook.cowgar.com/" "Mozilla/5.0 (compatible; Konqueror/3.5; Linux; hu) KHTML/3.5.5 (like Gecko) (Debian)"
84.236.69.144 - - [17/May/2008:16:50:25 -0400] "GET /icons/blank.gif HTTP/1.1" 200 148 "http://notebook.cowgar.com/" "Mozilla/5.0 (compatible; Konqueror/3.5; Linux; hu) KHTML/3.5.5 (like Gecko) (Debian)"
84.236.69.144 - - [17/May/2008:16:50:25 -0400] "GET /icons/unknown.gif HTTP/1.1" 200 245 "http://notebook.cowgar.com/" "Mozilla/5.0 (compatible; Konqueror/3.5; Linux; hu) KHTML/3.5.5 (like Gecko) (Debian)"
84.236.69.144 - - [17/May/2008:16:50:26 -0400] "GET /favicon.ico HTTP/1.1" 404 209 "-" "Mozilla/5.0 (compatible; Konqueror/3.5; Linux; hu) KHTML/3.5.5 (like Gecko) (Debian)"
84.236.69.144 - - [17/May/2008:16:50:27 -0400] "GET /NoteBook/ HTTP/1.1" 200 809 "http://notebook.cowgar.com/" "Mozilla/5.0 (compatible; Konqueror/3.5; Linux; hu) KHTML/3.5.5 (like Gecko) (Debian)"
84.236.69.144 - - [17/May/2008:16:50:27 -0400] "GET /icons/back.gif HTTP/1.1" 200 216 "http://notebook.cowgar.com/NoteBook/" "Mozilla/5.0 (compatible; Konqueror/3.5; Linux; hu) KHTML/3.5.5 (like Gecko) (Debian)"
84.236.69.144 - - [17/May/2008:16:50:29 -0400] "GET /NoteBook/releases/ HTTP/1.1" 200 860 "http://notebook.cowgar.com/NoteBook/" "Mozilla/5.0 (compatible; Konqueror/3.5; Linux; hu) KHTML/3.5.5 (like Gecko) (Debian)"
84.236.69.144 - - [17/May/2008:16:50:29 -0400] "GET /icons/compressed.gif HTTP/1.1" 200 1038 "http://notebook.cowgar.com/NoteBook/releases/" "Mozilla/5.0 (compatible; Konqueror/3.5; Linux; hu) KHTML/3.5.5 (like Gecko) (Debian)"
74.6.29.115 - - [17/May/2008:17:16:44 -0400] "GET /?C=M;O=D HTTP/1.0" 200 826 "-" "Mozilla/5.0 (compatible; Yahoo! Slurp; http://help.yahoo.com/help/us/ysearch/slurp)"
65.55.208.130 - - [17/May/2008:17:19:34 -0400] "GET /robots.txt HTTP/1.1" 404 208 "-" "msnbot/1.1 (+http://search.msn.com/msnbot.htm)"
65.55.208.130 - - [17/May/2008:17:19:35 -0400] "GET /NoteBook/?C=D;O=D HTTP/1.1" 200 809 "-" "msnbot/1.1 (+http://search.msn.com/msnbot.htm)"
82.227.10.105 - - [17/May/2008:18:06:50 -0400] "GET / HTTP/1.1" 200 826 "http://www.gnustep.org/experience/apps.html" "Opera/9.27 (X11; Linux i686; U; en)"
82.227.10.105 - - [17/May/2008:18:06:51 -0400] "GET /icons/blank.gif HTTP/1.1" 200 148 "http://notebook.cowgar.com/" "Opera/9.27 (X11; Linux i686; U; en)"
82.227.10.105 - - [17/May/2008:18:06:51 -0400] "GET /icons/folder.gif HTTP/1.1" 200 225 "http://notebook.cowgar.com/" "Opera/9.27 (X11; Linux i686; U; en)"
82.227.10.105 - - [17/May/2008:18:06:51 -0400] "GET /icons/unknown.gif HTTP/1.1" 200 245 "http://notebook.cowgar.com/" "Opera/9.27 (X11; Linux i686; U; en)"
82.227.10.105 - - [17/May/2008:18:06:51 -0400] "GET /favicon.ico HTTP/1.1" 404 209 "http://notebook.cowgar.com/" "Opera/9.27 (X11; Linux i686; U; en)"
89.122.29.35 - - [17/May/2008:18:14:45 -0400] "GET / HTTP/1.1" 200 826 "http://livecd.gnustep.org/" "Mozilla/4.0 (compatible; MSIE 6.0; Windows NT 5.1; SV1; .NET CLR 2.0.50727)"
85.178.254.29 - - [17/May/2008:20:30:19 -0400] "GET / HTTP/1.1" 200 826 "http://gnustep.org/experience/apps.html" "Mozilla/5.0 (X11; U; Linux i686; en-US; rv:1.8.1.14) Gecko/20080404 Iceweasel/2.0.0.14 (Debian-2.0.0.14-0etch1)"
85.178.254.29 - - [17/May/2008:20:30:20 -0400] "GET /icons/blank.gif HTTP/1.1" 200 148 "http://notebook.cowgar.com/" "Mozilla/5.0 (X11; U; Linux i686; en-US; rv:1.8.1.14) Gecko/20080404 Iceweasel/2.0.0.14 (Debian-2.0.0.14-0etch1)"
85.178.254.29 - - [17/May/2008:20:30:20 -0400] "GET /icons/folder.gif HTTP/1.1" 200 225 "http://notebook.cowgar.com/" "Mozilla/5.0 (X11; U; Linux i686; en-US; rv:1.8.1.14) Gecko/20080404 Iceweasel/2.0.0.14 (Debian-2.0.0.14-0etch1)"
85.178.254.29 - - [17/May/2008:20:30:20 -0400] "GET /icons/unknown.gif HTTP/1.1" 200 245 "http://notebook.cowgar.com/" "Mozilla/5.0 (X11; U; Linux i686; en-US; rv:1.8.1.14) Gecko/20080404 Iceweasel/2.0.0.14 (Debian-2.0.0.14-0etch1)"
85.178.254.29 - - [17/May/2008:20:30:20 -0400] "GET /favicon.ico HTTP/1.1" 404 209 "-" "Mozilla/5.0 (X11; U; Linux i686; en-US; rv:1.8.1.14) Gecko/20080404 Iceweasel/2.0.0.14 (Debian-2.0.0.14-0etch1)"
85.178.254.29 - - [17/May/2008:20:30:20 -0400] "GET /favicon.ico HTTP/1.1" 404 209 "-" "Mozilla/5.0 (X11; U; Linux i686; en-US; rv:1.8.1.14) Gecko/20080404 Iceweasel/2.0.0.14 (Debian-2.0.0.14-0etch1)"
85.178.254.29 - - [17/May/2008:20:40:45 -0400] "GET /favicon.ico HTTP/1.1" 404 209 "-" "Mozilla/5.0 (X11; U; Linux i686; en-US; rv:1.8.1.14) Gecko/20080404 Iceweasel/2.0.0.14 (Debian-2.0.0.14-0etch1)"
85.178.254.29 - - [17/May/2008:20:44:06 -0400] "GET /favicon.ico HTTP/1.1" 404 209 "-" "Mozilla/5.0 (X11; U; Linux i686; en-US; rv:1.8.1.14) Gecko/20080404 Iceweasel/2.0.0.14 (Debian-2.0.0.14-0etch1)"
85.178.254.29 - - [17/May/2008:20:44:09 -0400] "GET /NoteBook/ HTTP/1.1" 200 809 "http://notebook.cowgar.com/" "Mozilla/5.0 (X11; U; Linux i686; en-US; rv:1.8.1.14) Gecko/20080404 Iceweasel/2.0.0.14 (Debian-2.0.0.14-0etch1)"
85.178.254.29 - - [17/May/2008:20:44:09 -0400] "GET /icons/back.gif HTTP/1.1" 200 216 "http://notebook.cowgar.com/NoteBook/" "Mozilla/5.0 (X11; U; Linux i686; en-US; rv:1.8.1.14) Gecko/20080404 Iceweasel/2.0.0.14 (Debian-2.0.0.14-0etch1)"
85.178.254.29 - - [17/May/2008:20:44:11 -0400] "GET /NoteBook/releases/ HTTP/1.1" 200 860 "http://notebook.cowgar.com/NoteBook/" "Mozilla/5.0 (X11; U; Linux i686; en-US; rv:1.8.1.14) Gecko/20080404 Iceweasel/2.0.0.14 (Debian-2.0.0.14-0etch1)"
85.178.254.29 - - [17/May/2008:20:44:11 -0400] "GET /icons/compressed.gif HTTP/1.1" 200 1038 "http://notebook.cowgar.com/NoteBook/releases/" "Mozilla/5.0 (X11; U; Linux i686; en-US; rv:1.8.1.14) Gecko/20080404 Iceweasel/2.0.0.14 (Debian-2.0.0.14-0etch1)"
74.6.18.254 - - [17/May/2008:21:04:27 -0400] "GET /robots.txt HTTP/1.0" 404 208 "-" "Mozilla/5.0 (compatible; Yahoo! Slurp; http://help.yahoo.com/help/us/ysearch/slurp)"
74.6.16.228 - - [17/May/2008:21:04:28 -0400] "GET /?C=S;O=D HTTP/1.0" 200 826 "-" "Mozilla/5.0 (compatible; Yahoo! Slurp; http://help.yahoo.com/help/us/ysearch/slurp)"
77.91.224.11 - - [17/May/2008:21:17:44 -0400] "GET /robots.txt HTTP/1.1" 404 208 "-" "WebAlta Crawler/2.0 (http://www.webalta.net/ru/about_webmaster.html) (Windows; U; Windows NT 5.1; ru-RU)"
77.91.224.11 - - [17/May/2008:21:17:44 -0400] "GET / HTTP/1.1" 200 826 "-" "WebAlta Crawler/2.0 (http://www.webalta.net/ru/about_webmaster.html) (Windows; U; Windows NT 5.1; ru-RU)"
66.249.73.82 - - [17/May/2008:21:20:12 -0400] "GET /robots.txt HTTP/1.1" 404 208 "-" "Mozilla/5.0 (compatible; Googlebot/2.1; +http://www.google.com/bot.html)"
66.249.73.82 - - [17/May/2008:21:20:12 -0400] "GET /NoteBook/?C=M;O=A HTTP/1.1" 200 809 "-" "Mozilla/5.0 (compatible; Googlebot/2.1; +http://www.google.com/bot.html)"
74.6.19.243 - - [17/May/2008:21:26:33 -0400] "GET /robots.txt HTTP/1.0" 404 208 "-" "Mozilla/5.0 (compatible; Yahoo! Slurp; http://help.yahoo.com/help/us/ysearch/slurp)"
67.195.52.35 - - [17/May/2008:21:26:33 -0400] "GET /?C=S;O=A HTTP/1.0" 200 826 "-" "Mozilla/5.0 (compatible; Yahoo! Slurp; http://help.yahoo.com/help/us/ysearch/slurp)"
67.195.37.168 - - [17/May/2008:21:39:17 -0400] "GET /robots.txt HTTP/1.0" 404 208 "-" "Mozilla/5.0 (compatible; Yahoo! Slurp; http://help.yahoo.com/help/us/ysearch/slurp)"
67.195.37.168 - - [17/May/2008:21:39:17 -0400] "GET /?C=S;O=A HTTP/1.0" 200 826 "-" "Mozilla/5.0 (compatible; Yahoo! Slurp/3.0; http://help.yahoo.com/help/us/ysearch/slurp)"
207.226.174.2 - - [17/May/2008:22:10:41 -0400] "GET / HTTP/1.1" 200 826 "-" "Mozilla/4.0 (compatible; MSIE 6.0; Windows NT 5.1; SV1)"
207.226.174.2 - - [17/May/2008:22:10:41 -0400] "GET /?C=N;O=D HTTP/1.1" 200 826 "-" "Mozilla/4.0 (compatible; MSIE 6.0; Windows NT 5.1; SV1)"
207.226.174.2 - - [17/May/2008:22:10:41 -0400] "GET /?C=M;O=A HTTP/1.1" 200 826 "-" "Mozilla/4.0 (compatible; MSIE 6.0; Windows NT 5.1; SV1)"
207.226.174.2 - - [17/May/2008:22:10:41 -0400] "GET /?C=S;O=A HTTP/1.1" 200 826 "-" "Mozilla/4.0 (compatible; MSIE 6.0; Windows NT 5.1; SV1)"
207.226.174.2 - - [17/May/2008:22:10:41 -0400] "GET /?C=D;O=A HTTP/1.1" 200 826 "-" "Mozilla/4.0 (compatible; MSIE 6.0; Windows NT 5.1; SV1)"
207.226.174.2 - - [17/May/2008:22:10:42 -0400] "GET /access.log HTTP/1.1" 200 469517 "-" "Mozilla/4.0 (compatible; MSIE 6.0; Windows NT 5.1; SV1)"
74.6.20.113 - - [17/May/2008:22:23:03 -0400] "GET /?C=D;O=A HTTP/1.0" 200 826 "-" "Mozilla/5.0 (compatible; Yahoo! Slurp; http://help.yahoo.com/help/us/ysearch/slurp)"
65.55.208.131 - - [17/May/2008:22:56:00 -0400] "GET /robots.txt HTTP/1.1" 404 208 "-" "msnbot/1.1 (+http://search.msn.com/msnbot.htm)"
65.55.208.131 - - [17/May/2008:22:56:00 -0400] "GET /NoteBook/?C=M;O=D HTTP/1.1" 200 809 "-" "msnbot/1.1 (+http://search.msn.com/msnbot.htm)"
65.55.208.130 - - [17/May/2008:22:57:44 -0400] "GET /NoteBook/releases/?C=N;O=D HTTP/1.1" 200 860 "-" "msnbot/1.1 (+http://search.msn.com/msnbot.htm)"
217.172.44.82 - - [17/May/2008:23:51:36 -0400] "GET /robots.txt HTTP/1.1" 404 208 "-" "portscout/0.7.4"
217.172.44.82 - - [17/May/2008:23:51:36 -0400] "GET /NoteBook/releases/ HTTP/1.1" 200 860 "-" "portscout/0.7.4"
65.55.208.119 - - [18/May/2008:00:45:31 -0400] "GET /robots.txt HTTP/1.1" 404 208 "-" "msnbot/1.1 (+http://search.msn.com/msnbot.htm)"
65.55.208.119 - - [18/May/2008:00:45:31 -0400] "GET /?C=M;O=A HTTP/1.1" 200 826 "-" "msnbot/1.1 (+http://search.msn.com/msnbot.htm)"
74.6.11.228 - - [18/May/2008:02:14:22 -0400] "GET /NoteBook/?C=D;O=A HTTP/1.0" 200 809 "-" "Mozilla/5.0 (compatible; Yahoo! Slurp; http://help.yahoo.com/help/us/ysearch/slurp)"
66.249.73.82 - - [18/May/2008:02:23:38 -0400] "GET / HTTP/1.1" 200 826 "-" "Mozilla/5.0 (compatible; Googlebot/2.1; +http://www.google.com/bot.html)"
190.140.159.169 - - [18/May/2008:02:29:18 -0400] "GET /favicon.ico HTTP/1.1" 404 209 "-" "Mozilla/5.0 (X11; U; Linux x86_64; en-US; rv:1.8.1.14) Gecko/20080410 SUSE/2.0.0.14-2.1 Firefox/2.0.0.14"
79.118.222.245 - - [18/May/2008:04:52:38 -0400] "GET /screenshots/NoteBook-tip-Win32.png HTTP/1.1" 404 232 "http://gnustep.blogspot.com/2006/02/screenshots-of-gnustep-on-windows-xp.html" "Mozilla/5.0 (Windows; U; Windows NT 5.1; en-US; rv:1.8.1.14) Gecko/20080404 Firefox/2.0.0.14"
79.118.222.245 - - [18/May/2008:04:52:38 -0400] "GET /favicon.ico HTTP/1.1" 404 209 "-" "Mozilla/5.0 (Windows; U; Windows NT 5.1; en-US; rv:1.8.1.14) Gecko/20080404 Firefox/2.0.0.14"
79.118.222.245 - - [18/May/2008:04:52:52 -0400] "GET /favicon.ico HTTP/1.1" 404 209 "-" "Mozilla/5.0 (Windows; U; Windows NT 5.1; en-US; rv:1.8.1.14) Gecko/20080404 Firefox/2.0.0.14"
89.166.172.115 - - [18/May/2008:04:56:43 -0400] "GET / HTTP/1.1" 200 826 "-" "Mozilla/5.0 (Macintosh; U; Intel Mac OS X 10_5_2; en-us) AppleWebKit/525.18 (KHTML, like Gecko) Version/3.1.1 Safari/525.18"
89.166.172.115 - - [18/May/2008:04:56:43 -0400] "GET /favicon.ico HTTP/1.1" 404 209 "http://notebook.cowgar.com/" "Mozilla/5.0 (Macintosh; U; Intel Mac OS X 10_5_2; en-us) AppleWebKit/525.18 (KHTML, like Gecko) Version/3.1.1 Safari/525.18"
89.166.172.115 - - [18/May/2008:04:56:44 -0400] "GET /icons/folder.gif HTTP/1.1" 200 225 "http://notebook.cowgar.com/" "Mozilla/5.0 (Macintosh; U; Intel Mac OS X 10_5_2; en-us) AppleWebKit/525.18 (KHTML, like Gecko) Version/3.1.1 Safari/525.18"
89.166.172.115 - - [18/May/2008:04:56:44 -0400] "GET /icons/blank.gif HTTP/1.1" 200 148 "http://notebook.cowgar.com/" "Mozilla/5.0 (Macintosh; U; Intel Mac OS X 10_5_2; en-us) AppleWebKit/525.18 (KHTML, like Gecko) Version/3.1.1 Safari/525.18"
89.166.172.115 - - [18/May/2008:04:56:44 -0400] "GET /icons/unknown.gif HTTP/1.1" 200 245 "http://notebook.cowgar.com/" "Mozilla/5.0 (Macintosh; U; Intel Mac OS X 10_5_2; en-us) AppleWebKit/525.18 (KHTML, like Gecko) Version/3.1.1 Safari/525.18"
89.166.172.115 - - [18/May/2008:04:56:57 -0400] "GET /NoteBook/ HTTP/1.1" 200 809 "http://notebook.cowgar.com/" "Mozilla/5.0 (Macintosh; U; Intel Mac OS X 10_5_2; en-us) AppleWebKit/525.18 (KHTML, like Gecko) Version/3.1.1 Safari/525.18"
89.166.172.115 - - [18/May/2008:04:56:57 -0400] "GET /icons/back.gif HTTP/1.1" 200 216 "http://notebook.cowgar.com/NoteBook/" "Mozilla/5.0 (Macintosh; U; Intel Mac OS X 10_5_2; en-us) AppleWebKit/525.18 (KHTML, like Gecko) Version/3.1.1 Safari/525.18"
89.166.172.115 - - [18/May/2008:04:57:00 -0400] "GET / HTTP/1.1" 200 826 "-" "Mozilla/5.0 (Macintosh; U; Intel Mac OS X 10_5_2; en-us) AppleWebKit/525.18 (KHTML, like Gecko) Version/3.1.1 Safari/525.18"
65.55.208.137 - - [18/May/2008:04:59:31 -0400] "GET /robots.txt HTTP/1.1" 404 208 "-" "msnbot/1.1 (+http://search.msn.com/msnbot.htm)"
65.55.208.137 - - [18/May/2008:04:59:32 -0400] "GET /?C=D;O=A HTTP/1.1" 200 826 "-" "msnbot/1.1 (+http://search.msn.com/msnbot.htm)"
74.6.24.236 - - [18/May/2008:05:02:23 -0400] "GET / HTTP/1.0" 200 826 "-" "Mozilla/5.0 (compatible; Yahoo! Slurp; http://help.yahoo.com/help/us/ysearch/slurp)"
65.55.208.119 - - [18/May/2008:05:25:46 -0400] "GET /?C=M;O=D HTTP/1.1" 200 826 "-" "msnbot/1.1 (+http://search.msn.com/msnbot.htm)"
74.6.27.24 - - [18/May/2008:05:43:03 -0400] "GET /?C=D;O=D HTTP/1.0" 200 826 "-" "Mozilla/5.0 (compatible; Yahoo! Slurp; http://help.yahoo.com/help/us/ysearch/slurp)"
65.55.208.121 - - [18/May/2008:06:17:25 -0400] "GET /robots.txt HTTP/1.1" 404 208 "-" "msnbot/1.1 (+http://search.msn.com/msnbot.htm)"
65.55.208.121 - - [18/May/2008:06:17:25 -0400] "GET /?C=N;O=A HTTP/1.1" 200 826 "-" "msnbot/1.1 (+http://search.msn.com/msnbot.htm)"
74.6.19.32 - - [18/May/2008:06:19:10 -0400] "GET /?C=N;O=D HTTP/1.0" 200 826 "-" "Mozilla/5.0 (compatible; Yahoo! Slurp; http://help.yahoo.com/help/us/ysearch/slurp)"
87.19.85.58 - - [18/May/2008:06:24:00 -0400] "GET /NoteBook/releases/NoteBook-0.3.tar.gz HTTP/1.1" 200 30612 "-" "fetch libfetch/2.0"
78.129.208.110 - - [18/May/2008:13:00:53 -0400] "GET / HTTP/1.0" 200 826 "http://notebook.cowgar.com/" "Mozilla/5.0 (Windows; U; Windows NT 5.1; rv:1.7.3) Gecko/20040913 Firefox/0.10"
78.129.208.110 - - [18/May/2008:13:00:53 -0400] "GET / HTTP/1.0" 200 826 "http://notebook.cowgar.com/" "Mozilla/5.0 (Windows; U; Windows NT 5.1; rv:1.7.3) Gecko/20040913 Firefox/0.10"
78.129.208.110 - - [18/May/2008:13:00:54 -0400] "GET / HTTP/1.0" 200 826 "http://notebook.cowgar.com/" "Mozilla/5.0 (Windows; U; Windows NT 5.1; rv:1.7.3) Gecko/20040913 Firefox/0.10"
65.55.107.38 - - [18/May/2008:13:22:47 -0400] "GET /robots.txt HTTP/1.1" 404 208 "-" "msnbot/1.1 (+http://search.msn.com/msnbot.htm)"
65.55.107.38 - - [18/May/2008:13:22:47 -0400] "GET / HTTP/1.1" 200 826 "-" "msnbot/1.1 (+http://search.msn.com/msnbot.htm)"
65.55.208.137 - - [18/May/2008:14:13:25 -0400] "GET /robots.txt HTTP/1.1" 404 208 "-" "msnbot/1.1 (+http://search.msn.com/msnbot.htm)"
65.55.208.137 - - [18/May/2008:14:13:25 -0400] "GET /access.log HTTP/1.1" 200 476028 "-" "msnbot/1.1 (+http://search.msn.com/msnbot.htm)"
74.6.18.252 - - [18/May/2008:14:28:45 -0400] "GET /robots.txt HTTP/1.0" 404 208 "-" "Mozilla/5.0 (compatible; Yahoo! Slurp; http://help.yahoo.com/help/us/ysearch/slurp)"
74.6.28.165 - - [18/May/2008:14:28:45 -0400] "GET /NoteBook/?C=S;O=A HTTP/1.0" 200 809 "-" "Mozilla/5.0 (compatible; Yahoo! Slurp; http://help.yahoo.com/help/us/ysearch/slurp)"
74.6.22.185 - - [18/May/2008:14:48:42 -0400] "GET /robots.txt HTTP/1.0" 404 208 "-" "Mozilla/5.0 (compatible; Yahoo! Slurp; http://help.yahoo.com/help/us/ysearch/slurp)"
74.6.22.185 - - [18/May/2008:14:48:42 -0400] "GET /?C=M;O=A HTTP/1.0" 200 826 "-" "Mozilla/5.0 (compatible; Yahoo! Slurp; http://help.yahoo.com/help/us/ysearch/slurp)"
74.6.19.243 - - [18/May/2008:14:50:00 -0400] "GET /robots.txt HTTP/1.0" 404 208 "-" "Mozilla/5.0 (compatible; Yahoo! Slurp; http://help.yahoo.com/help/us/ysearch/slurp)"
67.195.52.27 - - [18/May/2008:14:50:00 -0400] "GET / HTTP/1.0" 200 826 "-" "Mozilla/5.0 (compatible; Yahoo! Slurp; http://help.yahoo.com/help/us/ysearch/slurp)"
84.9.43.47 - - [18/May/2008:15:51:46 -0400] "GET / HTTP/1.1" 200 826 "http://www.selenic.com/mercurial/wiki/index.cgi/ProjectsUsingMercurial" "Mozilla/5.0 (Macintosh; U; Intel Mac OS X; en-US; rv:1.8.1.14) Gecko/20080404 Firefox/2.0.0.14"
84.9.43.47 - - [18/May/2008:15:51:46 -0400] "GET /icons/blank.gif HTTP/1.1" 200 148 "http://notebook.cowgar.com/" "Mozilla/5.0 (Macintosh; U; Intel Mac OS X; en-US; rv:1.8.1.14) Gecko/20080404 Firefox/2.0.0.14"
84.9.43.47 - - [18/May/2008:15:51:46 -0400] "GET /icons/folder.gif HTTP/1.1" 200 225 "http://notebook.cowgar.com/" "Mozilla/5.0 (Macintosh; U; Intel Mac OS X; en-US; rv:1.8.1.14) Gecko/20080404 Firefox/2.0.0.14"
84.9.43.47 - - [18/May/2008:15:51:46 -0400] "GET /icons/unknown.gif HTTP/1.1" 200 245 "http://notebook.cowgar.com/" "Mozilla/5.0 (Macintosh; U; Intel Mac OS X; en-US; rv:1.8.1.14) Gecko/20080404 Firefox/2.0.0.14"
84.9.43.47 - - [18/May/2008:15:51:46 -0400] "GET /favicon.ico HTTP/1.1" 404 209 "-" "Mozilla/5.0 (Macintosh; U; Intel Mac OS X; en-US; rv:1.8.1.14) Gecko/20080404 Firefox/2.0.0.14"
84.9.43.47 - - [18/May/2008:15:51:49 -0400] "GET /access.log HTTP/1.1" 200 478238 "http://notebook.cowgar.com/" "Mozilla/5.0 (Macintosh; U; Intel Mac OS X; en-US; rv:1.8.1.14) Gecko/20080404 Firefox/2.0.0.14"
84.9.43.47 - - [18/May/2008:15:51:53 -0400] "GET /NoteBook/ HTTP/1.1" 200 809 "http://notebook.cowgar.com/" "Mozilla/5.0 (Macintosh; U; Intel Mac OS X; en-US; rv:1.8.1.14) Gecko/20080404 Firefox/2.0.0.14"
84.9.43.47 - - [18/May/2008:15:51:53 -0400] "GET /icons/back.gif HTTP/1.1" 200 216 "http://notebook.cowgar.com/NoteBook/" "Mozilla/5.0 (Macintosh; U; Intel Mac OS X; en-US; rv:1.8.1.14) Gecko/20080404 Firefox/2.0.0.14"
84.9.43.47 - - [18/May/2008:15:51:55 -0400] "GET /NoteBook/releases/ HTTP/1.1" 200 860 "http://notebook.cowgar.com/NoteBook/" "Mozilla/5.0 (Macintosh; U; Intel Mac OS X; en-US; rv:1.8.1.14) Gecko/20080404 Firefox/2.0.0.14"
84.9.43.47 - - [18/May/2008:15:51:55 -0400] "GET /icons/compressed.gif HTTP/1.1" 200 1038 "http://notebook.cowgar.com/NoteBook/releases/" "Mozilla/5.0 (Macintosh; U; Intel Mac OS X; en-US; rv:1.8.1.14) Gecko/20080404 Firefox/2.0.0.14"
64.1.215.163 - - [18/May/2008:16:24:08 -0400] "GET /robots.txt HTTP/1.0" 404 208 "-" "Mozilla/5.0 (Twiceler-0.9 http://www.cuill.com/twiceler/robot.html)"
74.6.18.216 - - [18/May/2008:16:51:44 -0400] "GET /robots.txt HTTP/1.0" 404 208 "-" "Mozilla/5.0 (compatible; Yahoo! Slurp; http://help.yahoo.com/help/us/ysearch/slurp)"
74.6.24.234 - - [18/May/2008:16:51:45 -0400] "GET /?C=S;O=A HTTP/1.0" 200 826 "-" "Mozilla/5.0 (compatible; Yahoo! Slurp; http://help.yahoo.com/help/us/ysearch/slurp)"
67.195.37.168 - - [18/May/2008:16:53:23 -0400] "GET /robots.txt HTTP/1.0" 404 208 "-" "Mozilla/5.0 (compatible; Yahoo! Slurp; http://help.yahoo.com/help/us/ysearch/slurp)"
67.195.37.168 - - [18/May/2008:16:53:23 -0400] "GET /?C=M;O=A HTTP/1.0" 200 826 "-" "Mozilla/5.0 (compatible; Yahoo! Slurp/3.0; http://help.yahoo.com/help/us/ysearch/slurp)"
74.6.29.115 - - [18/May/2008:17:21:01 -0400] "GET /?C=M;O=D HTTP/1.0" 200 826 "-" "Mozilla/5.0 (compatible; Yahoo! Slurp; http://help.yahoo.com/help/us/ysearch/slurp)"
67.195.52.39 - - [18/May/2008:19:43:11 -0400] "GET /?C=D;O=A HTTP/1.0" 200 826 "-" "Mozilla/5.0 (compatible; Yahoo! Slurp; http://help.yahoo.com/help/us/ysearch/slurp)"
67.195.52.122 - - [18/May/2008:19:45:28 -0400] "GET /access.log HTTP/1.0" 200 480505 "-" "Mozilla/5.0 (compatible; Yahoo! Slurp; http://help.yahoo.com/help/us/ysearch/slurp)"
74.6.17.254 - - [18/May/2008:20:08:21 -0400] "GET /NoteBook/?C=N;O=D HTTP/1.0" 200 809 "-" "Mozilla/5.0 (compatible; Yahoo! Slurp; http://help.yahoo.com/help/us/ysearch/slurp)"
74.6.22.185 - - [18/May/2008:20:18:47 -0400] "GET /NoteBook/releases/?C=D;O=A HTTP/1.0" 200 860 "-" "Mozilla/5.0 (compatible; Yahoo! Slurp; http://help.yahoo.com/help/us/ysearch/slurp)"
77.91.224.11 - - [18/May/2008:20:24:29 -0400] "GET /robots.txt HTTP/1.1" 404 208 "-" "WebAlta Crawler/2.0 (http://www.webalta.net/ru/about_webmaster.html) (Windows; U; Windows NT 5.1; ru-RU)"
77.91.224.11 - - [18/May/2008:20:24:29 -0400] "GET / HTTP/1.1" 200 826 "-" "WebAlta Crawler/2.0 (http://www.webalta.net/ru/about_webmaster.html) (Windows; U; Windows NT 5.1; ru-RU)"
66.249.73.82 - - [18/May/2008:20:40:52 -0400] "GET /robots.txt HTTP/1.1" 404 208 "-" "Mozilla/5.0 (compatible; Googlebot/2.1; +http://www.google.com/bot.html)"
66.249.73.82 - - [18/May/2008:20:40:52 -0400] "GET /?C=S;O=A HTTP/1.1" 200 826 "-" "Mozilla/5.0 (compatible; Googlebot/2.1; +http://www.google.com/bot.html)"
67.195.51.177 - - [18/May/2008:21:06:00 -0400] "GET /NoteBook/?C=S;O=A HTTP/1.0" 200 809 "-" "Mozilla/5.0 (compatible; Yahoo! Slurp; http://help.yahoo.com/help/us/ysearch/slurp)"
74.6.16.228 - - [18/May/2008:21:06:17 -0400] "GET /?C=S;O=D HTTP/1.0" 200 826 "-" "Mozilla/5.0 (compatible; Yahoo! Slurp; http://help.yahoo.com/help/us/ysearch/slurp)"
66.249.73.82 - - [18/May/2008:21:12:57 -0400] "GET /access.log HTTP/1.1" 200 482082 "-" "Mozilla/5.0 (compatible; Googlebot/2.1; +http://www.google.com/bot.html)"
67.195.51.162 - - [18/May/2008:21:29:51 -0400] "GET /NoteBook/?C=M;O=A HTTP/1.0" 200 809 "-" "Mozilla/5.0 (compatible; Yahoo! Slurp; http://help.yahoo.com/help/us/ysearch/slurp)"
67.195.52.35 - - [18/May/2008:21:32:31 -0400] "GET /?C=S;O=A HTTP/1.0" 200 826 "-" "Mozilla/5.0 (compatible; Yahoo! Slurp; http://help.yahoo.com/help/us/ysearch/slurp)"
66.249.73.82 - - [18/May/2008:21:33:34 -0400] "GET /?C=D;O=A HTTP/1.1" 200 826 "-" "Mozilla/5.0 (compatible; Googlebot/2.1; +http://www.google.com/bot.html)"
67.195.37.168 - - [18/May/2008:21:43:38 -0400] "GET /robots.txt HTTP/1.0" 404 208 "-" "Mozilla/5.0 (compatible; Yahoo! Slurp; http://help.yahoo.com/help/us/ysearch/slurp)"
67.195.37.168 - - [18/May/2008:21:43:38 -0400] "GET /?C=S;O=A HTTP/1.0" 200 826 "-" "Mozilla/5.0 (compatible; Yahoo! Slurp/3.0; http://help.yahoo.com/help/us/ysearch/slurp)"
74.6.18.252 - - [18/May/2008:22:41:50 -0400] "GET /robots.txt HTTP/1.0" 404 208 "-" "Mozilla/5.0 (compatible; Yahoo! Slurp; http://help.yahoo.com/help/us/ysearch/slurp)"
74.6.20.113 - - [18/May/2008:22:41:51 -0400] "GET /?C=D;O=A HTTP/1.0" 200 826 "-" "Mozilla/5.0 (compatible; Yahoo! Slurp; http://help.yahoo.com/help/us/ysearch/slurp)"
66.249.73.82 - - [18/May/2008:23:23:46 -0400] "GET /?C=N;O=D HTTP/1.1" 200 826 "-" "Mozilla/5.0 (compatible; Googlebot/2.1; +http://www.google.com/bot.html)"
217.172.44.82 - - [18/May/2008:23:38:55 -0400] "GET /robots.txt HTTP/1.1" 404 208 "-" "portscout/0.7.4"
217.172.44.82 - - [18/May/2008:23:38:55 -0400] "GET /NoteBook/releases/ HTTP/1.1" 200 860 "-" "portscout/0.7.4"
116.44.67.32 - - [19/May/2008:00:18:12 -0400] "GET /access.log HTTP/1.1" 200 483809 "http://www.google.co.kr/search?q=202.179.180.51+&complete=1&hl=ko&lr=&newwindow=1&start=30&sa=N" "Mozilla/4.0 (compatible; MSIE 7.0; Windows NT 5.1; .NET CLR 1.1.4322; .NET CLR 2.0.50727)"
67.195.37.168 - - [19/May/2008:01:38:36 -0400] "GET /robots.txt HTTP/1.0" 404 208 "-" "Mozilla/5.0 (compatible; Yahoo! Slurp; http://help.yahoo.com/help/us/ysearch/slurp)"
67.195.37.168 - - [19/May/2008:01:38:36 -0400] "GET /?C=D;O=A HTTP/1.0" 200 826 "-" "Mozilla/5.0 (compatible; Yahoo! Slurp/3.0; http://help.yahoo.com/help/us/ysearch/slurp)"
222.124.5.218 - - [19/May/2008:02:09:42 -0400] "GET / HTTP/1.0" 200 826 "http://gnustep.org/experience/apps.html" "Mozilla/4.0 (compatible; MSIE 6.0; Windows NT 5.1; SV1)"
222.124.5.218 - - [19/May/2008:02:09:42 -0400] "GET /icons/blank.gif HTTP/1.0" 200 148 "http://notebook.cowgar.com/" "Mozilla/4.0 (compatible; MSIE 6.0; Windows NT 5.1; SV1)"
222.124.5.218 - - [19/May/2008:02:09:42 -0400] "GET /icons/unknown.gif HTTP/1.0" 200 245 "http://notebook.cowgar.com/" "Mozilla/4.0 (compatible; MSIE 6.0; Windows NT 5.1; SV1)"
222.124.5.218 - - [19/May/2008:02:09:42 -0400] "GET /icons/folder.gif HTTP/1.0" 200 225 "http://notebook.cowgar.com/" "Mozilla/4.0 (compatible; MSIE 6.0; Windows NT 5.1; SV1)"
222.124.5.218 - - [19/May/2008:02:09:42 -0400] "GET /favicon.ico HTTP/1.0" 404 209 "-" "Mozilla/4.0 (compatible; MSIE 6.0; Windows NT 5.1; SV1)"
74.6.21.153 - - [19/May/2008:04:16:00 -0400] "GET /NoteBook/releases/?C=M;O=A HTTP/1.0" 200 860 "-" "Mozilla/5.0 (compatible; Yahoo! Slurp; http://help.yahoo.com/help/us/ysearch/slurp)"
60.254.199.110 - - [19/May/2008:04:48:35 -0400] "GET / HTTP/1.1" 200 826 "http://www.GNUstep.org/experience/apps.html" "Mozilla/5.0 (Macintosh; U; Intel Mac OS X 10_5_2; ja-jp) AppleWebKit/525.18 (KHTML, like Gecko) Version/3.1.1 Safari/525.18"
60.254.199.110 - - [19/May/2008:04:48:35 -0400] "GET /favicon.ico HTTP/1.1" 404 209 "http://notebook.cowgar.com/" "Mozilla/5.0 (Macintosh; U; Intel Mac OS X 10_5_2; ja-jp) AppleWebKit/525.18 (KHTML, like Gecko) Version/3.1.1 Safari/525.18"
60.254.199.110 - - [19/May/2008:04:48:35 -0400] "GET /icons/unknown.gif HTTP/1.1" 200 245 "http://notebook.cowgar.com/" "Mozilla/5.0 (Macintosh; U; Intel Mac OS X 10_5_2; ja-jp) AppleWebKit/525.18 (KHTML, like Gecko) Version/3.1.1 Safari/525.18"
60.254.199.110 - - [19/May/2008:04:48:35 -0400] "GET /icons/folder.gif HTTP/1.1" 200 225 "http://notebook.cowgar.com/" "Mozilla/5.0 (Macintosh; U; Intel Mac OS X 10_5_2; ja-jp) AppleWebKit/525.18 (KHTML, like Gecko) Version/3.1.1 Safari/525.18"
60.254.199.110 - - [19/May/2008:04:48:35 -0400] "GET /icons/blank.gif HTTP/1.1" 200 148 "http://notebook.cowgar.com/" "Mozilla/5.0 (Macintosh; U; Intel Mac OS X 10_5_2; ja-jp) AppleWebKit/525.18 (KHTML, like Gecko) Version/3.1.1 Safari/525.18"
60.254.199.110 - - [19/May/2008:04:49:59 -0400] "GET /NoteBook/ HTTP/1.1" 200 809 "http://notebook.cowgar.com/" "Mozilla/5.0 (Macintosh; U; Intel Mac OS X 10_5_2; ja-jp) AppleWebKit/525.18 (KHTML, like Gecko) Version/3.1.1 Safari/525.18"
60.254.199.110 - - [19/May/2008:04:49:59 -0400] "GET /icons/back.gif HTTP/1.1" 200 216 "http://notebook.cowgar.com/NoteBook/" "Mozilla/5.0 (Macintosh; U; Intel Mac OS X 10_5_2; ja-jp) AppleWebKit/525.18 (KHTML, like Gecko) Version/3.1.1 Safari/525.18"
60.254.199.110 - - [19/May/2008:04:50:01 -0400] "GET /NoteBook/releases/ HTTP/1.1" 200 860 "http://notebook.cowgar.com/NoteBook/" "Mozilla/5.0 (Macintosh; U; Intel Mac OS X 10_5_2; ja-jp) AppleWebKit/525.18 (KHTML, like Gecko) Version/3.1.1 Safari/525.18"
60.254.199.110 - - [19/May/2008:04:50:01 -0400] "GET /icons/compressed.gif HTTP/1.1" 200 1038 "http://notebook.cowgar.com/NoteBook/releases/" "Mozilla/5.0 (Macintosh; U; Intel Mac OS X 10_5_2; ja-jp) AppleWebKit/525.18 (KHTML, like Gecko) Version/3.1.1 Safari/525.18"
74.6.19.243 - - [19/May/2008:04:58:28 -0400] "GET /robots.txt HTTP/1.0" 404 208 "-" "Mozilla/5.0 (compatible; Yahoo! Slurp; http://help.yahoo.com/help/us/ysearch/slurp)"
67.195.52.105 - - [19/May/2008:04:58:28 -0400] "GET /?C=M;O=A HTTP/1.0" 200 826 "-" "Mozilla/5.0 (compatible; Yahoo! Slurp; http://help.yahoo.com/help/us/ysearch/slurp)"
74.6.24.236 - - [19/May/2008:05:05:14 -0400] "GET / HTTP/1.0" 200 826 "-" "Mozilla/5.0 (compatible; Yahoo! Slurp; http://help.yahoo.com/help/us/ysearch/slurp)"
72.30.216.106 - - [19/May/2008:05:41:10 -0400] "GET / HTTP/1.0" 200 826 "-" "Mozilla/5.0 (compatible; Yahoo! Slurp; http://help.yahoo.com/help/us/ysearch/slurp)"
66.249.73.82 - - [19/May/2008:05:53:52 -0400] "GET /NoteBook/releases/?C=D;O=A HTTP/1.1" 200 860 "-" "Mozilla/5.0 (compatible; Googlebot/2.1; +http://www.google.com/bot.html)"
74.6.19.32 - - [19/May/2008:06:21:59 -0400] "GET /?C=N;O=D HTTP/1.0" 200 826 "-" "Mozilla/5.0 (compatible; Yahoo! Slurp; http://help.yahoo.com/help/us/ysearch/slurp)"
207.67.117.178 - - [19/May/2008:06:54:13 -0400] "GET /robots.txt HTTP/1.0" 404 208 "-" "larbin_2.6.3 (larbin2.6.3@unspecified.mail)"
207.67.117.178 - - [19/May/2008:06:56:10 -0400] "GET / HTTP/1.0" 200 826 "-" "larbin_2.6.3 larbin2.6.3@unspecified.mail"
74.6.16.166 - - [19/May/2008:09:28:57 -0400] "GET /?C=N;O=A HTTP/1.0" 200 826 "-" "Mozilla/5.0 (compatible; Yahoo! Slurp; http://help.yahoo.com/help/us/ysearch/slurp)"
74.6.18.177 - - [19/May/2008:09:40:13 -0400] "GET /NoteBook/releases/NoteBook-0.3.tar.gz HTTP/1.0" 304 - "-" "Mozilla/5.0 (compatible; Yahoo! Slurp; http://help.yahoo.com/help/us/ysearch/slurp)"
67.195.37.168 - - [19/May/2008:09:56:29 -0400] "GET /robots.txt HTTP/1.0" 404 208 "-" "Mozilla/5.0 (compatible; Yahoo! Slurp; http://help.yahoo.com/help/us/ysearch/slurp)"
67.195.37.168 - - [19/May/2008:09:56:29 -0400] "GET /access.log HTTP/1.0" 200 489488 "-" "Mozilla/5.0 (compatible; Yahoo! Slurp/3.0; http://help.yahoo.com/help/us/ysearch/slurp)"
65.55.25.136 - - [19/May/2008:13:00:16 -0400] "GET /robots.txt HTTP/1.1" 404 208 "-" "msnbot/1.1 (+http://search.msn.com/msnbot.htm)"
65.55.25.136 - - [19/May/2008:13:00:16 -0400] "GET / HTTP/1.1" 200 826 "-" "msnbot/1.1 (+http://search.msn.com/msnbot.htm)"
66.249.73.82 - - [19/May/2008:14:25:17 -0400] "GET /robots.txt HTTP/1.1" 404 208 "-" "Mozilla/5.0 (compatible; Googlebot/2.1; +http://www.google.com/bot.html)"
66.249.73.82 - - [19/May/2008:14:25:17 -0400] "GET /?C=M;O=A HTTP/1.1" 200 826 "-" "Mozilla/5.0 (compatible; Googlebot/2.1; +http://www.google.com/bot.html)"
74.6.19.243 - - [19/May/2008:14:27:28 -0400] "GET /robots.txt HTTP/1.0" 404 208 "-" "Mozilla/5.0 (compatible; Yahoo! Slurp; http://help.yahoo.com/help/us/ysearch/slurp)"
67.195.54.32 - - [19/May/2008:14:27:28 -0400] "GET /NoteBook/releases/NoteBook-0.3.tar.gz HTTP/1.0" 304 - "-" "Mozilla/5.0 (compatible; Yahoo! Slurp; http://help.yahoo.com/help/us/ysearch/slurp)"
67.195.37.168 - - [19/May/2008:14:39:58 -0400] "GET /robots.txt HTTP/1.0" 404 208 "-" "Mozilla/5.0 (compatible; Yahoo! Slurp; http://help.yahoo.com/help/us/ysearch/slurp)"
67.195.37.168 - - [19/May/2008:14:39:58 -0400] "GET /?C=S;O=D HTTP/1.0" 200 826 "-" "Mozilla/5.0 (compatible; Yahoo! Slurp/3.0; http://help.yahoo.com/help/us/ysearch/slurp)"
218.28.88.99 - - [19/May/2008:14:44:32 -0400] "GET / HTTP/1.1" 200 826 "-" "Mozilla/3.0 (compatible; Indy Library)"
74.6.22.185 - - [19/May/2008:14:53:11 -0400] "GET /robots.txt HTTP/1.0" 404 208 "-" "Mozilla/5.0 (compatible; Yahoo! Slurp; http://help.yahoo.com/help/us/ysearch/slurp)"
74.6.22.185 - - [19/May/2008:14:53:12 -0400] "GET /?C=M;O=A HTTP/1.0" 200 826 "-" "Mozilla/5.0 (compatible; Yahoo! Slurp; http://help.yahoo.com/help/us/ysearch/slurp)"
218.28.88.99 - - [19/May/2008:14:53:44 -0400] "GET /?C=M HTTP/1.1" 200 826 "-" "Mozilla/3.0 (compatible; Indy Library)"
218.28.88.99 - - [19/May/2008:14:53:44 -0400] "GET /?C=N HTTP/1.1" 200 826 "-" "Mozilla/3.0 (compatible; Indy Library)"
218.28.88.99 - - [19/May/2008:14:53:44 -0400] "GET /?C=S HTTP/1.1" 200 826 "-" "Mozilla/3.0 (compatible; Indy Library)"
67.195.52.27 - - [19/May/2008:15:06:14 -0400] "GET / HTTP/1.0" 200 826 "-" "Mozilla/5.0 (compatible; Yahoo! Slurp; http://help.yahoo.com/help/us/ysearch/slurp)"
66.249.73.82 - - [19/May/2008:15:39:33 -0400] "GET /NoteBook/ HTTP/1.1" 200 809 "-" "Mozilla/5.0 (compatible; Googlebot/2.1; +http://www.google.com/bot.html)"
74.6.18.252 - - [19/May/2008:16:22:37 -0400] "GET /robots.txt HTTP/1.0" 404 208 "-" "Mozilla/5.0 (compatible; Yahoo! Slurp; http://help.yahoo.com/help/us/ysearch/slurp)"
74.6.27.24 - - [19/May/2008:16:22:37 -0400] "GET /?C=D;O=D HTTP/1.0" 200 826 "-" "Mozilla/5.0 (compatible; Yahoo! Slurp; http://help.yahoo.com/help/us/ysearch/slurp)"
74.6.24.234 - - [19/May/2008:16:55:25 -0400] "GET /?C=S;O=A HTTP/1.0" 200 826 "-" "Mozilla/5.0 (compatible; Yahoo! Slurp; http://help.yahoo.com/help/us/ysearch/slurp)"
74.6.29.115 - - [19/May/2008:18:24:34 -0400] "GET /?C=M;O=D HTTP/1.0" 200 826 "-" "Mozilla/5.0 (compatible; Yahoo! Slurp; http://help.yahoo.com/help/us/ysearch/slurp)"
77.91.224.11 - - [19/May/2008:20:28:33 -0400] "GET /robots.txt HTTP/1.1" 404 208 "-" "WebAlta Crawler/2.0 (http://www.webalta.net/ru/about_webmaster.html) (Windows; U; Windows NT 5.1; ru-RU)"
77.91.224.11 - - [19/May/2008:20:28:34 -0400] "GET / HTTP/1.1" 200 826 "-" "WebAlta Crawler/2.0 (http://www.webalta.net/ru/about_webmaster.html) (Windows; U; Windows NT 5.1; ru-RU)"
189.179.246.142 - - [19/May/2008:20:46:47 -0400] "GET / HTTP/1.1" 200 826 "-" "Mozilla/5.0 (X11; U; Linux i686; en-US; rv:1.8.1.14) Gecko/20080418 Ubuntu/7.10 (gutsy) Firefox/2.0.0.14"
189.179.246.142 - - [19/May/2008:20:46:49 -0400] "GET /icons/folder.gif HTTP/1.1" 200 225 "-" "Mozilla/5.0 (X11; U; Linux i686; en-US; rv:1.8.1.14) Gecko/20080418 Ubuntu/7.10 (gutsy) Firefox/2.0.0.14"
189.179.246.142 - - [19/May/2008:20:46:57 -0400] "GET /icons/blank.gif HTTP/1.1" 200 148 "-" "Mozilla/5.0 (X11; U; Linux i686; en-US; rv:1.8.1.14) Gecko/20080418 Ubuntu/7.10 (gutsy) Firefox/2.0.0.14"
189.179.246.142 - - [19/May/2008:20:47:08 -0400] "GET /icons/unknown.gif HTTP/1.1" 200 245 "-" "Mozilla/5.0 (X11; U; Linux i686; en-US; rv:1.8.1.14) Gecko/20080418 Ubuntu/7.10 (gutsy) Firefox/2.0.0.14"
189.179.246.142 - - [19/May/2008:20:47:10 -0400] "GET /favicon.ico HTTP/1.1" 404 209 "-" "Mozilla/5.0 (X11; U; Linux i686; en-US; rv:1.8.1.14) Gecko/20080418 Ubuntu/7.10 (gutsy) Firefox/2.0.0.14"
189.179.246.142 - - [19/May/2008:20:48:37 -0400] "GET /favicon.ico HTTP/1.1" 404 209 "-" "Mozilla/5.0 (X11; U; Linux i686; en-US; rv:1.8.1.14) Gecko/20080418 Ubuntu/7.10 (gutsy) Firefox/2.0.0.14"
189.179.246.142 - - [19/May/2008:20:48:38 -0400] "GET /NoteBook/ HTTP/1.1" 200 809 "-" "Mozilla/5.0 (X11; U; Linux i686; en-US; rv:1.8.1.14) Gecko/20080418 Ubuntu/7.10 (gutsy) Firefox/2.0.0.14"
189.179.246.142 - - [19/May/2008:20:48:57 -0400] "GET /icons/back.gif HTTP/1.1" 200 216 "-" "Mozilla/5.0 (X11; U; Linux i686; en-US; rv:1.8.1.14) Gecko/20080418 Ubuntu/7.10 (gutsy) Firefox/2.0.0.14"
189.179.246.142 - - [19/May/2008:20:49:45 -0400] "GET /NoteBook/releases/ HTTP/1.1" 200 860 "-" "Mozilla/5.0 (X11; U; Linux i686; en-US; rv:1.8.1.14) Gecko/20080418 Ubuntu/7.10 (gutsy) Firefox/2.0.0.14"
189.179.246.142 - - [19/May/2008:20:49:45 -0400] "GET /icons/compressed.gif HTTP/1.1" 200 1038 "-" "Mozilla/5.0 (X11; U; Linux i686; en-US; rv:1.8.1.14) Gecko/20080418 Ubuntu/7.10 (gutsy) Firefox/2.0.0.14"
74.6.16.228 - - [19/May/2008:21:10:19 -0400] "GET /?C=S;O=D HTTP/1.0" 200 826 "-" "Mozilla/5.0 (compatible; Yahoo! Slurp; http://help.yahoo.com/help/us/ysearch/slurp)"
208.80.193.39 - - [19/May/2008:21:19:08 -0400] "GET / HTTP/1.1" 200 826 "-" "Mozilla/4.0 (compatible; MSIE 6.0; Windows NT 5.1; Q312468)"
74.6.18.252 - - [19/May/2008:22:47:22 -0400] "GET /robots.txt HTTP/1.0" 404 208 "-" "Mozilla/5.0 (compatible; Yahoo! Slurp; http://help.yahoo.com/help/us/ysearch/slurp)"
74.6.20.113 - - [19/May/2008:22:47:23 -0400] "GET /?C=D;O=A HTTP/1.0" 200 826 "-" "Mozilla/5.0 (compatible; Yahoo! Slurp; http://help.yahoo.com/help/us/ysearch/slurp)"
217.172.44.82 - - [20/May/2008:00:05:02 -0400] "GET /robots.txt HTTP/1.1" 404 208 "-" "portscout/0.7.4"
217.172.44.82 - - [20/May/2008:00:05:03 -0400] "GET /NoteBook/releases/ HTTP/1.1" 200 860 "-" "portscout/0.7.4"
58.35.233.17 - - [20/May/2008:00:25:33 -0400] "GET /access.log HTTP/1.1" 200 495978 "-" "Mozilla/5.0 (Windows; U; Windows NT 5.1; zh-CN; rv:1.8.1.14) Gecko/20080404 Firefox/2.0.0.14"
58.35.233.17 - - [20/May/2008:00:25:52 -0400] "GET /favicon.ico HTTP/1.1" 404 209 "-" "Mozilla/5.0 (Windows; U; Windows NT 5.1; zh-CN; rv:1.8.1.14) Gecko/20080404 Firefox/2.0.0.14"
58.35.233.17 - - [20/May/2008:00:26:21 -0400] "GET / HTTP/1.1" 200 826 "-" "Mozilla/5.0 (Windows; U; Windows NT 5.1; zh-CN; rv:1.8.1.14) Gecko/20080404 Firefox/2.0.0.14"
58.35.233.17 - - [20/May/2008:00:26:21 -0400] "GET /icons/blank.gif HTTP/1.1" 200 148 "http://notebook.cowgar.com/" "Mozilla/5.0 (Windows; U; Windows NT 5.1; zh-CN; rv:1.8.1.14) Gecko/20080404 Firefox/2.0.0.14"
58.35.233.17 - - [20/May/2008:00:26:21 -0400] "GET /icons/unknown.gif HTTP/1.1" 200 245 "http://notebook.cowgar.com/" "Mozilla/5.0 (Windows; U; Windows NT 5.1; zh-CN; rv:1.8.1.14) Gecko/20080404 Firefox/2.0.0.14"
58.35.233.17 - - [20/May/2008:00:26:21 -0400] "GET /icons/folder.gif HTTP/1.1" 200 225 "http://notebook.cowgar.com/" "Mozilla/5.0 (Windows; U; Windows NT 5.1; zh-CN; rv:1.8.1.14) Gecko/20080404 Firefox/2.0.0.14"
58.35.233.17 - - [20/May/2008:00:28:08 -0400] "GET /favicon.ico HTTP/1.1" 404 209 "-" "Mozilla/5.0 (Windows; U; Windows NT 5.1; zh-CN; rv:1.8.1.14) Gecko/20080404 Firefox/2.0.0.14"
58.35.233.17 - - [20/May/2008:00:28:09 -0400] "GET /favicon.ico HTTP/1.1" 404 209 "-" "Mozilla/5.0 (Windows; U; Windows NT 5.1; zh-CN; rv:1.8.1.14) Gecko/20080404 Firefox/2.0.0.14"
207.67.117.178 - - [20/May/2008:02:24:02 -0400] "GET /robots.txt HTTP/1.0" 404 208 "-" "larbin_2.6.3 (larbin2.6.3@unspecified.mail)"
65.55.208.119 - - [20/May/2008:02:34:41 -0400] "GET /robots.txt HTTP/1.1" 404 208 "-" "msnbot/1.1 (+http://search.msn.com/msnbot.htm)"
65.55.208.119 - - [20/May/2008:02:34:41 -0400] "GET /?C=M;O=A HTTP/1.1" 200 826 "-" "msnbot/1.1 (+http://search.msn.com/msnbot.htm)"
207.67.117.178 - - [20/May/2008:03:33:26 -0400] "GET / HTTP/1.0" 200 826 "-" "larbin_2.6.3 larbin2.6.3@unspecified.mail"
74.6.24.236 - - [20/May/2008:05:18:10 -0400] "GET / HTTP/1.0" 200 826 "-" "Mozilla/5.0 (compatible; Yahoo! Slurp; http://help.yahoo.com/help/us/ysearch/slurp)"
57.73.25.165 - - [20/May/2008:06:20:57 -0400] "GET / HTTP/1.1" 200 826 "http://www.selenic.com/mercurial/wiki/index.cgi/ProjectsUsingMercurial" "Mozilla/5.0 (Windows; U; Windows NT 5.1; en-US; rv:1.9) Gecko/2008051206 Firefox/3.0"
57.73.25.165 - - [20/May/2008:06:20:57 -0400] "GET /icons/blank.gif HTTP/1.1" 200 148 "http://notebook.cowgar.com/" "Mozilla/5.0 (Windows; U; Windows NT 5.1; en-US; rv:1.9) Gecko/2008051206 Firefox/3.0"
57.73.25.165 - - [20/May/2008:06:20:57 -0400] "GET /icons/unknown.gif HTTP/1.1" 200 245 "http://notebook.cowgar.com/" "Mozilla/5.0 (Windows; U; Windows NT 5.1; en-US; rv:1.9) Gecko/2008051206 Firefox/3.0"
57.73.25.165 - - [20/May/2008:06:20:57 -0400] "GET /icons/folder.gif HTTP/1.1" 200 225 "http://notebook.cowgar.com/" "Mozilla/5.0 (Windows; U; Windows NT 5.1; en-US; rv:1.9) Gecko/2008051206 Firefox/3.0"
