217.6.95.140 - - [28/Apr/2008:06:17:28 -0400] "GET /icons/compressed.gif HTTP/1.1" 200 1038 "http://notebook.cowgar.com/NoteBook/releases/" "Mozilla/5.0 (Windows; U; Windows NT 5.1; en-US; rv:1.8.1.14) Gecko/20080404 Firefox/2.0.0.14"
74.6.17.167 - - [28/Apr/2008:07:07:50 -0400] "GET /robots.txt HTTP/1.0" 404 208 "-" "Mozilla/5.0 (compatible; Yahoo! Slurp; http://help.yahoo.com/help/us/ysearch/slurp)"
74.6.20.113 - - [28/Apr/2008:07:07:51 -0400] "GET /?C=D;O=A HTTP/1.0" 200 826 "-" "Mozilla/5.0 (compatible; Yahoo! Slurp; http://help.yahoo.com/help/us/ysearch/slurp)"
74.6.22.216 - - [28/Apr/2008:07:17:54 -0400] "GET /access.log HTTP/1.0" 200 150253 "-" "Mozilla/5.0 (compatible; Yahoo! Slurp; http://help.yahoo.com/help/us/ysearch/slurp)"
67.195.37.187 - - [28/Apr/2008:07:27:56 -0400] "GET /robots.txt HTTP/1.0" 404 208 "-" "Mozilla/5.0 (compatible; Yahoo! Slurp; http://help.yahoo.com/help/us/ysearch/slurp)"
67.195.37.187 - - [28/Apr/2008:07:27:56 -0400] "GET /?C=S;O=A HTTP/1.0" 200 826 "-" "Mozilla/5.0 (compatible; Yahoo! Slurp/3.0; http://help.yahoo.com/help/us/ysearch/slurp)"
65.55.107.38 - - [28/Apr/2008:09:06:49 -0400] "GET /robots.txt HTTP/1.1" 404 208 "-" "msnbot/1.1 (+http://search.msn.com/msnbot.htm)"
65.55.107.38 - - [28/Apr/2008:09:06:50 -0400] "GET / HTTP/1.1" 200 826 "-" "msnbot/1.1 (+http://search.msn.com/msnbot.htm)"
74.6.17.171 - - [28/Apr/2008:09:08:04 -0400] "GET /robots.txt HTTP/1.0" 404 208 "-" "Mozilla/5.0 (compatible; Yahoo! Slurp; http://help.yahoo.com/help/us/ysearch/slurp)"
74.6.29.115 - - [28/Apr/2008:09:08:04 -0400] "GET /?C=M;O=D HTTP/1.0" 200 826 "-" "Mozilla/5.0 (compatible; Yahoo! Slurp; http://help.yahoo.com/help/us/ysearch/slurp)"
74.6.17.167 - - [28/Apr/2008:10:12:00 -0400] "GET /robots.txt HTTP/1.0" 404 208 "-" "Mozilla/5.0 (compatible; Yahoo! Slurp; http://help.yahoo.com/help/us/ysearch/slurp)"
74.6.11.223 - - [28/Apr/2008:10:12:03 -0400] "GET /NoteBook/ HTTP/1.0" 200 809 "-" "Mozilla/5.0 (compatible; Yahoo! Slurp; http://help.yahoo.com/help/us/ysearch/slurp)"
74.6.8.106 - - [28/Apr/2008:10:13:20 -0400] "GET /robots.txt HTTP/1.0" 404 208 "-" "Mozilla/5.0 (compatible; Yahoo! Slurp; http://help.yahoo.com/help/us/ysearch/slurp)"
74.6.28.165 - - [28/Apr/2008:10:13:21 -0400] "GET /NoteBook/?C=S;O=A HTTP/1.0" 200 809 "-" "Mozilla/5.0 (compatible; Yahoo! Slurp; http://help.yahoo.com/help/us/ysearch/slurp)"
74.6.18.119 - - [28/Apr/2008:10:15:51 -0400] "GET /NoteBook/releases/ HTTP/1.0" 200 860 "-" "Mozilla/5.0 (compatible; Yahoo! Slurp; http://help.yahoo.com/help/us/ysearch/slurp)"
74.6.11.228 - - [28/Apr/2008:10:16:18 -0400] "GET /NoteBook/?C=D;O=A HTTP/1.0" 200 809 "-" "Mozilla/5.0 (compatible; Yahoo! Slurp; http://help.yahoo.com/help/us/ysearch/slurp)"
208.80.193.36 - - [28/Apr/2008:10:42:59 -0400] "GET / HTTP/1.1" 200 826 "-" "Mozilla/4.0 (compatible; MSIE 6.0; Windows NT 5.1; Q312467)"
74.6.8.106 - - [28/Apr/2008:11:04:32 -0400] "GET /robots.txt HTTP/1.0" 404 208 "-" "Mozilla/5.0 (compatible; Yahoo! Slurp; http://help.yahoo.com/help/us/ysearch/slurp)"
74.6.26.188 - - [28/Apr/2008:11:04:32 -0400] "GET /NoteBook/?C=M;O=A HTTP/1.0" 200 809 "-" "Mozilla/5.0 (compatible; Yahoo! Slurp; http://help.yahoo.com/help/us/ysearch/slurp)"
213.96.214.72 - - [28/Apr/2008:11:42:08 -0400] "GET / HTTP/1.1" 200 826 "http://livecd.gnustep.org/" "Mozilla/4.0 (compatible; MSIE 7.0; Windows NT 5.1)"
66.249.67.234 - - [28/Apr/2008:11:49:04 -0400] "GET /robots.txt HTTP/1.1" 404 208 "-" "Mozilla/5.0 (compatible; Googlebot/2.1; +http://www.google.com/bot.html)"
66.249.67.234 - - [28/Apr/2008:11:49:04 -0400] "GET /NoteBook/ HTTP/1.1" 200 809 "-" "Mozilla/5.0 (compatible; Googlebot/2.1; +http://www.google.com/bot.html)"
59.33.215.197 - - [28/Apr/2008:11:51:08 -0400] "GET /?C=N;O=A HTTP/1.1" 200 826 "-" "-"
59.33.215.197 - - [28/Apr/2008:11:51:22 -0400] "GET /?C=M;O=D HTTP/1.1" 200 826 "-" "-"
59.33.215.197 - - [28/Apr/2008:11:51:22 -0400] "GET /NoteBook/?C=N;O=D HTTP/1.1" 200 809 "-" "-"
59.33.215.197 - - [28/Apr/2008:11:51:28 -0400] "GET /NoteBook/?C=M;O=A HTTP/1.1" 200 809 "-" "-"
59.33.215.197 - - [28/Apr/2008:11:51:34 -0400] "GET /NoteBook/?C=D;O=A HTTP/1.1" 200 809 "-" "-"
59.33.215.197 - - [28/Apr/2008:11:51:40 -0400] "GET /?C=S;O=D HTTP/1.1" 200 826 "-" "-"
59.33.215.197 - - [28/Apr/2008:11:51:40 -0400] "GET /?C=D;O=D HTTP/1.1" 200 826 "-" "-"
59.33.215.197 - - [28/Apr/2008:11:51:41 -0400] "GET /NoteBook/?C=S;O=A HTTP/1.1" 200 809 "-" "-"
59.33.215.197 - - [28/Apr/2008:11:51:42 -0400] "GET /NoteBook/releases/ HTTP/1.1" 200 860 "-" "-"
66.249.67.234 - - [28/Apr/2008:12:43:35 -0400] "GET /?C=M;O=A HTTP/1.1" 200 826 "-" "Mozilla/5.0 (compatible; Googlebot/2.1; +http://www.google.com/bot.html)"
66.249.67.234 - - [28/Apr/2008:13:10:44 -0400] "GET /NoteBook/?C=N;O=A HTTP/1.1" 200 809 "-" "Mozilla/5.0 (compatible; Googlebot/2.1; +http://www.google.com/bot.html)"
74.6.17.171 - - [28/Apr/2008:14:15:42 -0400] "GET /robots.txt HTTP/1.0" 404 208 "-" "Mozilla/5.0 (compatible; Yahoo! Slurp; http://help.yahoo.com/help/us/ysearch/slurp)"
74.6.24.234 - - [28/Apr/2008:14:15:58 -0400] "GET /?C=S;O=A HTTP/1.0" 200 826 "-" "Mozilla/5.0 (compatible; Yahoo! Slurp; http://help.yahoo.com/help/us/ysearch/slurp)"
136.181.195.45 - - [28/Apr/2008:14:38:51 -0400] "GET / HTTP/1.1" 200 826 "http://www.gnustep.org/experience/apps.html" "Mozilla/5.0 (Windows; U; Windows NT 5.0; en-US; rv:1.8.1.14) Gecko/20080404 Firefox/2.0.0.14"
136.181.195.45 - - [28/Apr/2008:14:38:52 -0400] "GET /icons/blank.gif HTTP/1.1" 200 148 "http://notebook.cowgar.com/" "Mozilla/5.0 (Windows; U; Windows NT 5.0; en-US; rv:1.8.1.14) Gecko/20080404 Firefox/2.0.0.14"
136.181.195.45 - - [28/Apr/2008:14:38:52 -0400] "GET /icons/unknown.gif HTTP/1.1" 200 245 "http://notebook.cowgar.com/" "Mozilla/5.0 (Windows; U; Windows NT 5.0; en-US; rv:1.8.1.14) Gecko/20080404 Firefox/2.0.0.14"
136.181.195.45 - - [28/Apr/2008:14:38:52 -0400] "GET /icons/folder.gif HTTP/1.1" 200 225 "http://notebook.cowgar.com/" "Mozilla/5.0 (Windows; U; Windows NT 5.0; en-US; rv:1.8.1.14) Gecko/20080404 Firefox/2.0.0.14"
136.181.195.45 - - [28/Apr/2008:14:38:52 -0400] "GET /favicon.ico HTTP/1.1" 404 209 "-" "Mozilla/5.0 (Windows; U; Windows NT 5.0; en-US; rv:1.8.1.14) Gecko/20080404 Firefox/2.0.0.14"
136.181.195.45 - - [28/Apr/2008:14:38:57 -0400] "GET /favicon.ico HTTP/1.1" 404 209 "-" "Mozilla/5.0 (Windows; U; Windows NT 5.0; en-US; rv:1.8.1.14) Gecko/20080404 Firefox/2.0.0.14"
74.6.19.32 - - [28/Apr/2008:14:55:12 -0400] "GET /?C=N;O=D HTTP/1.0" 200 826 "-" "Mozilla/5.0 (compatible; Yahoo! Slurp; http://help.yahoo.com/help/us/ysearch/slurp)"
74.6.16.228 - - [28/Apr/2008:15:39:00 -0400] "GET /?C=S;O=D HTTP/1.0" 200 826 "-" "Mozilla/5.0 (compatible; Yahoo! Slurp; http://help.yahoo.com/help/us/ysearch/slurp)"
208.240.243.170 - - [28/Apr/2008:16:13:45 -0400] "GET /access.log HTTP/1.1" 200 156427 "http://www.google.com/search?hl=en&q=Safari+525.13&btnG=Search" "Mozilla/4.0 (compatible; MSIE 6.0; Windows NT 5.1; SV1; .NET CLR 1.1.4322; InfoPath.1; .NET CLR 2.0.50727; .NET CLR 3.0.04506.30; .NET CLR 3.0.04506.648)"
85.214.72.97 - - [28/Apr/2008:17:42:04 -0400] "GET /access.log HTTP/1.0" 200 156735 "-" "Wget/1.10.2"
85.214.72.97 - - [28/Apr/2008:17:48:44 -0400] "GET /access.log HTTP/1.0" 200 156837 "-" "Wget/1.10.2"
85.214.72.97 - - [28/Apr/2008:17:57:39 -0400] "GET /access.log HTTP/1.0" 200 156939 "-" "Wget/1.10.2"
74.6.7.163 - - [28/Apr/2008:18:18:25 -0400] "GET /robots.txt HTTP/1.0" 404 208 "-" "Mozilla/5.0 (compatible; Yahoo! Slurp; http://help.yahoo.com/help/us/ysearch/slurp)"
72.30.216.106 - - [28/Apr/2008:18:18:25 -0400] "GET / HTTP/1.0" 200 826 "-" "Mozilla/5.0 (compatible; Yahoo! Slurp; http://help.yahoo.com/help/us/ysearch/slurp)"
79.205.113.231 - - [28/Apr/2008:21:24:48 -0400] "GET /robots.txt HTTP/1.0" 404 208 "-" "Opera/9.10 (Windows NT 5.0; U; de) (-)"
79.205.113.231 - - [28/Apr/2008:21:28:16 -0400] "GET / HTTP/1.0" 200 826 "-" "Opera/9.10 (Windows NT 5.0; U; de) -"
67.195.52.27 - - [28/Apr/2008:21:33:40 -0400] "GET / HTTP/1.0" 200 826 "-" "Mozilla/5.0 (compatible; Yahoo! Slurp; http://help.yahoo.com/help/us/ysearch/slurp)"
64.1.215.163 - - [28/Apr/2008:22:13:36 -0400] "GET /robots.txt HTTP/1.0" 404 208 "-" "Mozilla/5.0 (Twiceler-0.9 http://www.cuill.com/twiceler/robot.html)"
74.6.17.170 - - [28/Apr/2008:22:24:25 -0400] "GET /robots.txt HTTP/1.0" 404 208 "-" "Mozilla/5.0 (compatible; Yahoo! Slurp; http://help.yahoo.com/help/us/ysearch/slurp)"
74.6.24.236 - - [28/Apr/2008:22:24:25 -0400] "GET / HTTP/1.0" 200 826 "-" "Mozilla/5.0 (compatible; Yahoo! Slurp; http://help.yahoo.com/help/us/ysearch/slurp)"
89.122.29.125 - - [28/Apr/2008:22:29:08 -0400] "GET / HTTP/1.1" 200 826 "http://livecd.gnustep.org/" "Mozilla/4.0 (compatible; MSIE 6.0; Windows NT 5.1; SV1; .NET CLR 2.0.50727)"
64.81.61.54 - - [28/Apr/2008:22:44:11 -0400] "GET /NoteBook/releases/NoteBook-0.3.tar.gz HTTP/1.0" 200 30612 "-" "Wget/1.10.2"
65.55.25.136 - - [29/Apr/2008:00:36:14 -0400] "GET /robots.txt HTTP/1.1" 404 208 "-" "msnbot/1.1 (+http://search.msn.com/msnbot.htm)"
65.55.25.136 - - [29/Apr/2008:00:36:14 -0400] "GET / HTTP/1.1" 200 826 "-" "msnbot/1.1 (+http://search.msn.com/msnbot.htm)"
217.172.44.82 - - [29/Apr/2008:00:36:16 -0400] "GET /robots.txt HTTP/1.1" 404 208 "-" "portscout/0.7.4"
217.172.44.82 - - [29/Apr/2008:00:36:16 -0400] "GET /NoteBook/releases/ HTTP/1.1" 200 860 "-" "portscout/0.7.4"
189.157.133.140 - - [29/Apr/2008:01:04:50 -0400] "GET / HTTP/1.1" 200 826 "http://www.gnustep.org/experience/apps.html" "Mozilla/5.0 (X11; U; Linux i686; en-US; rv:1.9b5) Gecko/2008032619 Firefox/3.0b5"
189.157.133.140 - - [29/Apr/2008:01:04:50 -0400] "GET /icons/blank.gif HTTP/1.1" 200 148 "http://notebook.cowgar.com/" "Mozilla/5.0 (X11; U; Linux i686; en-US; rv:1.9b5) Gecko/2008032619 Firefox/3.0b5"
189.157.133.140 - - [29/Apr/2008:01:04:51 -0400] "GET /icons/folder.gif HTTP/1.1" 200 225 "http://notebook.cowgar.com/" "Mozilla/5.0 (X11; U; Linux i686; en-US; rv:1.9b5) Gecko/2008032619 Firefox/3.0b5"
189.157.133.140 - - [29/Apr/2008:01:04:51 -0400] "GET /icons/unknown.gif HTTP/1.1" 200 245 "http://notebook.cowgar.com/" "Mozilla/5.0 (X11; U; Linux i686; en-US; rv:1.9b5) Gecko/2008032619 Firefox/3.0b5"
189.157.133.140 - - [29/Apr/2008:01:04:52 -0400] "GET /favicon.ico HTTP/1.1" 404 209 "-" "Mozilla/5.0 (X11; U; Linux i686; en-US; rv:1.9b5) Gecko/2008032619 Firefox/3.0b5"
189.157.133.140 - - [29/Apr/2008:01:04:55 -0400] "GET /favicon.ico HTTP/1.1" 404 209 "-" "Mozilla/5.0 (X11; U; Linux i686; en-US; rv:1.9b5) Gecko/2008032619 Firefox/3.0b5"
189.157.133.140 - - [29/Apr/2008:01:05:05 -0400] "GET /NoteBook/ HTTP/1.1" 200 809 "http://notebook.cowgar.com/" "Mozilla/5.0 (X11; U; Linux i686; en-US; rv:1.9b5) Gecko/2008032619 Firefox/3.0b5"
189.157.133.140 - - [29/Apr/2008:01:05:06 -0400] "GET /icons/back.gif HTTP/1.1" 200 216 "http://notebook.cowgar.com/NoteBook/" "Mozilla/5.0 (X11; U; Linux i686; en-US; rv:1.9b5) Gecko/2008032619 Firefox/3.0b5"
189.157.133.140 - - [29/Apr/2008:01:05:12 -0400] "GET /NoteBook/releases/ HTTP/1.1" 200 860 "http://notebook.cowgar.com/NoteBook/" "Mozilla/5.0 (X11; U; Linux i686; en-US; rv:1.9b5) Gecko/2008032619 Firefox/3.0b5"
189.157.133.140 - - [29/Apr/2008:01:05:12 -0400] "GET /icons/compressed.gif HTTP/1.1" 200 1038 "http://notebook.cowgar.com/NoteBook/releases/" "Mozilla/5.0 (X11; U; Linux i686; en-US; rv:1.9b5) Gecko/2008032619 Firefox/3.0b5"
189.157.133.140 - - [29/Apr/2008:01:05:16 -0400] "GET /NoteBook/releases/NoteBook-0.3.tar.gz HTTP/1.1" 200 30612 "http://notebook.cowgar.com/NoteBook/releases/" "Mozilla/5.0 (X11; U; Linux i686; en-US; rv:1.9b5) Gecko/2008032619 Firefox/3.0b5"
59.33.202.239 - - [29/Apr/2008:01:30:22 -0400] "GET /?C=N;O=A HTTP/1.1" 200 826 "-" "-"
59.33.202.239 - - [29/Apr/2008:01:30:24 -0400] "GET /?C=M;O=D HTTP/1.1" 200 826 "-" "-"
59.33.202.239 - - [29/Apr/2008:01:30:30 -0400] "GET /NoteBook/?C=M;O=A HTTP/1.1" 200 809 "-" "-"
59.33.202.239 - - [29/Apr/2008:01:30:32 -0400] "GET /NoteBook/?C=D;O=A HTTP/1.1" 200 809 "-" "-"
59.33.202.239 - - [29/Apr/2008:01:30:34 -0400] "GET /?C=S;O=D HTTP/1.1" 200 826 "-" "-"
59.33.202.239 - - [29/Apr/2008:01:30:34 -0400] "GET /?C=D;O=D HTTP/1.1" 200 826 "-" "-"
59.33.202.239 - - [29/Apr/2008:01:30:35 -0400] "GET /NoteBook/?C=S;O=A HTTP/1.1" 200 809 "-" "-"
89.122.29.105 - - [29/Apr/2008:02:38:44 -0400] "GET / HTTP/1.1" 200 826 "http://livecd.gnustep.org/" "Mozilla/4.0 (compatible; MSIE 6.0; Windows NT 5.1; SV1; .NET CLR 2.0.50727)"
89.122.29.128 - - [29/Apr/2008:05:59:00 -0400] "GET / HTTP/1.1" 200 826 "http://livecd.gnustep.org/" "Mozilla/4.0 (compatible; MSIE 6.0; Windows NT 5.1; SV1; .NET CLR 2.0.50727)"
74.6.17.170 - - [29/Apr/2008:07:18:17 -0400] "GET /robots.txt HTTP/1.0" 404 208 "-" "Mozilla/5.0 (compatible; Yahoo! Slurp; http://help.yahoo.com/help/us/ysearch/slurp)"
72.30.179.226 - - [29/Apr/2008:07:18:17 -0400] "GET /?C=M;O=A HTTP/1.0" 200 826 "-" "Mozilla/5.0 (compatible; Yahoo! Slurp; http://help.yahoo.com/help/us/ysearch/slurp)"
67.195.37.187 - - [29/Apr/2008:07:19:48 -0400] "GET /robots.txt HTTP/1.0" 404 208 "-" "Mozilla/5.0 (compatible; Yahoo! Slurp; http://help.yahoo.com/help/us/ysearch/slurp)"
67.195.37.187 - - [29/Apr/2008:07:19:49 -0400] "GET / HTTP/1.0" 200 826 "-" "Mozilla/5.0 (compatible; Yahoo! Slurp/3.0; http://help.yahoo.com/help/us/ysearch/slurp)"
74.6.22.216 - - [29/Apr/2008:07:19:55 -0400] "GET /access.log HTTP/1.0" 200 162967 "-" "Mozilla/5.0 (compatible; Yahoo! Slurp; http://help.yahoo.com/help/us/ysearch/slurp)"
67.195.37.187 - - [29/Apr/2008:07:33:13 -0400] "GET /?C=S;O=A HTTP/1.0" 200 826 "-" "Mozilla/5.0 (compatible; Yahoo! Slurp/3.0; http://help.yahoo.com/help/us/ysearch/slurp)"
74.6.8.106 - - [29/Apr/2008:09:11:11 -0400] "GET /robots.txt HTTP/1.0" 404 208 "-" "Mozilla/5.0 (compatible; Yahoo! Slurp; http://help.yahoo.com/help/us/ysearch/slurp)"
74.6.29.115 - - [29/Apr/2008:09:11:12 -0400] "GET /?C=M;O=D HTTP/1.0" 200 826 "-" "Mozilla/5.0 (compatible; Yahoo! Slurp; http://help.yahoo.com/help/us/ysearch/slurp)"
89.122.29.39 - - [29/Apr/2008:09:32:49 -0400] "GET / HTTP/1.1" 200 826 "http://livecd.gnustep.org/" "Mozilla/4.0 (compatible; MSIE 6.0; Windows NT 5.1; SV1; .NET CLR 2.0.50727)"
74.6.8.106 - - [29/Apr/2008:10:20:15 -0400] "GET /robots.txt HTTP/1.0" 404 208 "-" "Mozilla/5.0 (compatible; Yahoo! Slurp; http://help.yahoo.com/help/us/ysearch/slurp)"
74.6.17.254 - - [29/Apr/2008:10:20:16 -0400] "GET /NoteBook/?C=N;O=D HTTP/1.0" 200 809 "-" "Mozilla/5.0 (compatible; Yahoo! Slurp; http://help.yahoo.com/help/us/ysearch/slurp)"
79.205.113.231 - - [29/Apr/2008:11:53:35 -0400] "GET /robots.txt HTTP/1.0" 404 208 "-" "Opera/9.10 (Windows NT 5.0; U; de) (-)"
79.205.113.231 - - [29/Apr/2008:11:57:52 -0400] "GET / HTTP/1.0" 200 826 "-" "Opera/9.10 (Windows NT 5.0; U; de) -"
164.76.243.14 - - [29/Apr/2008:12:43:13 -0400] "GET /NoteBook/releases/NoteBook-0.3.tar.gz HTTP/1.1" 200 30612 "-" "fetch libfetch/2.0"
66.249.67.234 - - [29/Apr/2008:12:58:42 -0400] "GET /robots.txt HTTP/1.1" 404 208 "-" "Googlebot-Image/1.0"
66.249.67.234 - - [29/Apr/2008:12:58:42 -0400] "GET /icons/blank.gif HTTP/1.1" 200 148 "-" "Googlebot-Image/1.0"
74.6.7.92 - - [29/Apr/2008:13:58:21 -0400] "GET /robots.txt HTTP/1.0" 404 208 "-" "Mozilla/5.0 (compatible; Yahoo! Slurp; http://help.yahoo.com/help/us/ysearch/slurp)"
67.195.52.105 - - [29/Apr/2008:13:58:21 -0400] "GET /?C=M;O=A HTTP/1.0" 200 826 "-" "Mozilla/5.0 (compatible; Yahoo! Slurp; http://help.yahoo.com/help/us/ysearch/slurp)"
67.195.52.122 - - [29/Apr/2008:13:58:49 -0400] "GET /access.log HTTP/1.0" 200 165114 "-" "Mozilla/5.0 (compatible; Yahoo! Slurp; http://help.yahoo.com/help/us/ysearch/slurp)"
67.195.54.49 - - [29/Apr/2008:13:59:46 -0400] "GET /?C=N;O=D HTTP/1.0" 200 826 "-" "Mozilla/5.0 (compatible; Yahoo! Slurp; http://help.yahoo.com/help/us/ysearch/slurp)"
67.195.52.39 - - [29/Apr/2008:14:00:42 -0400] "GET /?C=D;O=A HTTP/1.0" 200 826 "-" "Mozilla/5.0 (compatible; Yahoo! Slurp; http://help.yahoo.com/help/us/ysearch/slurp)"
67.195.52.86 - - [29/Apr/2008:14:02:00 -0400] "GET /NoteBook/ HTTP/1.0" 200 809 "-" "Mozilla/5.0 (compatible; Yahoo! Slurp; http://help.yahoo.com/help/us/ysearch/slurp)"
67.195.51.175 - - [29/Apr/2008:14:02:10 -0400] "GET /?C=N;O=A HTTP/1.0" 200 826 "-" "Mozilla/5.0 (compatible; Yahoo! Slurp; http://help.yahoo.com/help/us/ysearch/slurp)"
67.195.51.153 - - [29/Apr/2008:14:03:02 -0400] "GET /NoteBook/?C=D;O=A HTTP/1.0" 200 809 "-" "Mozilla/5.0 (compatible; Yahoo! Slurp; http://help.yahoo.com/help/us/ysearch/slurp)"
67.195.51.161 - - [29/Apr/2008:14:04:53 -0400] "GET /NoteBook/?C=N;O=D HTTP/1.0" 200 809 "-" "Mozilla/5.0 (compatible; Yahoo! Slurp; http://help.yahoo.com/help/us/ysearch/slurp)"
67.195.51.162 - - [29/Apr/2008:14:05:18 -0400] "GET /NoteBook/?C=M;O=A HTTP/1.0" 200 809 "-" "Mozilla/5.0 (compatible; Yahoo! Slurp; http://help.yahoo.com/help/us/ysearch/slurp)"
67.195.51.177 - - [29/Apr/2008:14:05:30 -0400] "GET /NoteBook/?C=S;O=A HTTP/1.0" 200 809 "-" "Mozilla/5.0 (compatible; Yahoo! Slurp; http://help.yahoo.com/help/us/ysearch/slurp)"
67.195.52.121 - - [29/Apr/2008:14:07:33 -0400] "GET /NoteBook/releases/ HTTP/1.0" 200 860 "-" "Mozilla/5.0 (compatible; Yahoo! Slurp; http://help.yahoo.com/help/us/ysearch/slurp)"
67.195.51.180 - - [29/Apr/2008:14:09:28 -0400] "GET /NoteBook/releases/?C=N;O=D HTTP/1.0" 200 860 "-" "Mozilla/5.0 (compatible; Yahoo! Slurp; http://help.yahoo.com/help/us/ysearch/slurp)"
67.195.51.161 - - [29/Apr/2008:14:09:54 -0400] "GET /NoteBook/releases/?C=S;O=A HTTP/1.0" 200 860 "-" "Mozilla/5.0 (compatible; Yahoo! Slurp; http://help.yahoo.com/help/us/ysearch/slurp)"
67.195.52.98 - - [29/Apr/2008:14:10:04 -0400] "GET /NoteBook/releases/?C=M;O=A HTTP/1.0" 200 860 "-" "Mozilla/5.0 (compatible; Yahoo! Slurp; http://help.yahoo.com/help/us/ysearch/slurp)"
67.195.52.105 - - [29/Apr/2008:14:13:06 -0400] "GET /NoteBook/releases/?C=D;O=A HTTP/1.0" 200 860 "-" "Mozilla/5.0 (compatible; Yahoo! Slurp; http://help.yahoo.com/help/us/ysearch/slurp)"
74.6.17.166 - - [29/Apr/2008:14:20:05 -0400] "GET /robots.txt HTTP/1.0" 404 208 "-" "Mozilla/5.0 (compatible; Yahoo! Slurp; http://help.yahoo.com/help/us/ysearch/slurp)"
74.6.24.234 - - [29/Apr/2008:14:20:06 -0400] "GET /?C=S;O=A HTTP/1.0" 200 826 "-" "Mozilla/5.0 (compatible; Yahoo! Slurp; http://help.yahoo.com/help/us/ysearch/slurp)"
67.195.54.32 - - [29/Apr/2008:14:26:02 -0400] "GET /NoteBook/releases/NoteBook-0.3.tar.gz HTTP/1.0" 200 30612 "-" "Mozilla/5.0 (compatible; Yahoo! Slurp; http://help.yahoo.com/help/us/ysearch/slurp)"
74.6.8.106 - - [29/Apr/2008:14:57:12 -0400] "GET /robots.txt HTTP/1.0" 404 208 "-" "Mozilla/5.0 (compatible; Yahoo! Slurp; http://help.yahoo.com/help/us/ysearch/slurp)"
74.6.19.32 - - [29/Apr/2008:14:57:16 -0400] "GET /?C=N;O=D HTTP/1.0" 200 826 "-" "Mozilla/5.0 (compatible; Yahoo! Slurp; http://help.yahoo.com/help/us/ysearch/slurp)"
74.6.31.244 - - [29/Apr/2008:15:07:05 -0400] "GET /robots.txt HTTP/1.0" 404 208 "-" "Mozilla/5.0 (compatible; Yahoo! Slurp; http://help.yahoo.com/help/us/ysearch/slurp)"
67.195.52.125 - - [29/Apr/2008:15:07:05 -0400] "GET /?C=M;O=D HTTP/1.0" 200 826 "-" "Mozilla/5.0 (compatible; Yahoo! Slurp; http://help.yahoo.com/help/us/ysearch/slurp)"
82.235.2.26 - - [29/Apr/2008:15:30:27 -0400] "GET /favicon.ico HTTP/1.1" 404 209 "-" "Mozilla/5.0 (Windows; U; Windows NT 5.1; fr; rv:1.8.1.14) Gecko/20080404 Anapurna Firefox/2.0.0.14"
74.6.17.166 - - [29/Apr/2008:15:43:39 -0400] "GET /robots.txt HTTP/1.0" 404 208 "-" "Mozilla/5.0 (compatible; Yahoo! Slurp; http://help.yahoo.com/help/us/ysearch/slurp)"
74.6.16.228 - - [29/Apr/2008:15:43:39 -0400] "GET /?C=S;O=D HTTP/1.0" 200 826 "-" "Mozilla/5.0 (compatible; Yahoo! Slurp; http://help.yahoo.com/help/us/ysearch/slurp)"
164.76.243.139 - - [29/Apr/2008:17:08:29 -0400] "GET /NoteBook/releases/NoteBook-0.3.tar.gz HTTP/1.1" 200 30612 "-" "fetch libfetch/2.0"
91.7.24.141 - - [29/Apr/2008:17:09:25 -0400] "GET /access.log HTTP/1.1" 200 169489 "http://www.google.de/search?hl=de&q=filetype%3Alog+access.log&btnG=Google-Suche&meta=&aq=f" "Mozilla/5.0 (X11; U; Linux x86_64; en-US; rv:1.9b5) Gecko/2008041515 Firefox/3.0b5"
91.7.24.141 - - [29/Apr/2008:17:09:27 -0400] "GET /favicon.ico HTTP/1.1" 404 209 "-" "Mozilla/5.0 (X11; U; Linux x86_64; en-US; rv:1.9b5) Gecko/2008041515 Firefox/3.0b5"
91.7.24.141 - - [29/Apr/2008:17:09:30 -0400] "GET /favicon.ico HTTP/1.1" 404 209 "-" "Mozilla/5.0 (X11; U; Linux x86_64; en-US; rv:1.9b5) Gecko/2008041515 Firefox/3.0b5"
202.112.113.39 - - [29/Apr/2008:18:24:51 -0400] "GET /robots.txt HTTP/1.0" 404 208 "-" "larbin_2.6.3 (gqnmgsp@ruc.edu.cn)"
202.112.113.39 - - [29/Apr/2008:18:25:53 -0400] "GET / HTTP/1.0" 200 826 "-" "larbin_2.6.3 gqnmgsp@ruc.edu.cn"
65.55.208.119 - - [29/Apr/2008:21:01:29 -0400] "GET /robots.txt HTTP/1.1" 404 208 "-" "msnbot/1.1 (+http://search.msn.com/msnbot.htm)"
65.55.208.119 - - [29/Apr/2008:21:01:29 -0400] "GET /?C=M;O=A HTTP/1.1" 200 826 "-" "msnbot/1.1 (+http://search.msn.com/msnbot.htm)"
216.239.82.160 - - [29/Apr/2008:21:42:10 -0400] "GET / HTTP/1.1" 200 826 "http://www.freshports.org/search.php?query=gnustep&search=go&num=10&stype=name&method=match&deleted=excludedeleted&start=1&casesensitivity=caseinsensitive" "Mozilla/5.0 (X11; U; FreeBSD i386; en-US; rv:1.8.1.10) Gecko/20071201 Firefox/2.0.0.10"
216.239.82.160 - - [29/Apr/2008:21:42:11 -0400] "GET /icons/blank.gif HTTP/1.1" 200 148 "http://notebook.cowgar.com/" "Mozilla/5.0 (X11; U; FreeBSD i386; en-US; rv:1.8.1.10) Gecko/20071201 Firefox/2.0.0.10"
216.239.82.160 - - [29/Apr/2008:21:42:11 -0400] "GET /icons/unknown.gif HTTP/1.1" 200 245 "http://notebook.cowgar.com/" "Mozilla/5.0 (X11; U; FreeBSD i386; en-US; rv:1.8.1.10) Gecko/20071201 Firefox/2.0.0.10"
216.239.82.160 - - [29/Apr/2008:21:42:11 -0400] "GET /icons/folder.gif HTTP/1.1" 200 225 "http://notebook.cowgar.com/" "Mozilla/5.0 (X11; U; FreeBSD i386; en-US; rv:1.8.1.10) Gecko/20071201 Firefox/2.0.0.10"
216.239.82.160 - - [29/Apr/2008:21:42:12 -0400] "GET /favicon.ico HTTP/1.1" 404 209 "-" "Mozilla/5.0 (X11; U; FreeBSD i386; en-US; rv:1.8.1.10) Gecko/20071201 Firefox/2.0.0.10"
216.239.82.160 - - [29/Apr/2008:21:42:16 -0400] "GET /NoteBook/ HTTP/1.1" 200 809 "http://notebook.cowgar.com/" "Mozilla/5.0 (X11; U; FreeBSD i386; en-US; rv:1.8.1.10) Gecko/20071201 Firefox/2.0.0.10"
216.239.82.160 - - [29/Apr/2008:21:42:17 -0400] "GET /icons/back.gif HTTP/1.1" 200 216 "http://notebook.cowgar.com/NoteBook/" "Mozilla/5.0 (X11; U; FreeBSD i386; en-US; rv:1.8.1.10) Gecko/20071201 Firefox/2.0.0.10"
216.239.82.160 - - [29/Apr/2008:21:42:20 -0400] "GET /NoteBook/releases/ HTTP/1.1" 200 860 "http://notebook.cowgar.com/NoteBook/" "Mozilla/5.0 (X11; U; FreeBSD i386; en-US; rv:1.8.1.10) Gecko/20071201 Firefox/2.0.0.10"
216.239.82.160 - - [29/Apr/2008:21:42:21 -0400] "GET /icons/compressed.gif HTTP/1.1" 200 1038 "http://notebook.cowgar.com/NoteBook/releases/" "Mozilla/5.0 (X11; U; FreeBSD i386; en-US; rv:1.8.1.10) Gecko/20071201 Firefox/2.0.0.10"
65.55.208.133 - - [29/Apr/2008:22:06:11 -0400] "GET /robots.txt HTTP/1.1" 404 208 "-" "msnbot/1.1 (+http://search.msn.com/msnbot.htm)"
65.55.208.133 - - [29/Apr/2008:22:06:12 -0400] "GET /NoteBook/ HTTP/1.1" 200 809 "-" "msnbot/1.1 (+http://search.msn.com/msnbot.htm)"
74.6.8.106 - - [29/Apr/2008:22:26:20 -0400] "GET /robots.txt HTTP/1.0" 404 208 "-" "Mozilla/5.0 (compatible; Yahoo! Slurp; http://help.yahoo.com/help/us/ysearch/slurp)"
74.6.24.236 - - [29/Apr/2008:22:26:20 -0400] "GET / HTTP/1.0" 200 826 "-" "Mozilla/5.0 (compatible; Yahoo! Slurp; http://help.yahoo.com/help/us/ysearch/slurp)"
65.55.208.137 - - [29/Apr/2008:22:52:56 -0400] "GET /robots.txt HTTP/1.1" 404 208 "-" "msnbot/1.1 (+http://search.msn.com/msnbot.htm)"
65.55.208.137 - - [29/Apr/2008:22:52:56 -0400] "GET /?C=D;O=A HTTP/1.1" 200 826 "-" "msnbot/1.1 (+http://search.msn.com/msnbot.htm)"
65.55.208.136 - - [29/Apr/2008:22:53:33 -0400] "GET /robots.txt HTTP/1.1" 404 208 "-" "msnbot/1.1 (+http://search.msn.com/msnbot.htm)"
65.55.208.136 - - [29/Apr/2008:22:53:34 -0400] "GET /?C=S;O=A HTTP/1.1" 200 826 "-" "msnbot/1.1 (+http://search.msn.com/msnbot.htm)"
65.55.208.137 - - [29/Apr/2008:23:04:22 -0400] "GET /access.log HTTP/1.1" 200 173712 "-" "msnbot/1.1 (+http://search.msn.com/msnbot.htm)"
217.172.44.82 - - [30/Apr/2008:00:38:04 -0400] "GET /robots.txt HTTP/1.1" 404 208 "-" "portscout/0.7.4"
217.172.44.82 - - [30/Apr/2008:00:38:05 -0400] "GET /NoteBook/releases/ HTTP/1.1" 200 860 "-" "portscout/0.7.4"
74.6.9.41 - - [30/Apr/2008:03:41:23 -0400] "GET /robots.txt HTTP/1.0" 404 208 "-" "Mozilla/5.0 (compatible; Yahoo! Slurp; http://help.yahoo.com/help/us/ysearch/slurp)"
67.195.52.27 - - [30/Apr/2008:03:41:24 -0400] "GET / HTTP/1.0" 200 826 "-" "Mozilla/5.0 (compatible; Yahoo! Slurp; http://help.yahoo.com/help/us/ysearch/slurp)"
77.11.168.61 - - [30/Apr/2008:05:02:32 -0400] "GET / HTTP/1.1" 200 826 "http://www.gnustep.org/experience/apps.html" "Mozilla/5.0 (X11; U; Linux x86_64; de; rv:1.9b5) Gecko/2008041515 Firefox/3.0b5"
77.11.168.61 - - [30/Apr/2008:05:02:33 -0400] "GET /icons/blank.gif HTTP/1.1" 200 148 "http://notebook.cowgar.com/" "Mozilla/5.0 (X11; U; Linux x86_64; de; rv:1.9b5) Gecko/2008041515 Firefox/3.0b5"
77.11.168.61 - - [30/Apr/2008:05:02:33 -0400] "GET /icons/folder.gif HTTP/1.1" 200 225 "http://notebook.cowgar.com/" "Mozilla/5.0 (X11; U; Linux x86_64; de; rv:1.9b5) Gecko/2008041515 Firefox/3.0b5"
77.11.168.61 - - [30/Apr/2008:05:02:33 -0400] "GET /icons/unknown.gif HTTP/1.1" 200 245 "http://notebook.cowgar.com/" "Mozilla/5.0 (X11; U; Linux x86_64; de; rv:1.9b5) Gecko/2008041515 Firefox/3.0b5"
77.11.168.61 - - [30/Apr/2008:05:02:33 -0400] "GET /favicon.ico HTTP/1.1" 404 209 "-" "Mozilla/5.0 (X11; U; Linux x86_64; de; rv:1.9b5) Gecko/2008041515 Firefox/3.0b5"
77.11.168.61 - - [30/Apr/2008:05:02:36 -0400] "GET /favicon.ico HTTP/1.1" 404 209 "-" "Mozilla/5.0 (X11; U; Linux x86_64; de; rv:1.9b5) Gecko/2008041515 Firefox/3.0b5"
77.11.168.61 - - [30/Apr/2008:05:03:40 -0400] "GET /NoteBook/ HTTP/1.1" 200 809 "http://notebook.cowgar.com/" "Mozilla/5.0 (X11; U; Linux x86_64; de; rv:1.9b5) Gecko/2008041515 Firefox/3.0b5"
77.11.168.61 - - [30/Apr/2008:05:03:40 -0400] "GET /icons/back.gif HTTP/1.1" 200 216 "http://notebook.cowgar.com/NoteBook/" "Mozilla/5.0 (X11; U; Linux x86_64; de; rv:1.9b5) Gecko/2008041515 Firefox/3.0b5"
77.11.168.61 - - [30/Apr/2008:05:03:42 -0400] "GET /NoteBook/releases/ HTTP/1.1" 200 860 "http://notebook.cowgar.com/NoteBook/" "Mozilla/5.0 (X11; U; Linux x86_64; de; rv:1.9b5) Gecko/2008041515 Firefox/3.0b5"
77.11.168.61 - - [30/Apr/2008:05:03:42 -0400] "GET /icons/compressed.gif HTTP/1.1" 200 1038 "http://notebook.cowgar.com/NoteBook/releases/" "Mozilla/5.0 (X11; U; Linux x86_64; de; rv:1.9b5) Gecko/2008041515 Firefox/3.0b5"
77.11.168.61 - - [30/Apr/2008:05:03:44 -0400] "GET /NoteBook/releases/NoteBook-0.3.tar.gz HTTP/1.1" 200 30612 "http://notebook.cowgar.com/NoteBook/releases/" "Mozilla/5.0 (X11; U; Linux x86_64; de; rv:1.9b5) Gecko/2008041515 Firefox/3.0b5"
74.6.16.230 - - [30/Apr/2008:05:37:57 -0400] "GET /robots.txt HTTP/1.0" 404 208 "-" "Mozilla/5.0 (compatible; Yahoo! Slurp; http://help.yahoo.com/help/us/ysearch/slurp)"
67.195.51.187 - - [30/Apr/2008:05:37:57 -0400] "GET /?C=D;O=D HTTP/1.0" 200 826 "-" "Mozilla/5.0 (compatible; Yahoo! Slurp; http://help.yahoo.com/help/us/ysearch/slurp)"
218.28.88.99 - - [30/Apr/2008:06:54:13 -0400] "GET / HTTP/1.1" 200 826 "-" "Mozilla/3.0 (compatible; Indy Library)"
218.28.88.99 - - [30/Apr/2008:07:06:08 -0400] "GET /?C=S HTTP/1.1" 200 826 "-" "Mozilla/3.0 (compatible; Indy Library)"
74.6.17.165 - - [30/Apr/2008:07:21:45 -0400] "GET /robots.txt HTTP/1.0" 404 208 "-" "Mozilla/5.0 (compatible; Yahoo! Slurp; http://help.yahoo.com/help/us/ysearch/slurp)"
72.30.179.226 - - [30/Apr/2008:07:21:46 -0400] "GET /?C=M;O=A HTTP/1.0" 200 826 "-" "Mozilla/5.0 (compatible; Yahoo! Slurp; http://help.yahoo.com/help/us/ysearch/slurp)"
67.195.37.187 - - [30/Apr/2008:07:25:33 -0400] "GET /robots.txt HTTP/1.0" 404 208 "-" "Mozilla/5.0 (compatible; Yahoo! Slurp; http://help.yahoo.com/help/us/ysearch/slurp)"
67.195.37.187 - - [30/Apr/2008:07:25:33 -0400] "GET / HTTP/1.0" 200 826 "-" "Mozilla/5.0 (compatible; Yahoo! Slurp/3.0; http://help.yahoo.com/help/us/ysearch/slurp)"
74.6.8.106 - - [30/Apr/2008:07:25:48 -0400] "GET /robots.txt HTTP/1.0" 404 208 "-" "Mozilla/5.0 (compatible; Yahoo! Slurp; http://help.yahoo.com/help/us/ysearch/slurp)"
74.6.22.216 - - [30/Apr/2008:07:25:48 -0400] "GET /access.log HTTP/1.0" 200 178020 "-" "Mozilla/5.0 (compatible; Yahoo! Slurp; http://help.yahoo.com/help/us/ysearch/slurp)"
65.55.208.134 - - [30/Apr/2008:07:41:49 -0400] "GET /robots.txt HTTP/1.1" 404 208 "-" "msnbot/1.1 (+http://search.msn.com/msnbot.htm)"
65.55.208.134 - - [30/Apr/2008:07:41:49 -0400] "GET / HTTP/1.1" 200 826 "-" "msnbot/1.1 (+http://search.msn.com/msnbot.htm)"
65.55.208.121 - - [30/Apr/2008:08:42:37 -0400] "GET /robots.txt HTTP/1.1" 404 208 "-" "msnbot/1.1 (+http://search.msn.com/msnbot.htm)"
65.55.208.121 - - [30/Apr/2008:08:42:38 -0400] "GET /?C=N;O=D HTTP/1.1" 200 826 "-" "msnbot/1.1 (+http://search.msn.com/msnbot.htm)"
74.6.17.165 - - [30/Apr/2008:09:13:00 -0400] "GET /robots.txt HTTP/1.0" 404 208 "-" "Mozilla/5.0 (compatible; Yahoo! Slurp; http://help.yahoo.com/help/us/ysearch/slurp)"
74.6.29.115 - - [30/Apr/2008:09:13:01 -0400] "GET /?C=M;O=D HTTP/1.0" 200 826 "-" "Mozilla/5.0 (compatible; Yahoo! Slurp; http://help.yahoo.com/help/us/ysearch/slurp)"
89.122.29.82 - - [30/Apr/2008:09:20:59 -0400] "GET / HTTP/1.1" 200 826 "http://livecd.gnustep.org/" "Mozilla/4.0 (compatible; MSIE 6.0; Windows NT 5.1; SV1; .NET CLR 2.0.50727)"
89.122.29.61 - - [30/Apr/2008:09:22:01 -0400] "GET / HTTP/1.1" 200 826 "http://livecd.gnustep.org/" "Mozilla/4.0 (compatible; MSIE 6.0; Windows NT 5.1; SV1; .NET CLR 2.0.50727)"
192.112.24.66 - - [30/Apr/2008:10:56:34 -0400] "GET / HTTP/1.1" 200 826 "http://www.gnustep.org/experience/apps.html" "Mozilla/5.0 (Windows; U; Windows NT 5.1; en-US; rv:1.8.1.8) Gecko/20071008 Firefox/2.0.0.8"
192.112.24.66 - - [30/Apr/2008:10:56:34 -0400] "GET /icons/blank.gif HTTP/1.1" 200 148 "http://notebook.cowgar.com/" "Mozilla/5.0 (Windows; U; Windows NT 5.1; en-US; rv:1.8.1.8) Gecko/20071008 Firefox/2.0.0.8"
192.112.24.66 - - [30/Apr/2008:10:56:34 -0400] "GET /icons/folder.gif HTTP/1.1" 200 225 "http://notebook.cowgar.com/" "Mozilla/5.0 (Windows; U; Windows NT 5.1; en-US; rv:1.8.1.8) Gecko/20071008 Firefox/2.0.0.8"
192.112.24.66 - - [30/Apr/2008:10:56:34 -0400] "GET /icons/unknown.gif HTTP/1.1" 200 245 "http://notebook.cowgar.com/" "Mozilla/5.0 (Windows; U; Windows NT 5.1; en-US; rv:1.8.1.8) Gecko/20071008 Firefox/2.0.0.8"
192.112.24.66 - - [30/Apr/2008:10:56:34 -0400] "GET /favicon.ico HTTP/1.1" 404 209 "-" "Mozilla/5.0 (Windows; U; Windows NT 5.1; en-US; rv:1.8.1.8) Gecko/20071008 Firefox/2.0.0.8"
192.112.24.66 - - [30/Apr/2008:10:56:39 -0400] "GET /NoteBook/ HTTP/1.1" 200 809 "http://notebook.cowgar.com/" "Mozilla/5.0 (Windows; U; Windows NT 5.1; en-US; rv:1.8.1.8) Gecko/20071008 Firefox/2.0.0.8"
192.112.24.66 - - [30/Apr/2008:10:56:39 -0400] "GET /icons/back.gif HTTP/1.1" 200 216 "http://notebook.cowgar.com/NoteBook/" "Mozilla/5.0 (Windows; U; Windows NT 5.1; en-US; rv:1.8.1.8) Gecko/20071008 Firefox/2.0.0.8"
38.105.86.22 - - [30/Apr/2008:13:06:28 -0400] "GET / HTTP/1.1" 200 826 "-" "Mozilla/5.0 (Windows; U; Windows NT 5.1; en-US; rv:1.8.0.1) Gecko/20060111 Firefox/1.5.0.1"
206.169.110.66 - - [30/Apr/2008:13:10:10 -0400] "GET /robots.txt HTTP/1.1" 404 208 "-" "page_verifier (http://www.securecomputing.com/goto/pv)"
206.169.110.66 - - [30/Apr/2008:13:11:19 -0400] "GET / HTTP/1.1" 200 826 "-" "page_verifier http://www.securecomputing.com/goto/pv"
74.6.22.223 - - [30/Apr/2008:14:00:34 -0400] "GET /robots.txt HTTP/1.0" 404 208 "-" "Mozilla/5.0 (compatible; Yahoo! Slurp; http://help.yahoo.com/help/us/ysearch/slurp)"
67.195.52.122 - - [30/Apr/2008:14:00:34 -0400] "GET /access.log HTTP/1.0" 200 181475 "-" "Mozilla/5.0 (compatible; Yahoo! Slurp; http://help.yahoo.com/help/us/ysearch/slurp)"
90.132.193.252 - - [30/Apr/2008:14:19:33 -0400] "GET /favicon.ico HTTP/1.1" 404 209 "-" "Avant Browser"
90.132.193.252 - - [30/Apr/2008:14:19:33 -0400] "GET /access.log HTTP/1.1" 200 181650 "http://www.google.com/search?hl=en&ie=UTF-8&q=filetype%3Alog+access.log+-CVS&btnG=Google+Search" "Mozilla/4.0 (compatible; MSIE 6.0; Windows NT 5.1; Avant Browser)"
208.80.193.53 - - [30/Apr/2008:14:36:34 -0400] "GET / HTTP/1.1" 200 826 "-" "Mozilla/4.0 (compatible; MSIE 7.0; Windows NT 6.0; SLCC1; .NET CLR 2.0.50727; Media Center PC 5.0; .NET CLR 3.0.04506; .NET CLR 3.0.04320)"
74.6.17.165 - - [30/Apr/2008:15:42:48 -0400] "GET /robots.txt HTTP/1.0" 404 208 "-" "Mozilla/5.0 (compatible; Yahoo! Slurp; http://help.yahoo.com/help/us/ysearch/slurp)"
74.6.24.234 - - [30/Apr/2008:15:42:48 -0400] "GET /?C=S;O=A HTTP/1.0" 200 826 "-" "Mozilla/5.0 (compatible; Yahoo! Slurp; http://help.yahoo.com/help/us/ysearch/slurp)"
74.6.8.114 - - [30/Apr/2008:15:51:50 -0400] "GET /robots.txt HTTP/1.0" 404 208 "-" "Mozilla/5.0 (compatible; Yahoo! Slurp; http://help.yahoo.com/help/us/ysearch/slurp)"
74.6.16.228 - - [30/Apr/2008:15:51:51 -0400] "GET /?C=S;O=D HTTP/1.0" 200 826 "-" "Mozilla/5.0 (compatible; Yahoo! Slurp; http://help.yahoo.com/help/us/ysearch/slurp)"
67.195.52.105 - - [30/Apr/2008:17:03:44 -0400] "GET /?C=M;O=A HTTP/1.0" 200 826 "-" "Mozilla/5.0 (compatible; Yahoo! Slurp; http://help.yahoo.com/help/us/ysearch/slurp)"
67.195.52.39 - - [30/Apr/2008:17:40:12 -0400] "GET /?C=D;O=A HTTP/1.0" 200 826 "-" "Mozilla/5.0 (compatible; Yahoo! Slurp; http://help.yahoo.com/help/us/ysearch/slurp)"
66.249.67.234 - - [30/Apr/2008:17:57:10 -0400] "GET /robots.txt HTTP/1.1" 404 208 "-" "Mozilla/5.0 (compatible; Googlebot/2.1; +http://www.google.com/bot.html)"
66.249.67.234 - - [30/Apr/2008:17:57:10 -0400] "GET /gebfkhaiuqsfvnx.html HTTP/1.1" 404 218 "-" "Mozilla/5.0 (compatible; Googlebot/2.1; +http://www.google.com/bot.html)"
66.249.67.234 - - [30/Apr/2008:19:07:05 -0400] "GET / HTTP/1.1" 200 826 "-" "Mozilla/5.0 (compatible; Googlebot/2.1; +http://www.google.com/bot.html)"
66.249.67.234 - - [30/Apr/2008:19:44:19 -0400] "GET /NoteBook/?C=S;O=A HTTP/1.1" 200 809 "-" "Mozilla/5.0 (compatible; Googlebot/2.1; +http://www.google.com/bot.html)"
66.249.67.234 - - [30/Apr/2008:21:32:00 -0400] "GET /?C=M;O=D HTTP/1.1" 200 826 "-" "Mozilla/5.0 (compatible; Googlebot/2.1; +http://www.google.com/bot.html)"
66.249.67.234 - - [30/Apr/2008:22:25:35 -0400] "GET /NoteBook/?C=D;O=A HTTP/1.1" 200 809 "-" "Mozilla/5.0 (compatible; Googlebot/2.1; +http://www.google.com/bot.html)"
74.6.17.167 - - [30/Apr/2008:23:08:59 -0400] "GET /robots.txt HTTP/1.0" 404 208 "-" "Mozilla/5.0 (compatible; Yahoo! Slurp; http://help.yahoo.com/help/us/ysearch/slurp)"
74.6.19.32 - - [30/Apr/2008:23:08:59 -0400] "GET /?C=N;O=D HTTP/1.0" 200 826 "-" "Mozilla/5.0 (compatible; Yahoo! Slurp; http://help.yahoo.com/help/us/ysearch/slurp)"
66.249.67.234 - - [30/Apr/2008:23:19:13 -0400] "GET /?C=D;O=D HTTP/1.1" 200 826 "-" "Mozilla/5.0 (compatible; Googlebot/2.1; +http://www.google.com/bot.html)"
74.6.24.236 - - [30/Apr/2008:23:28:15 -0400] "GET / HTTP/1.0" 200 826 "-" "Mozilla/5.0 (compatible; Yahoo! Slurp; http://help.yahoo.com/help/us/ysearch/slurp)"
217.172.44.82 - - [30/Apr/2008:23:48:09 -0400] "GET /robots.txt HTTP/1.1" 404 208 "-" "portscout/0.7.4"
217.172.44.82 - - [30/Apr/2008:23:48:10 -0400] "GET /NoteBook/releases/ HTTP/1.1" 200 860 "-" "portscout/0.7.4"
66.249.67.234 - - [01/May/2008:00:13:20 -0400] "GET /NoteBook/releases/ HTTP/1.1" 200 860 "-" "Mozilla/5.0 (compatible; Googlebot/2.1; +http://www.google.com/bot.html)"
66.249.67.234 - - [01/May/2008:02:00:43 -0400] "GET /?C=N;O=A HTTP/1.1" 200 826 "-" "Mozilla/5.0 (compatible; Googlebot/2.1; +http://www.google.com/bot.html)"
91.125.245.137 - - [01/May/2008:03:04:09 -0400] "GET / HTTP/1.1" 200 826 "-" "PROBE! (Probert Encyclopaedia Research Robot V1.0 http://www.probertencyclopaedia.com)"
65.55.25.136 - - [01/May/2008:03:19:32 -0400] "GET /robots.txt HTTP/1.1" 404 208 "-" "msnbot/1.1 (+http://search.msn.com/msnbot.htm)"
65.55.25.136 - - [01/May/2008:03:19:33 -0400] "GET / HTTP/1.1" 200 826 "-" "msnbot/1.1 (+http://search.msn.com/msnbot.htm)"
74.6.19.219 - - [01/May/2008:03:45:47 -0400] "GET /robots.txt HTTP/1.0" 404 208 "-" "Mozilla/5.0 (compatible; Yahoo! Slurp; http://help.yahoo.com/help/us/ysearch/slurp)"
67.195.52.27 - - [01/May/2008:03:45:48 -0400] "GET / HTTP/1.0" 200 826 "-" "Mozilla/5.0 (compatible; Yahoo! Slurp; http://help.yahoo.com/help/us/ysearch/slurp)"
66.249.67.234 - - [01/May/2008:03:47:51 -0400] "GET /NoteBook/releases/?C=N;O=A HTTP/1.1" 200 860 "-" "Mozilla/5.0 (compatible; Googlebot/2.1; +http://www.google.com/bot.html)"
118.101.46.248 - - [01/May/2008:04:37:12 -0400] "GET /access.log HTTP/1.1" 200 186347 "http://www.1second.com/cgi-bin/payperclick/smartsearch.cgi?keywords=@msn.com+1+66+65+64+61+2008&s=40&bt=1&crawlsite=&c=1&db=&e=7860000&f=&username=&c3=&c5=&c99=" "Mozilla/5.0 (Windows; U; Windows NT 5.1; en-US; rv:1.8.1.11) Gecko/20071127 Firefox/2.0.0.11"
118.101.46.248 - - [01/May/2008:04:37:20 -0400] "GET /favicon.ico HTTP/1.1" 404 209 "-" "Mozilla/5.0 (Windows; U; Windows NT 5.1; en-US; rv:1.8.1.11) Gecko/20071127 Firefox/2.0.0.11"
118.101.46.248 - - [01/May/2008:04:37:21 -0400] "GET /favicon.ico HTTP/1.1" 404 209 "-" "Mozilla/5.0 (Windows; U; Windows NT 5.1; en-US; rv:1.8.1.11) Gecko/20071127 Firefox/2.0.0.11"
118.101.46.248 - - [01/May/2008:04:37:22 -0400] "GET /favicon.ico HTTP/1.1" 404 209 "-" "Mozilla/5.0 (Windows; U; Windows NT 5.1; en-US; rv:1.8.1.11) Gecko/20071127 Firefox/2.0.0.11"
195.177.250.222 - - [01/May/2008:07:07:10 -0400] "GET / HTTP/1.0" 200 826 "-" "-"
195.177.250.222 - - [01/May/2008:07:07:18 -0400] "GET /icons/unknown.gif HTTP/1.0" 200 245 "-" "-"
195.177.250.222 - - [01/May/2008:07:07:19 -0400] "GET /icons/blank.gif HTTP/1.0" 200 148 "-" "-"
195.177.250.222 - - [01/May/2008:07:07:19 -0400] "GET /icons/folder.gif HTTP/1.0" 200 225 "-" "-"
195.177.250.222 - - [01/May/2008:07:07:25 -0400] "GET /favicon.ico HTTP/1.0" 404 209 "-" "-"
195.177.250.222 - - [01/May/2008:07:07:28 -0400] "GET /favicon.ico HTTP/1.0" 404 209 "-" "-"
74.6.17.171 - - [01/May/2008:07:25:03 -0400] "GET /robots.txt HTTP/1.0" 404 208 "-" "Mozilla/5.0 (compatible; Yahoo! Slurp; http://help.yahoo.com/help/us/ysearch/slurp)"
72.30.179.226 - - [01/May/2008:07:25:04 -0400] "GET /?C=M;O=A HTTP/1.0" 200 826 "-" "Mozilla/5.0 (compatible; Yahoo! Slurp; http://help.yahoo.com/help/us/ysearch/slurp)"
74.6.8.106 - - [01/May/2008:07:27:52 -0400] "GET /robots.txt HTTP/1.0" 404 208 "-" "Mozilla/5.0 (compatible; Yahoo! Slurp; http://help.yahoo.com/help/us/ysearch/slurp)"
74.6.22.216 - - [01/May/2008:07:27:52 -0400] "GET /access.log HTTP/1.0" 200 188311 "-" "Mozilla/5.0 (compatible; Yahoo! Slurp; http://help.yahoo.com/help/us/ysearch/slurp)"
67.195.37.187 - - [01/May/2008:07:30:36 -0400] "GET /robots.txt HTTP/1.0" 404 208 "-" "Mozilla/5.0 (compatible; Yahoo! Slurp; http://help.yahoo.com/help/us/ysearch/slurp)"
67.195.37.187 - - [01/May/2008:07:30:37 -0400] "GET / HTTP/1.0" 200 826 "-" "Mozilla/5.0 (compatible; Yahoo! Slurp/3.0; http://help.yahoo.com/help/us/ysearch/slurp)"
67.195.54.49 - - [01/May/2008:07:36:26 -0400] "GET /?C=N;O=D HTTP/1.0" 200 826 "-" "Mozilla/5.0 (compatible; Yahoo! Slurp; http://help.yahoo.com/help/us/ysearch/slurp)"
74.6.17.167 - - [01/May/2008:09:17:00 -0400] "GET /robots.txt HTTP/1.0" 404 208 "-" "Mozilla/5.0 (compatible; Yahoo! Slurp; http://help.yahoo.com/help/us/ysearch/slurp)"
74.6.29.115 - - [01/May/2008:09:17:00 -0400] "GET /?C=M;O=D HTTP/1.0" 200 826 "-" "Mozilla/5.0 (compatible; Yahoo! Slurp; http://help.yahoo.com/help/us/ysearch/slurp)"
89.122.29.32 - - [01/May/2008:09:44:23 -0400] "GET / HTTP/1.1" 200 826 "http://livecd.gnustep.org/" "Mozilla/4.0 (compatible; MSIE 6.0; Windows NT 5.1; SV1; .NET CLR 2.0.50727)"
66.249.67.234 - - [01/May/2008:13:28:13 -0400] "GET /robots.txt HTTP/1.1" 404 208 "-" "Mozilla/5.0 (compatible; Googlebot/2.1; +http://www.google.com/bot.html)"
66.249.67.234 - - [01/May/2008:13:28:13 -0400] "GET /access.log HTTP/1.1" 200 189668 "-" "Mozilla/5.0 (compatible; Googlebot/2.1; +http://www.google.com/bot.html)"
66.249.67.234 - - [01/May/2008:14:22:58 -0400] "GET /?C=S;O=A HTTP/1.1" 200 826 "-" "Mozilla/5.0 (compatible; Googlebot/2.1; +http://www.google.com/bot.html)"
84.190.245.184 - - [01/May/2008:14:42:52 -0400] "GET / HTTP/1.1" 200 826 "http://gnustep.org/experience/apps.html" "Mozilla/5.0 (Macintosh; U; PPC Mac OS X 10_5_2; de-de) AppleWebKit/525.18 (KHTML, like Gecko) Version/3.1.1 Safari/525.18"
84.190.245.184 - - [01/May/2008:14:42:52 -0400] "GET /icons/folder.gif HTTP/1.1" 200 225 "http://notebook.cowgar.com/" "Mozilla/5.0 (Macintosh; U; PPC Mac OS X 10_5_2; de-de) AppleWebKit/525.18 (KHTML, like Gecko) Version/3.1.1 Safari/525.18"
84.190.245.184 - - [01/May/2008:14:42:52 -0400] "GET /favicon.ico HTTP/1.1" 404 209 "http://notebook.cowgar.com/" "Mozilla/5.0 (Macintosh; U; PPC Mac OS X 10_5_2; de-de) AppleWebKit/525.18 (KHTML, like Gecko) Version/3.1.1 Safari/525.18"
84.190.245.184 - - [01/May/2008:14:42:52 -0400] "GET /icons/unknown.gif HTTP/1.1" 200 245 "http://notebook.cowgar.com/" "Mozilla/5.0 (Macintosh; U; PPC Mac OS X 10_5_2; de-de) AppleWebKit/525.18 (KHTML, like Gecko) Version/3.1.1 Safari/525.18"
84.190.245.184 - - [01/May/2008:14:42:52 -0400] "GET /icons/blank.gif HTTP/1.1" 200 148 "http://notebook.cowgar.com/" "Mozilla/5.0 (Macintosh; U; PPC Mac OS X 10_5_2; de-de) AppleWebKit/525.18 (KHTML, like Gecko) Version/3.1.1 Safari/525.18"
84.190.245.184 - - [01/May/2008:14:42:54 -0400] "GET /NoteBook/ HTTP/1.1" 200 809 "http://notebook.cowgar.com/" "Mozilla/5.0 (Macintosh; U; PPC Mac OS X 10_5_2; de-de) AppleWebKit/525.18 (KHTML, like Gecko) Version/3.1.1 Safari/525.18"
84.190.245.184 - - [01/May/2008:14:42:54 -0400] "GET /icons/back.gif HTTP/1.1" 200 216 "http://notebook.cowgar.com/NoteBook/" "Mozilla/5.0 (Macintosh; U; PPC Mac OS X 10_5_2; de-de) AppleWebKit/525.18 (KHTML, like Gecko) Version/3.1.1 Safari/525.18"
84.190.245.184 - - [01/May/2008:14:42:55 -0400] "GET /NoteBook/releases/ HTTP/1.1" 200 860 "http://notebook.cowgar.com/NoteBook/" "Mozilla/5.0 (Macintosh; U; PPC Mac OS X 10_5_2; de-de) AppleWebKit/525.18 (KHTML, like Gecko) Version/3.1.1 Safari/525.18"
84.190.245.184 - - [01/May/2008:14:42:56 -0400] "GET /icons/compressed.gif HTTP/1.1" 200 1038 "http://notebook.cowgar.com/NoteBook/releases/" "Mozilla/5.0 (Macintosh; U; PPC Mac OS X 10_5_2; de-de) AppleWebKit/525.18 (KHTML, like Gecko) Version/3.1.1 Safari/525.18"
74.6.22.182 - - [01/May/2008:15:46:15 -0400] "GET /robots.txt HTTP/1.0" 404 208 "-" "Mozilla/5.0 (compatible; Yahoo! Slurp; http://help.yahoo.com/help/us/ysearch/slurp)"
74.6.24.234 - - [01/May/2008:15:46:15 -0400] "GET /?C=S;O=A HTTP/1.0" 200 826 "-" "Mozilla/5.0 (compatible; Yahoo! Slurp; http://help.yahoo.com/help/us/ysearch/slurp)"
74.6.17.170 - - [01/May/2008:15:54:41 -0400] "GET /robots.txt HTTP/1.0" 404 208 "-" "Mozilla/5.0 (compatible; Yahoo! Slurp; http://help.yahoo.com/help/us/ysearch/slurp)"
74.6.16.228 - - [01/May/2008:15:54:42 -0400] "GET /?C=S;O=D HTTP/1.0" 200 826 "-" "Mozilla/5.0 (compatible; Yahoo! Slurp; http://help.yahoo.com/help/us/ysearch/slurp)"
66.249.67.234 - - [01/May/2008:16:12:41 -0400] "GET /?C=N;O=D HTTP/1.1" 200 826 "-" "Mozilla/5.0 (compatible; Googlebot/2.1; +http://www.google.com/bot.html)"
74.6.23.237 - - [01/May/2008:16:17:26 -0400] "GET /robots.txt HTTP/1.0" 404 208 "-" "Mozilla/5.0 (compatible; Yahoo! Slurp; http://help.yahoo.com/help/us/ysearch/slurp)"
67.195.52.35 - - [01/May/2008:16:17:26 -0400] "GET /?C=S;O=A HTTP/1.0" 200 826 "-" "Mozilla/5.0 (compatible; Yahoo! Slurp; http://help.yahoo.com/help/us/ysearch/slurp)"
67.195.52.122 - - [01/May/2008:16:18:36 -0400] "GET /access.log HTTP/1.0" 200 193377 "-" "Mozilla/5.0 (compatible; Yahoo! Slurp; http://help.yahoo.com/help/us/ysearch/slurp)"
74.6.22.166 - - [01/May/2008:16:44:02 -0400] "GET /robots.txt HTTP/1.0" 404 208 "-" "Mozilla/5.0 (compatible; Yahoo! Slurp; http://help.yahoo.com/help/us/ysearch/slurp)"
72.30.179.226 - - [01/May/2008:16:44:02 -0400] "GET /NoteBook/releases/?C=D;O=A HTTP/1.0" 200 860 "-" "Mozilla/5.0 (compatible; Yahoo! Slurp; http://help.yahoo.com/help/us/ysearch/slurp)"
74.6.8.106 - - [01/May/2008:17:03:50 -0400] "GET /robots.txt HTTP/1.0" 404 208 "-" "Mozilla/5.0 (compatible; Yahoo! Slurp; http://help.yahoo.com/help/us/ysearch/slurp)"
74.6.21.153 - - [01/May/2008:17:03:50 -0400] "GET /NoteBook/releases/?C=M;O=A HTTP/1.0" 200 860 "-" "Mozilla/5.0 (compatible; Yahoo! Slurp; http://help.yahoo.com/help/us/ysearch/slurp)"
66.249.67.234 - - [01/May/2008:17:07:30 -0400] "GET /?C=D;O=A HTTP/1.1" 200 826 "-" "Mozilla/5.0 (compatible; Googlebot/2.1; +http://www.google.com/bot.html)"
67.195.52.39 - - [01/May/2008:17:42:29 -0400] "GET /?C=D;O=A HTTP/1.0" 200 826 "-" "Mozilla/5.0 (compatible; Yahoo! Slurp; http://help.yahoo.com/help/us/ysearch/slurp)"
67.195.52.86 - - [01/May/2008:17:43:00 -0400] "GET /NoteBook/ HTTP/1.0" 200 809 "-" "Mozilla/5.0 (compatible; Yahoo! Slurp; http://help.yahoo.com/help/us/ysearch/slurp)"
67.195.52.105 - - [01/May/2008:17:44:14 -0400] "GET /?C=M;O=A HTTP/1.0" 200 826 "-" "Mozilla/5.0 (compatible; Yahoo! Slurp; http://help.yahoo.com/help/us/ysearch/slurp)"
67.195.51.177 - - [01/May/2008:17:44:36 -0400] "GET /NoteBook/?C=S;O=A HTTP/1.0" 200 809 "-" "Mozilla/5.0 (compatible; Yahoo! Slurp; http://help.yahoo.com/help/us/ysearch/slurp)"
67.195.51.161 - - [01/May/2008:17:45:41 -0400] "GET /NoteBook/?C=N;O=D HTTP/1.0" 200 809 "-" "Mozilla/5.0 (compatible; Yahoo! Slurp; http://help.yahoo.com/help/us/ysearch/slurp)"
74.6.17.166 - - [01/May/2008:22:08:08 -0400] "GET /robots.txt HTTP/1.0" 404 208 "-" "Mozilla/5.0 (compatible; Yahoo! Slurp; http://help.yahoo.com/help/us/ysearch/slurp)"
74.6.11.223 - - [01/May/2008:22:08:08 -0400] "GET /NoteBook/ HTTP/1.0" 200 809 "-" "Mozilla/5.0 (compatible; Yahoo! Slurp; http://help.yahoo.com/help/us/ysearch/slurp)"
74.6.18.119 - - [01/May/2008:22:09:49 -0400] "GET /NoteBook/releases/ HTTP/1.0" 200 860 "-" "Mozilla/5.0 (compatible; Yahoo! Slurp; http://help.yahoo.com/help/us/ysearch/slurp)"
217.172.44.82 - - [01/May/2008:23:08:07 -0400] "GET /robots.txt HTTP/1.1" 404 208 "-" "portscout/0.7.4"
217.172.44.82 - - [01/May/2008:23:08:07 -0400] "GET /NoteBook/releases/ HTTP/1.1" 200 860 "-" "portscout/0.7.4"
74.6.19.32 - - [01/May/2008:23:10:51 -0400] "GET /?C=N;O=D HTTP/1.0" 200 826 "-" "Mozilla/5.0 (compatible; Yahoo! Slurp; http://help.yahoo.com/help/us/ysearch/slurp)"
74.6.23.237 - - [02/May/2008:00:01:51 -0400] "GET /robots.txt HTTP/1.0" 404 208 "-" "Mozilla/5.0 (compatible; Yahoo! Slurp; http://help.yahoo.com/help/us/ysearch/slurp)"
67.195.51.162 - - [02/May/2008:00:01:52 -0400] "GET /NoteBook/?C=M;O=A HTTP/1.0" 200 809 "-" "Mozilla/5.0 (compatible; Yahoo! Slurp; http://help.yahoo.com/help/us/ysearch/slurp)"
74.6.26.188 - - [02/May/2008:00:03:14 -0400] "GET /NoteBook/?C=M;O=A HTTP/1.0" 200 809 "-" "Mozilla/5.0 (compatible; Yahoo! Slurp; http://help.yahoo.com/help/us/ysearch/slurp)"
74.6.18.177 - - [02/May/2008:00:27:17 -0400] "GET /NoteBook/releases/NoteBook-0.3.tar.gz HTTP/1.0" 304 - "-" "Mozilla/5.0 (compatible; Yahoo! Slurp; http://help.yahoo.com/help/us/ysearch/slurp)"
72.30.216.106 - - [02/May/2008:01:15:23 -0400] "GET / HTTP/1.0" 200 826 "-" "Mozilla/5.0 (compatible; Yahoo! Slurp; http://help.yahoo.com/help/us/ysearch/slurp)"
74.6.28.165 - - [02/May/2008:02:00:47 -0400] "GET /NoteBook/?C=S;O=A HTTP/1.0" 200 809 "-" "Mozilla/5.0 (compatible; Yahoo! Slurp; http://help.yahoo.com/help/us/ysearch/slurp)"
67.195.51.153 - - [02/May/2008:02:16:25 -0400] "GET /NoteBook/?C=D;O=A HTTP/1.0" 200 809 "-" "Mozilla/5.0 (compatible; Yahoo! Slurp; http://help.yahoo.com/help/us/ysearch/slurp)"
65.55.208.137 - - [02/May/2008:02:44:31 -0400] "GET /robots.txt HTTP/1.1" 404 208 "-" "msnbot/1.1 (+http://search.msn.com/msnbot.htm)"
65.55.208.137 - - [02/May/2008:02:44:31 -0400] "GET /?C=D;O=A HTTP/1.1" 200 826 "-" "msnbot/1.1 (+http://search.msn.com/msnbot.htm)"
67.195.37.187 - - [02/May/2008:02:55:42 -0400] "GET /robots.txt HTTP/1.0" 404 208 "-" "Mozilla/5.0 (compatible; Yahoo! Slurp; http://help.yahoo.com/help/us/ysearch/slurp)"
67.195.37.187 - - [02/May/2008:02:55:42 -0400] "GET /?C=N;O=A HTTP/1.0" 200 826 "-" "Mozilla/5.0 (compatible; Yahoo! Slurp/3.0; http://help.yahoo.com/help/us/ysearch/slurp)"
67.195.37.187 - - [02/May/2008:03:30:06 -0400] "GET /?C=S;O=A HTTP/1.0" 200 826 "-" "Mozilla/5.0 (compatible; Yahoo! Slurp/3.0; http://help.yahoo.com/help/us/ysearch/slurp)"
67.195.52.27 - - [02/May/2008:03:53:33 -0400] "GET / HTTP/1.0" 200 826 "-" "Mozilla/5.0 (compatible; Yahoo! Slurp; http://help.yahoo.com/help/us/ysearch/slurp)"
65.55.208.137 - - [02/May/2008:04:09:17 -0400] "GET /access.log HTTP/1.1" 200 198379 "-" "msnbot/1.1 (+http://search.msn.com/msnbot.htm)"
66.249.67.234 - - [02/May/2008:06:52:35 -0400] "GET /robots.txt HTTP/1.1" 404 208 "-" "Mozilla/5.0 (compatible; Googlebot/2.1; +http://www.google.com/bot.html)"
66.249.67.234 - - [02/May/2008:06:52:35 -0400] "GET /NoteBook/ HTTP/1.1" 200 809 "-" "Mozilla/5.0 (compatible; Googlebot/2.1; +http://www.google.com/bot.html)"
74.6.8.106 - - [02/May/2008:07:22:19 -0400] "GET /robots.txt HTTP/1.0" 404 208 "-" "Mozilla/5.0 (compatible; Yahoo! Slurp; http://help.yahoo.com/help/us/ysearch/slurp)"
74.6.24.236 - - [02/May/2008:07:22:20 -0400] "GET / HTTP/1.0" 200 826 "-" "Mozilla/5.0 (compatible; Yahoo! Slurp; http://help.yahoo.com/help/us/ysearch/slurp)"
74.6.17.170 - - [02/May/2008:07:28:13 -0400] "GET /robots.txt HTTP/1.0" 404 208 "-" "Mozilla/5.0 (compatible; Yahoo! Slurp; http://help.yahoo.com/help/us/ysearch/slurp)"
72.30.179.226 - - [02/May/2008:07:28:14 -0400] "GET /?C=M;O=A HTTP/1.0" 200 826 "-" "Mozilla/5.0 (compatible; Yahoo! Slurp; http://help.yahoo.com/help/us/ysearch/slurp)"
66.249.67.234 - - [02/May/2008:07:31:41 -0400] "GET /?C=M;O=A HTTP/1.1" 200 826 "-" "Mozilla/5.0 (compatible; Googlebot/2.1; +http://www.google.com/bot.html)"
