67.195.37.112 - - [14/May/2008:16:35:18 -0400] "GET /NoteBook/?C=N;O=D HTTP/1.0" 200 809 "-" "Mozilla/5.0 (compatible; Yahoo! Slurp/3.0; http://help.yahoo.com/help/us/ysearch/slurp)"
74.6.24.234 - - [14/May/2008:16:36:06 -0400] "GET /?C=S;O=A HTTP/1.0" 200 826 "-" "Mozilla/5.0 (compatible; Yahoo! Slurp; http://help.yahoo.com/help/us/ysearch/slurp)"
67.195.37.112 - - [14/May/2008:16:36:56 -0400] "GET /NoteBook/?C=M;O=A HTTP/1.0" 200 809 "-" "Mozilla/5.0 (compatible; Yahoo! Slurp/3.0; http://help.yahoo.com/help/us/ysearch/slurp)"
67.195.37.112 - - [14/May/2008:16:55:42 -0400] "GET /NoteBook/releases/?C=S;O=A HTTP/1.0" 200 860 "-" "Mozilla/5.0 (compatible; Yahoo! Slurp/3.0; http://help.yahoo.com/help/us/ysearch/slurp)"
74.6.16.228 - - [14/May/2008:16:59:23 -0400] "GET /?C=S;O=D HTTP/1.0" 200 826 "-" "Mozilla/5.0 (compatible; Yahoo! Slurp; http://help.yahoo.com/help/us/ysearch/slurp)"
74.6.29.115 - - [14/May/2008:17:07:32 -0400] "GET /?C=M;O=D HTTP/1.0" 200 826 "-" "Mozilla/5.0 (compatible; Yahoo! Slurp; http://help.yahoo.com/help/us/ysearch/slurp)"
74.6.16.166 - - [14/May/2008:17:52:51 -0400] "GET /?C=N;O=A HTTP/1.0" 200 826 "-" "Mozilla/5.0 (compatible; Yahoo! Slurp; http://help.yahoo.com/help/us/ysearch/slurp)"
89.122.29.3 - - [14/May/2008:20:20:39 -0400] "GET / HTTP/1.1" 200 826 "http://livecd.gnustep.org/" "Mozilla/4.0 (compatible; MSIE 6.0; Windows NT 5.1; SV1; .NET CLR 2.0.50727)"
64.62.142.170 - - [14/May/2008:20:43:23 -0400] "GET / HTTP/1.1" 200 826 "-" "Mozilla/4.0 (compatible; MSIE 5.5; Windows NT 5.0)"
64.62.142.170 - - [14/May/2008:20:43:23 -0400] "GET /icons/unknown.gif HTTP/1.1" 200 245 "-" "Mozilla/4.0 (compatible; MSIE 5.5; Windows NT 5.0)"
64.62.142.170 - - [14/May/2008:20:43:24 -0400] "GET /icons/folder.gif HTTP/1.1" 200 225 "-" "Mozilla/4.0 (compatible; MSIE 5.5; Windows NT 5.0)"
64.62.142.170 - - [14/May/2008:20:43:24 -0400] "GET /icons/blank.gif HTTP/1.1" 200 148 "-" "Mozilla/4.0 (compatible; MSIE 5.5; Windows NT 5.0)"
89.122.29.37 - - [14/May/2008:20:47:44 -0400] "GET / HTTP/1.1" 200 826 "http://livecd.gnustep.org/" "Mozilla/4.0 (compatible; MSIE 6.0; Windows NT 5.1; SV1; .NET CLR 2.0.50727)"
64.62.142.170 - - [14/May/2008:20:57:24 -0400] "GET /NoteBook/ HTTP/1.1" 200 809 "-" "Mozilla/4.0 (compatible; MSIE 5.5; Windows NT 5.0)"
64.62.142.170 - - [14/May/2008:20:57:24 -0400] "GET /access.log HTTP/1.1" 200 401590 "-" "Mozilla/4.0 (compatible; MSIE 5.5; Windows NT 5.0)"
64.62.142.170 - - [14/May/2008:20:57:31 -0400] "GET /icons/back.gif HTTP/1.1" 200 216 "-" "Mozilla/4.0 (compatible; MSIE 5.5; Windows NT 5.0)"
64.62.142.170 - - [14/May/2008:21:10:09 -0400] "GET /NoteBook/releases/ HTTP/1.1" 200 860 "-" "Mozilla/4.0 (compatible; MSIE 5.5; Windows NT 5.0)"
64.62.142.170 - - [14/May/2008:21:21:46 -0400] "GET /NoteBook/releases/NoteBook-0.3.tar.gz HTTP/1.1" 200 30612 "-" "Mozilla/4.0 (compatible; MSIE 5.5; Windows NT 5.0)"
66.249.67.13 - - [14/May/2008:21:25:28 -0400] "GET /robots.txt HTTP/1.1" 404 208 "-" "Mozilla/5.0 (compatible; Googlebot/2.1; +http://www.google.com/bot.html)"
66.249.67.13 - - [14/May/2008:21:25:28 -0400] "GET /NoteBook/releases/?C=S;O=D HTTP/1.1" 200 860 "-" "Mozilla/5.0 (compatible; Googlebot/2.1; +http://www.google.com/bot.html)"
66.249.73.82 - - [14/May/2008:21:54:22 -0400] "GET /NoteBook/releases/?C=M;O=D HTTP/1.1" 200 860 "-" "Mozilla/5.0 (compatible; Googlebot/2.1; +http://www.google.com/bot.html)"
74.6.17.167 - - [14/May/2008:21:59:00 -0400] "GET /robots.txt HTTP/1.0" 404 208 "-" "Mozilla/5.0 (compatible; Yahoo! Slurp; http://help.yahoo.com/help/us/ysearch/slurp)"
74.6.20.113 - - [14/May/2008:21:59:00 -0400] "GET /?C=D;O=A HTTP/1.0" 200 826 "-" "Mozilla/5.0 (compatible; Yahoo! Slurp; http://help.yahoo.com/help/us/ysearch/slurp)"
66.249.73.82 - - [14/May/2008:22:04:02 -0400] "GET /NoteBook/releases/?C=N;O=A HTTP/1.1" 200 860 "-" "Mozilla/5.0 (compatible; Googlebot/2.1; +http://www.google.com/bot.html)"
66.249.73.82 - - [14/May/2008:22:18:05 -0400] "GET /NoteBook/releases/?C=D;O=D HTTP/1.1" 200 860 "-" "Mozilla/5.0 (compatible; Googlebot/2.1; +http://www.google.com/bot.html)"
67.195.37.168 - - [15/May/2008:00:44:25 -0400] "GET /robots.txt HTTP/1.0" 404 208 "-" "Mozilla/5.0 (compatible; Yahoo! Slurp; http://help.yahoo.com/help/us/ysearch/slurp)"
67.195.37.168 - - [15/May/2008:00:44:25 -0400] "GET /access.log HTTP/1.0" 200 403564 "-" "Mozilla/5.0 (compatible; Yahoo! Slurp/3.0; http://help.yahoo.com/help/us/ysearch/slurp)"
66.249.73.82 - - [15/May/2008:02:13:02 -0400] "GET /robots.txt HTTP/1.1" 404 208 "-" "Mozilla/5.0 (compatible; Googlebot/2.1; +http://www.google.com/bot.html)"
66.249.73.82 - - [15/May/2008:02:13:02 -0400] "GET / HTTP/1.1" 200 826 "-" "Mozilla/5.0 (compatible; Googlebot/2.1; +http://www.google.com/bot.html)"
66.249.73.82 - - [15/May/2008:02:13:03 -0400] "GET /xiiaziiypu.html HTTP/1.1" 404 213 "-" "Mozilla/5.0 (compatible; Googlebot/2.1; +http://www.google.com/bot.html)"
67.195.37.168 - - [15/May/2008:02:28:21 -0400] "GET /NoteBook/?C=S;O=A HTTP/1.0" 200 809 "-" "Mozilla/5.0 (compatible; Yahoo! Slurp/3.0; http://help.yahoo.com/help/us/ysearch/slurp)"
217.172.44.82 - - [15/May/2008:02:51:51 -0400] "GET /robots.txt HTTP/1.1" 404 208 "-" "portscout/0.7.4"
217.172.44.82 - - [15/May/2008:02:51:51 -0400] "GET /NoteBook/releases/ HTTP/1.1" 200 860 "-" "portscout/0.7.4"
66.249.73.82 - - [15/May/2008:02:51:55 -0400] "GET /NoteBook/?C=D;O=A HTTP/1.1" 200 809 "-" "Mozilla/5.0 (compatible; Googlebot/2.1; +http://www.google.com/bot.html)"
74.6.17.167 - - [15/May/2008:04:17:18 -0400] "GET /robots.txt HTTP/1.0" 404 208 "-" "Mozilla/5.0 (compatible; Yahoo! Slurp; http://help.yahoo.com/help/us/ysearch/slurp)"
74.6.24.236 - - [15/May/2008:04:17:19 -0400] "GET / HTTP/1.0" 200 826 "-" "Mozilla/5.0 (compatible; Yahoo! Slurp; http://help.yahoo.com/help/us/ysearch/slurp)"
66.249.73.82 - - [15/May/2008:04:20:49 -0400] "GET /?C=M;O=D HTTP/1.1" 200 826 "-" "Mozilla/5.0 (compatible; Googlebot/2.1; +http://www.google.com/bot.html)"
67.195.37.168 - - [15/May/2008:04:48:06 -0400] "GET /robots.txt HTTP/1.0" 404 208 "-" "Mozilla/5.0 (compatible; Yahoo! Slurp; http://help.yahoo.com/help/us/ysearch/slurp)"
67.195.37.168 - - [15/May/2008:04:48:07 -0400] "GET /NoteBook/releases/?C=N;O=D HTTP/1.0" 200 860 "-" "Mozilla/5.0 (compatible; Yahoo! Slurp/3.0; http://help.yahoo.com/help/us/ysearch/slurp)"
74.6.27.24 - - [15/May/2008:05:06:45 -0400] "GET /?C=D;O=D HTTP/1.0" 200 826 "-" "Mozilla/5.0 (compatible; Yahoo! Slurp; http://help.yahoo.com/help/us/ysearch/slurp)"
140.123.100.15 - - [15/May/2008:05:36:40 -0400] "GET /robots.txt HTTP/1.0" 404 208 "-" "Gaisbot/3.0+(robot06@gais.cs.ccu.edu.tw;+http://gais.cs.ccu.edu.tw/robot.php)"
74.6.19.32 - - [15/May/2008:05:42:08 -0400] "GET /?C=N;O=D HTTP/1.0" 200 826 "-" "Mozilla/5.0 (compatible; Yahoo! Slurp; http://help.yahoo.com/help/us/ysearch/slurp)"
66.249.73.82 - - [15/May/2008:05:49:37 -0400] "GET /NoteBook/?C=S;O=A HTTP/1.1" 200 809 "-" "Mozilla/5.0 (compatible; Googlebot/2.1; +http://www.google.com/bot.html)"
74.6.19.223 - - [15/May/2008:07:15:15 -0400] "GET /robots.txt HTTP/1.0" 404 208 "-" "Mozilla/5.0 (compatible; Yahoo! Slurp; http://help.yahoo.com/help/us/ysearch/slurp)"
74.6.87.101 - - [15/May/2008:07:15:15 -0400] "GET /?C=S;O=D HTTP/1.0" 200 826 "-" "Mozilla/5.0 (compatible; Yahoo! Slurp; http://help.yahoo.com/help/us/ysearch/slurp)"
140.123.100.15 - - [15/May/2008:07:28:59 -0400] "GET / HTTP/1.0" 200 826 "-" "Gaisbot/3.0+(robot06@gais.cs.ccu.edu.tw;+http://gais.cs.ccu.edu.tw/robot.php)"
67.195.54.49 - - [15/May/2008:07:40:59 -0400] "GET /?C=N;O=D HTTP/1.0" 200 826 "-" "Mozilla/5.0 (compatible; Yahoo! Slurp; http://help.yahoo.com/help/us/ysearch/slurp)"
65.55.25.136 - - [15/May/2008:07:45:08 -0400] "GET /robots.txt HTTP/1.1" 404 208 "-" "msnbot/1.1 (+http://search.msn.com/msnbot.htm)"
65.55.25.136 - - [15/May/2008:07:45:09 -0400] "GET / HTTP/1.1" 200 826 "-" "msnbot/1.1 (+http://search.msn.com/msnbot.htm)"
74.6.87.92 - - [15/May/2008:07:45:21 -0400] "GET /?C=D;O=D HTTP/1.0" 200 826 "-" "Mozilla/5.0 (compatible; Yahoo! Slurp; http://help.yahoo.com/help/us/ysearch/slurp)"
67.195.37.168 - - [15/May/2008:09:29:45 -0400] "GET /robots.txt HTTP/1.0" 404 208 "-" "Mozilla/5.0 (compatible; Yahoo! Slurp; http://help.yahoo.com/help/us/ysearch/slurp)"
67.195.37.168 - - [15/May/2008:09:29:46 -0400] "GET / HTTP/1.0" 200 826 "-" "Mozilla/5.0 (compatible; Yahoo! Slurp/3.0; http://help.yahoo.com/help/us/ysearch/slurp)"
66.249.73.82 - - [15/May/2008:09:31:53 -0400] "GET /?C=D;O=D HTTP/1.1" 200 826 "-" "Mozilla/5.0 (compatible; Googlebot/2.1; +http://www.google.com/bot.html)"
66.249.73.82 - - [15/May/2008:10:16:26 -0400] "GET /NoteBook/releases/ HTTP/1.1" 200 860 "-" "Mozilla/5.0 (compatible; Googlebot/2.1; +http://www.google.com/bot.html)"
63.225.19.241 - - [15/May/2008:10:37:02 -0400] "GET /robots.txt HTTP/1.0" 404 208 "-" "Gigabot/1.0"
63.225.19.241 - - [15/May/2008:10:37:03 -0400] "GET /NoteBook/ HTTP/1.0" 200 809 "-" "Gigabot/1.0"
192.193.221.142 - - [15/May/2008:10:38:37 -0400] "GET /screenshots/NoteBook-tip-Win32.png HTTP/1.1" 404 232 "http://gnustep.blogspot.com/2006/02/screenshots-of-gnustep-on-windows-xp.html" "Mozilla/5.0 (Windows; U; Windows NT 5.1; en-US; rv:1.8.1.14) Gecko/20080404 Firefox/2.0.0.14"
192.193.221.142 - - [15/May/2008:10:38:37 -0400] "GET /favicon.ico HTTP/1.1" 404 209 "-" "Mozilla/5.0 (Windows; U; Windows NT 5.1; en-US; rv:1.8.1.14) Gecko/20080404 Firefox/2.0.0.14"
192.193.221.142 - - [15/May/2008:10:38:41 -0400] "GET /screenshots/ HTTP/1.1" 404 210 "-" "Mozilla/5.0 (Windows; U; Windows NT 5.1; en-US; rv:1.8.1.14) Gecko/20080404 Firefox/2.0.0.14"
66.249.73.82 - - [15/May/2008:11:00:36 -0400] "GET /?C=N;O=A HTTP/1.1" 200 826 "-" "Mozilla/5.0 (compatible; Googlebot/2.1; +http://www.google.com/bot.html)"
87.237.117.184 - - [15/May/2008:11:34:23 -0400] "GET /access.log HTTP/1.1" 200 409066 "http://www.google.ru/search?q=60.240.249.205&ie=utf-8&oe=utf-8&aq=t&rls=org.mozilla:ru:official&client=firefox-a" "Mozilla/5.0 (Windows; U; Windows NT 5.1; ru; rv:1.8.1.14) Gecko/20080404 Firefox/2.0.0.14"
87.237.117.184 - - [15/May/2008:11:34:27 -0400] "GET /favicon.ico HTTP/1.1" 404 209 "-" "Mozilla/5.0 (Windows; U; Windows NT 5.1; ru; rv:1.8.1.14) Gecko/20080404 Firefox/2.0.0.14"
82.238.187.105 - - [15/May/2008:11:40:31 -0400] "GET / HTTP/1.1" 200 826 "http://www.gnustep.org/experience/apps.html" "Mozilla/5.0 (X11; U; Linux i686; fr; rv:1.9b5) Gecko/2008050509 Firefox/3.0b5"
82.238.187.105 - - [15/May/2008:11:40:32 -0400] "GET /icons/blank.gif HTTP/1.1" 200 148 "http://notebook.cowgar.com/" "Mozilla/5.0 (X11; U; Linux i686; fr; rv:1.9b5) Gecko/2008050509 Firefox/3.0b5"
82.238.187.105 - - [15/May/2008:11:40:32 -0400] "GET /icons/folder.gif HTTP/1.1" 200 225 "http://notebook.cowgar.com/" "Mozilla/5.0 (X11; U; Linux i686; fr; rv:1.9b5) Gecko/2008050509 Firefox/3.0b5"
82.238.187.105 - - [15/May/2008:11:40:32 -0400] "GET /icons/unknown.gif HTTP/1.1" 200 245 "http://notebook.cowgar.com/" "Mozilla/5.0 (X11; U; Linux i686; fr; rv:1.9b5) Gecko/2008050509 Firefox/3.0b5"
82.238.187.105 - - [15/May/2008:11:40:32 -0400] "GET /favicon.ico HTTP/1.1" 404 209 "-" "Mozilla/5.0 (X11; U; Linux i686; fr; rv:1.9b5) Gecko/2008050509 Firefox/3.0b5"
82.238.187.105 - - [15/May/2008:11:40:35 -0400] "GET /favicon.ico HTTP/1.1" 404 209 "-" "Mozilla/5.0 (X11; U; Linux i686; fr; rv:1.9b5) Gecko/2008050509 Firefox/3.0b5"
82.238.187.105 - - [15/May/2008:11:40:36 -0400] "GET /NoteBook/ HTTP/1.1" 200 809 "http://notebook.cowgar.com/" "Mozilla/5.0 (X11; U; Linux i686; fr; rv:1.9b5) Gecko/2008050509 Firefox/3.0b5"
82.238.187.105 - - [15/May/2008:11:40:36 -0400] "GET /icons/back.gif HTTP/1.1" 200 216 "http://notebook.cowgar.com/NoteBook/" "Mozilla/5.0 (X11; U; Linux i686; fr; rv:1.9b5) Gecko/2008050509 Firefox/3.0b5"
82.238.187.105 - - [15/May/2008:11:40:38 -0400] "GET /NoteBook/releases/ HTTP/1.1" 200 860 "http://notebook.cowgar.com/NoteBook/" "Mozilla/5.0 (X11; U; Linux i686; fr; rv:1.9b5) Gecko/2008050509 Firefox/3.0b5"
82.238.187.105 - - [15/May/2008:11:40:38 -0400] "GET /icons/compressed.gif HTTP/1.1" 200 1038 "http://notebook.cowgar.com/NoteBook/releases/" "Mozilla/5.0 (X11; U; Linux i686; fr; rv:1.9b5) Gecko/2008050509 Firefox/3.0b5"
82.238.187.105 - - [15/May/2008:11:40:43 -0400] "GET /NoteBook/releases/NoteBook-0.3.tar.gz HTTP/1.1" 200 30612 "http://notebook.cowgar.com/NoteBook/releases/" "Mozilla/5.0 (X11; U; Linux i686; fr; rv:1.9b5) Gecko/2008050509 Firefox/3.0b5"
89.149.253.24 - - [15/May/2008:11:45:34 -0400] "GET / HTTP/1.1" 200 826 "-" "Mozilla/4.0 (compatible; MSIE 6.0; Windows NT 5.1; SV1)"
89.149.253.24 - - [15/May/2008:11:45:35 -0400] "GET /?C=N;O=D HTTP/1.1" 200 826 "-" "Mozilla/4.0 (compatible; MSIE 6.0; Windows NT 5.1; SV1)"
89.149.253.24 - - [15/May/2008:11:45:36 -0400] "GET /?C=M;O=A HTTP/1.1" 200 826 "-" "Mozilla/4.0 (compatible; MSIE 6.0; Windows NT 5.1; SV1)"
89.149.253.24 - - [15/May/2008:11:45:36 -0400] "GET /?C=S;O=A HTTP/1.1" 200 826 "-" "Mozilla/4.0 (compatible; MSIE 6.0; Windows NT 5.1; SV1)"
89.149.253.24 - - [15/May/2008:11:45:37 -0400] "GET /?C=D;O=A HTTP/1.1" 200 826 "-" "Mozilla/4.0 (compatible; MSIE 6.0; Windows NT 5.1; SV1)"
89.149.253.24 - - [15/May/2008:11:45:37 -0400] "GET /access.log HTTP/1.1" 200 412443 "-" "Mozilla/4.0 (compatible; MSIE 6.0; Windows NT 5.1; SV1)"
65.55.208.123 - - [15/May/2008:12:21:27 -0400] "GET /robots.txt HTTP/1.1" 404 208 "-" "msnbot/1.1 (+http://search.msn.com/msnbot.htm)"
65.55.208.123 - - [15/May/2008:12:21:27 -0400] "GET /NoteBook/?C=S;O=A HTTP/1.1" 200 809 "-" "msnbot/1.1 (+http://search.msn.com/msnbot.htm)"
74.6.17.167 - - [15/May/2008:13:11:53 -0400] "GET /robots.txt HTTP/1.0" 404 208 "-" "Mozilla/5.0 (compatible; Yahoo! Slurp; http://help.yahoo.com/help/us/ysearch/slurp)"
74.6.22.216 - - [15/May/2008:13:11:55 -0400] "GET /access.log HTTP/1.0" 200 413037 "-" "Mozilla/5.0 (compatible; Yahoo! Slurp; http://help.yahoo.com/help/us/ysearch/slurp)"
65.55.208.133 - - [15/May/2008:13:36:53 -0400] "GET /robots.txt HTTP/1.1" 404 208 "-" "msnbot/1.1 (+http://search.msn.com/msnbot.htm)"
65.55.208.133 - - [15/May/2008:13:36:53 -0400] "GET /NoteBook/ HTTP/1.1" 200 809 "-" "msnbot/1.1 (+http://search.msn.com/msnbot.htm)"
74.6.19.223 - - [15/May/2008:13:40:04 -0400] "GET /robots.txt HTTP/1.0" 404 208 "-" "Mozilla/5.0 (compatible; Yahoo! Slurp; http://help.yahoo.com/help/us/ysearch/slurp)"
67.195.52.105 - - [15/May/2008:13:40:05 -0400] "GET /?C=M;O=A HTTP/1.0" 200 826 "-" "Mozilla/5.0 (compatible; Yahoo! Slurp; http://help.yahoo.com/help/us/ysearch/slurp)"
65.55.208.125 - - [15/May/2008:14:10:08 -0400] "GET /robots.txt HTTP/1.1" 404 208 "-" "msnbot/1.1 (+http://search.msn.com/msnbot.htm)"
65.55.208.125 - - [15/May/2008:14:10:09 -0400] "GET /NoteBook/?C=D;O=A HTTP/1.1" 200 809 "-" "msnbot/1.1 (+http://search.msn.com/msnbot.htm)"
72.30.179.226 - - [15/May/2008:14:37:51 -0400] "GET /?C=M;O=A HTTP/1.0" 200 826 "-" "Mozilla/5.0 (compatible; Yahoo! Slurp; http://help.yahoo.com/help/us/ysearch/slurp)"
67.195.52.27 - - [15/May/2008:14:43:22 -0400] "GET / HTTP/1.0" 200 826 "-" "Mozilla/5.0 (compatible; Yahoo! Slurp; http://help.yahoo.com/help/us/ysearch/slurp)"
65.55.208.130 - - [15/May/2008:14:45:29 -0400] "GET /robots.txt HTTP/1.1" 404 208 "-" "msnbot/1.1 (+http://search.msn.com/msnbot.htm)"
65.55.208.130 - - [15/May/2008:14:45:29 -0400] "GET /NoteBook/?C=D;O=D HTTP/1.1" 200 809 "-" "msnbot/1.1 (+http://search.msn.com/msnbot.htm)"
70.71.155.108 - - [15/May/2008:15:29:54 -0400] "GET / HTTP/1.1" 200 826 "http://www.opensubscriber.com/message/apps-gnustep@gnu.org/3287748.html" "Mozilla/5.0 (Macintosh; U; PPC Mac OS X 10_5_2; en-us) AppleWebKit/525.18 (KHTML, like Gecko) Version/3.1.1 Safari/525.18"
70.71.155.108 - - [15/May/2008:15:29:54 -0400] "GET /icons/folder.gif HTTP/1.1" 200 225 "http://notebook.cowgar.com/" "Mozilla/5.0 (Macintosh; U; PPC Mac OS X 10_5_2; en-us) AppleWebKit/525.18 (KHTML, like Gecko) Version/3.1.1 Safari/525.18"
70.71.155.108 - - [15/May/2008:15:29:54 -0400] "GET /icons/unknown.gif HTTP/1.1" 200 245 "http://notebook.cowgar.com/" "Mozilla/5.0 (Macintosh; U; PPC Mac OS X 10_5_2; en-us) AppleWebKit/525.18 (KHTML, like Gecko) Version/3.1.1 Safari/525.18"
70.71.155.108 - - [15/May/2008:15:29:54 -0400] "GET /icons/blank.gif HTTP/1.1" 200 148 "http://notebook.cowgar.com/" "Mozilla/5.0 (Macintosh; U; PPC Mac OS X 10_5_2; en-us) AppleWebKit/525.18 (KHTML, like Gecko) Version/3.1.1 Safari/525.18"
70.71.155.108 - - [15/May/2008:15:29:54 -0400] "GET /favicon.ico HTTP/1.1" 404 209 "http://notebook.cowgar.com/" "Mozilla/5.0 (Macintosh; U; PPC Mac OS X 10_5_2; en-us) AppleWebKit/525.18 (KHTML, like Gecko) Version/3.1.1 Safari/525.18"
70.71.155.108 - - [15/May/2008:15:29:58 -0400] "GET /NoteBook/ HTTP/1.1" 200 809 "http://notebook.cowgar.com/" "Mozilla/5.0 (Macintosh; U; PPC Mac OS X 10_5_2; en-us) AppleWebKit/525.18 (KHTML, like Gecko) Version/3.1.1 Safari/525.18"
70.71.155.108 - - [15/May/2008:15:29:58 -0400] "GET /icons/back.gif HTTP/1.1" 200 216 "http://notebook.cowgar.com/NoteBook/" "Mozilla/5.0 (Macintosh; U; PPC Mac OS X 10_5_2; en-us) AppleWebKit/525.18 (KHTML, like Gecko) Version/3.1.1 Safari/525.18"
70.71.155.108 - - [15/May/2008:15:30:01 -0400] "GET /NoteBook/releases/ HTTP/1.1" 200 860 "http://notebook.cowgar.com/NoteBook/" "Mozilla/5.0 (Macintosh; U; PPC Mac OS X 10_5_2; en-us) AppleWebKit/525.18 (KHTML, like Gecko) Version/3.1.1 Safari/525.18"
70.71.155.108 - - [15/May/2008:15:30:01 -0400] "GET /icons/compressed.gif HTTP/1.1" 200 1038 "http://notebook.cowgar.com/NoteBook/releases/" "Mozilla/5.0 (Macintosh; U; PPC Mac OS X 10_5_2; en-us) AppleWebKit/525.18 (KHTML, like Gecko) Version/3.1.1 Safari/525.18"
70.71.155.108 - - [15/May/2008:15:30:04 -0400] "GET /NoteBook/releases/NoteBook-0.3.tar.gz HTTP/1.1" 200 30612 "http://notebook.cowgar.com/NoteBook/releases/" "Mozilla/5.0 (Macintosh; U; PPC Mac OS X 10_5_2; en-us) AppleWebKit/525.18 (KHTML, like Gecko) Version/3.1.1 Safari/525.18"
70.71.155.108 - - [15/May/2008:15:30:05 -0400] "GET /NoteBook/releases/NoteBook-0.3.tar.gz HTTP/1.1" 200 30612 "http://notebook.cowgar.com/NoteBook/releases/" "Mozilla/5.0 (Macintosh; U; PPC Mac OS X; en-us) AppleWebKit/125.5.7 (KHTML, like Gecko) Safari/125.12"
70.71.155.108 - - [15/May/2008:15:34:30 -0400] "GET / HTTP/1.1" 200 826 "http://gnustep.blogspot.com/2006/02/notebookapp-03.html" "Mozilla/5.0 (Macintosh; U; PPC Mac OS X 10_5_2; en-us) AppleWebKit/525.18 (KHTML, like Gecko) Version/3.1.1 Safari/525.18"
70.71.155.108 - - [15/May/2008:15:34:33 -0400] "GET /NoteBook/ HTTP/1.1" 200 809 "http://notebook.cowgar.com/" "Mozilla/5.0 (Macintosh; U; PPC Mac OS X 10_5_2; en-us) AppleWebKit/525.18 (KHTML, like Gecko) Version/3.1.1 Safari/525.18"
70.71.155.108 - - [15/May/2008:15:34:36 -0400] "GET /NoteBook/releases/ HTTP/1.1" 200 860 "http://notebook.cowgar.com/NoteBook/" "Mozilla/5.0 (Macintosh; U; PPC Mac OS X 10_5_2; en-us) AppleWebKit/525.18 (KHTML, like Gecko) Version/3.1.1 Safari/525.18"
78.8.13.107 - - [15/May/2008:15:37:00 -0400] "GET /favicon.ico HTTP/1.1" 404 209 "-" "Mozilla/5.0 (X11; U; Linux i686; en-US; rv:1.8.1.14) Gecko/20080513 Iceweasel/2.0.0.14"
208.80.193.33 - - [15/May/2008:15:48:52 -0400] "GET / HTTP/1.1" 200 826 "-" "Mozilla/4.0 (compatible; MSIE 7.0; Windows NT 5.1; {89EF6443-3932-458D-958D-8693D2C352E1})"
164.76.243.188 - - [15/May/2008:15:51:41 -0400] "GET /NoteBook/releases/NoteBook-0.3.tar.gz HTTP/1.1" 200 30612 "-" "fetch libfetch/2.0"
65.55.208.134 - - [15/May/2008:16:21:42 -0400] "GET /robots.txt HTTP/1.1" 404 208 "-" "msnbot/1.1 (+http://search.msn.com/msnbot.htm)"
65.55.208.134 - - [15/May/2008:16:21:42 -0400] "GET /NoteBook/?C=N;O=D HTTP/1.1" 200 809 "-" "msnbot/1.1 (+http://search.msn.com/msnbot.htm)"
65.55.208.134 - - [15/May/2008:16:27:26 -0400] "GET /NoteBook/?C=N;O=A HTTP/1.1" 200 809 "-" "msnbot/1.1 (+http://search.msn.com/msnbot.htm)"
74.6.24.234 - - [15/May/2008:16:39:55 -0400] "GET /?C=S;O=A HTTP/1.0" 200 826 "-" "Mozilla/5.0 (compatible; Yahoo! Slurp; http://help.yahoo.com/help/us/ysearch/slurp)"
74.6.16.228 - - [15/May/2008:17:01:19 -0400] "GET /?C=S;O=D HTTP/1.0" 200 826 "-" "Mozilla/5.0 (compatible; Yahoo! Slurp; http://help.yahoo.com/help/us/ysearch/slurp)"
74.6.29.115 - - [15/May/2008:17:09:31 -0400] "GET /?C=M;O=D HTTP/1.0" 200 826 "-" "Mozilla/5.0 (compatible; Yahoo! Slurp; http://help.yahoo.com/help/us/ysearch/slurp)"
65.55.208.132 - - [15/May/2008:18:30:37 -0400] "GET /robots.txt HTTP/1.1" 404 208 "-" "msnbot/1.1 (+http://search.msn.com/msnbot.htm)"
65.55.208.132 - - [15/May/2008:18:30:40 -0400] "GET /NoteBook/?C=M;O=A HTTP/1.1" 200 809 "-" "msnbot/1.1 (+http://search.msn.com/msnbot.htm)"
65.55.208.122 - - [15/May/2008:19:25:12 -0400] "GET /robots.txt HTTP/1.1" 404 208 "-" "msnbot/1.1 (+http://search.msn.com/msnbot.htm)"
65.55.208.122 - - [15/May/2008:19:25:13 -0400] "GET /NoteBook/releases/ HTTP/1.1" 200 860 "-" "msnbot/1.1 (+http://search.msn.com/msnbot.htm)"
65.55.208.130 - - [15/May/2008:19:55:35 -0400] "GET /NoteBook/releases/?C=N;O=D HTTP/1.1" 200 860 "-" "msnbot/1.1 (+http://search.msn.com/msnbot.htm)"
65.55.208.131 - - [15/May/2008:20:00:09 -0400] "GET /robots.txt HTTP/1.1" 404 208 "-" "msnbot/1.1 (+http://search.msn.com/msnbot.htm)"
65.55.208.131 - - [15/May/2008:20:00:09 -0400] "GET /NoteBook/?C=M;O=D HTTP/1.1" 200 809 "-" "msnbot/1.1 (+http://search.msn.com/msnbot.htm)"
66.249.73.82 - - [15/May/2008:20:29:49 -0400] "GET /robots.txt HTTP/1.1" 404 208 "-" "Mozilla/5.0 (compatible; Googlebot/2.1; +http://www.google.com/bot.html)"
66.249.73.82 - - [15/May/2008:20:29:49 -0400] "GET /vutextirgppv.html HTTP/1.1" 404 215 "-" "Mozilla/5.0 (compatible; Googlebot/2.1; +http://www.google.com/bot.html)"
66.249.73.82 - - [15/May/2008:20:29:50 -0400] "GET /?C=N;O=D HTTP/1.1" 200 826 "-" "Mozilla/5.0 (compatible; Googlebot/2.1; +http://www.google.com/bot.html)"
77.91.224.11 - - [15/May/2008:21:01:55 -0400] "GET /robots.txt HTTP/1.1" 404 208 "-" "WebAlta Crawler/2.0 (http://www.webalta.net/ru/about_webmaster.html) (Windows; U; Windows NT 5.1; ru-RU)"
77.91.224.11 - - [15/May/2008:21:01:55 -0400] "GET / HTTP/1.1" 200 826 "-" "WebAlta Crawler/2.0 (http://www.webalta.net/ru/about_webmaster.html) (Windows; U; Windows NT 5.1; ru-RU)"
66.249.73.82 - - [15/May/2008:21:51:17 -0400] "GET /access.log HTTP/1.1" 200 421472 "-" "Mozilla/5.0 (compatible; Googlebot/2.1; +http://www.google.com/bot.html)"
74.6.17.167 - - [15/May/2008:22:10:05 -0400] "GET /robots.txt HTTP/1.0" 404 208 "-" "Mozilla/5.0 (compatible; Yahoo! Slurp; http://help.yahoo.com/help/us/ysearch/slurp)"
74.6.20.113 - - [15/May/2008:22:10:06 -0400] "GET /?C=D;O=A HTTP/1.0" 200 826 "-" "Mozilla/5.0 (compatible; Yahoo! Slurp; http://help.yahoo.com/help/us/ysearch/slurp)"
81.6.222.239 - - [15/May/2008:22:25:10 -0400] "GET / HTTP/1.1" 200 826 "http://www.gnustep.org/experience/apps.html" "Mozilla/4.0 (compatible; MSIE 7.0; Windows NT 6.0; WOW64; SLCC1; .NET CLR 2.0.50727; .NET CLR 3.0.04506; Media Center PC 5.0; InfoPath.2)"
81.6.222.239 - - [15/May/2008:22:25:11 -0400] "GET /icons/blank.gif HTTP/1.1" 200 148 "http://notebook.cowgar.com/" "Mozilla/4.0 (compatible; MSIE 7.0; Windows NT 6.0; WOW64; SLCC1; .NET CLR 2.0.50727; .NET CLR 3.0.04506; Media Center PC 5.0; InfoPath.2)"
81.6.222.239 - - [15/May/2008:22:25:11 -0400] "GET /icons/folder.gif HTTP/1.1" 200 225 "http://notebook.cowgar.com/" "Mozilla/4.0 (compatible; MSIE 7.0; Windows NT 6.0; WOW64; SLCC1; .NET CLR 2.0.50727; .NET CLR 3.0.04506; Media Center PC 5.0; InfoPath.2)"
81.6.222.239 - - [15/May/2008:22:25:11 -0400] "GET /icons/unknown.gif HTTP/1.1" 200 245 "http://notebook.cowgar.com/" "Mozilla/4.0 (compatible; MSIE 7.0; Windows NT 6.0; WOW64; SLCC1; .NET CLR 2.0.50727; .NET CLR 3.0.04506; Media Center PC 5.0; InfoPath.2)"
81.6.222.239 - - [15/May/2008:22:25:11 -0400] "GET /favicon.ico HTTP/1.1" 404 209 "-" "Mozilla/4.0 (compatible; MSIE 7.0; Windows NT 6.0; WOW64; SLCC1; .NET CLR 2.0.50727; .NET CLR 3.0.04506; Media Center PC 5.0; InfoPath.2)"
81.6.222.239 - - [15/May/2008:22:25:13 -0400] "GET /NoteBook/ HTTP/1.1" 200 809 "http://notebook.cowgar.com/" "Mozilla/4.0 (compatible; MSIE 7.0; Windows NT 6.0; WOW64; SLCC1; .NET CLR 2.0.50727; .NET CLR 3.0.04506; Media Center PC 5.0; InfoPath.2)"
81.6.222.239 - - [15/May/2008:22:25:13 -0400] "GET /icons/back.gif HTTP/1.1" 200 216 "http://notebook.cowgar.com/NoteBook/" "Mozilla/4.0 (compatible; MSIE 7.0; Windows NT 6.0; WOW64; SLCC1; .NET CLR 2.0.50727; .NET CLR 3.0.04506; Media Center PC 5.0; InfoPath.2)"
81.6.222.239 - - [15/May/2008:22:25:15 -0400] "GET /NoteBook/releases/ HTTP/1.1" 200 860 "http://notebook.cowgar.com/NoteBook/" "Mozilla/4.0 (compatible; MSIE 7.0; Windows NT 6.0; WOW64; SLCC1; .NET CLR 2.0.50727; .NET CLR 3.0.04506; Media Center PC 5.0; InfoPath.2)"
81.6.222.239 - - [15/May/2008:22:25:15 -0400] "GET /icons/compressed.gif HTTP/1.1" 200 1038 "http://notebook.cowgar.com/NoteBook/releases/" "Mozilla/4.0 (compatible; MSIE 7.0; Windows NT 6.0; WOW64; SLCC1; .NET CLR 2.0.50727; .NET CLR 3.0.04506; Media Center PC 5.0; InfoPath.2)"
65.55.208.119 - - [15/May/2008:22:58:27 -0400] "GET /robots.txt HTTP/1.1" 404 208 "-" "msnbot/1.1 (+http://search.msn.com/msnbot.htm)"
65.55.208.119 - - [15/May/2008:22:58:29 -0400] "GET /?C=M;O=A HTTP/1.1" 200 826 "-" "msnbot/1.1 (+http://search.msn.com/msnbot.htm)"
66.249.65.49 - - [15/May/2008:23:21:09 -0400] "GET /robots.txt HTTP/1.1" 404 208 "-" "Mozilla/5.0 (compatible; Googlebot/2.1; +http://www.google.com/bot.html)"
66.249.65.49 - - [15/May/2008:23:21:11 -0400] "GET /NoteBook/?C=S;O=A HTTP/1.1" 200 809 "-" "Mozilla/5.0 (compatible; Googlebot/2.1; +http://www.google.com/bot.html)"
67.195.37.168 - - [15/May/2008:23:54:54 -0400] "GET /robots.txt HTTP/1.0" 404 208 "-" "Mozilla/5.0 (compatible; Yahoo! Slurp; http://help.yahoo.com/help/us/ysearch/slurp)"
67.195.37.168 - - [15/May/2008:23:54:55 -0400] "GET /?C=N;O=D HTTP/1.0" 200 826 "-" "Mozilla/5.0 (compatible; Yahoo! Slurp/3.0; http://help.yahoo.com/help/us/ysearch/slurp)"
66.249.65.49 - - [16/May/2008:00:09:35 -0400] "GET /NoteBook/?C=D;O=A HTTP/1.1" 200 809 "-" "Mozilla/5.0 (compatible; Googlebot/2.1; +http://www.google.com/bot.html)"
217.172.44.82 - - [16/May/2008:00:22:07 -0400] "GET /robots.txt HTTP/1.1" 404 208 "-" "portscout/0.7.4"
217.172.44.82 - - [16/May/2008:00:22:07 -0400] "GET /NoteBook/releases/ HTTP/1.1" 200 860 "-" "portscout/0.7.4"
69.80.205.250 - - [16/May/2008:00:29:50 -0400] "GET /robots.txt HTTP/1.1" 404 208 "-" "LinkAider"
65.55.208.119 - - [16/May/2008:02:30:28 -0400] "GET /?C=M;O=D HTTP/1.1" 200 826 "-" "msnbot/1.1 (+http://search.msn.com/msnbot.htm)"
65.55.208.137 - - [16/May/2008:03:07:22 -0400] "GET /robots.txt HTTP/1.1" 404 208 "-" "msnbot/1.1 (+http://search.msn.com/msnbot.htm)"
65.55.208.137 - - [16/May/2008:03:07:22 -0400] "GET /?C=D;O=A HTTP/1.1" 200 826 "-" "msnbot/1.1 (+http://search.msn.com/msnbot.htm)"
213.208.165.244 - - [16/May/2008:03:16:10 -0400] "GET //*.php?_SERVER[DOCUMENT_ROOT]=http://www.grantshotel-harrogate.com/styles/sistem.txt? HTTP/1.1" 404 203 "-" "libwww-perl/5.803"
213.208.165.244 - - [16/May/2008:03:22:04 -0400] "GET /access.log//*.php?_SERVER[DOCUMENT_ROOT]=http://www.grantshotel-harrogate.com/styles/sistem.txt? HTTP/1.1" 404 215 "-" "libwww-perl/5.803"
213.208.165.244 - - [16/May/2008:03:22:04 -0400] "GET //*.php?_SERVER[DOCUMENT_ROOT]=http://www.grantshotel-harrogate.com/styles/sistem.txt? HTTP/1.1" 404 203 "-" "libwww-perl/5.803"
71.111.88.157 - - [16/May/2008:03:27:31 -0400] "GET /screenshots/NoteBook-tip-Win32.png HTTP/1.1" 404 232 "http://gnustep.blogspot.com/2006/02/screenshots-of-gnustep-on-windows-xp.html" "Mozilla/5.0 (Macintosh; U; Intel Mac OS X; en-US; rv:1.8.1.14) Gecko/20080404 Firefox/2.0.0.14"
71.111.88.157 - - [16/May/2008:03:27:32 -0400] "GET /favicon.ico HTTP/1.1" 404 209 "-" "Mozilla/5.0 (Macintosh; U; Intel Mac OS X; en-US; rv:1.8.1.14) Gecko/20080404 Firefox/2.0.0.14"
74.6.24.236 - - [16/May/2008:04:57:14 -0400] "GET / HTTP/1.0" 200 826 "-" "Mozilla/5.0 (compatible; Yahoo! Slurp; http://help.yahoo.com/help/us/ysearch/slurp)"
65.55.208.135 - - [16/May/2008:05:00:14 -0400] "GET /robots.txt HTTP/1.1" 404 208 "-" "msnbot/1.1 (+http://search.msn.com/msnbot.htm)"
65.55.208.135 - - [16/May/2008:05:00:22 -0400] "GET /?C=S;O=D HTTP/1.1" 200 826 "-" "msnbot/1.1 (+http://search.msn.com/msnbot.htm)"
212.178.125.163 - - [16/May/2008:05:04:06 -0400] "GET /NoteBook/releases/NoteBook-0.3.tar.gz HTTP/1.0" 200 30612 "-" "fetch libfetch/2.0"
212.178.125.163 - - [16/May/2008:05:13:25 -0400] "GET / HTTP/1.0" 200 826 "http://www.freshports.org/deskutils/gnustep-notebook/" "Mozilla/5.0 (X11; U; FreeBSD i386; en-US; rv:1.8.1.14) Gecko/20080423 Firefox/2.0.0.14"
212.178.125.163 - - [16/May/2008:05:13:25 -0400] "GET /icons/blank.gif HTTP/1.0" 200 148 "http://notebook.cowgar.com/" "Mozilla/5.0 (X11; U; FreeBSD i386; en-US; rv:1.8.1.14) Gecko/20080423 Firefox/2.0.0.14"
212.178.125.163 - - [16/May/2008:05:13:25 -0400] "GET /icons/unknown.gif HTTP/1.0" 200 245 "http://notebook.cowgar.com/" "Mozilla/5.0 (X11; U; FreeBSD i386; en-US; rv:1.8.1.14) Gecko/20080423 Firefox/2.0.0.14"
212.178.125.163 - - [16/May/2008:05:13:25 -0400] "GET /icons/folder.gif HTTP/1.0" 200 225 "http://notebook.cowgar.com/" "Mozilla/5.0 (X11; U; FreeBSD i386; en-US; rv:1.8.1.14) Gecko/20080423 Firefox/2.0.0.14"
212.178.125.163 - - [16/May/2008:05:13:26 -0400] "GET /favicon.ico HTTP/1.0" 404 209 "-" "Mozilla/5.0 (X11; U; FreeBSD i386; en-US; rv:1.8.1.14) Gecko/20080423 Firefox/2.0.0.14"
212.178.125.163 - - [16/May/2008:05:13:28 -0400] "GET /NoteBook/ HTTP/1.0" 200 809 "http://notebook.cowgar.com/" "Mozilla/5.0 (X11; U; FreeBSD i386; en-US; rv:1.8.1.14) Gecko/20080423 Firefox/2.0.0.14"
212.178.125.163 - - [16/May/2008:05:13:28 -0400] "GET /icons/back.gif HTTP/1.0" 200 216 "http://notebook.cowgar.com/NoteBook/" "Mozilla/5.0 (X11; U; FreeBSD i386; en-US; rv:1.8.1.14) Gecko/20080423 Firefox/2.0.0.14"
212.178.125.163 - - [16/May/2008:05:13:30 -0400] "GET /NoteBook/releases/ HTTP/1.0" 200 860 "http://notebook.cowgar.com/NoteBook/" "Mozilla/5.0 (X11; U; FreeBSD i386; en-US; rv:1.8.1.14) Gecko/20080423 Firefox/2.0.0.14"
212.178.125.163 - - [16/May/2008:05:13:30 -0400] "GET /icons/compressed.gif HTTP/1.0" 200 1038 "http://notebook.cowgar.com/NoteBook/releases/" "Mozilla/5.0 (X11; U; FreeBSD i386; en-US; rv:1.8.1.14) Gecko/20080423 Firefox/2.0.0.14"
65.55.208.121 - - [16/May/2008:05:18:49 -0400] "GET /robots.txt HTTP/1.1" 404 208 "-" "msnbot/1.1 (+http://search.msn.com/msnbot.htm)"
65.55.208.121 - - [16/May/2008:05:18:50 -0400] "GET /?C=N;O=A HTTP/1.1" 200 826 "-" "msnbot/1.1 (+http://search.msn.com/msnbot.htm)"
74.6.27.24 - - [16/May/2008:05:23:21 -0400] "GET /?C=D;O=D HTTP/1.0" 200 826 "-" "Mozilla/5.0 (compatible; Yahoo! Slurp; http://help.yahoo.com/help/us/ysearch/slurp)"
213.33.68.226 - - [16/May/2008:05:44:03 -0400] "GET / HTTP/1.1" 200 826 "http://wwwmain.gnustep.org/experience/apps.html" "Mozilla/5.0 (Windows; U; Windows NT 5.1; de-DE; rv:1.8.1.14) Gecko/20080404 Firefox/2.0.0.14"
213.33.68.226 - - [16/May/2008:05:44:04 -0400] "GET /icons/blank.gif HTTP/1.1" 200 148 "http://notebook.cowgar.com/" "Mozilla/5.0 (Windows; U; Windows NT 5.1; de-DE; rv:1.8.1.14) Gecko/20080404 Firefox/2.0.0.14"
213.33.68.226 - - [16/May/2008:05:44:04 -0400] "GET /icons/unknown.gif HTTP/1.1" 200 245 "http://notebook.cowgar.com/" "Mozilla/5.0 (Windows; U; Windows NT 5.1; de-DE; rv:1.8.1.14) Gecko/20080404 Firefox/2.0.0.14"
213.33.68.226 - - [16/May/2008:05:44:04 -0400] "GET /icons/folder.gif HTTP/1.1" 200 225 "http://notebook.cowgar.com/" "Mozilla/5.0 (Windows; U; Windows NT 5.1; de-DE; rv:1.8.1.14) Gecko/20080404 Firefox/2.0.0.14"
213.33.68.226 - - [16/May/2008:05:44:04 -0400] "GET /favicon.ico HTTP/1.1" 404 209 "-" "Mozilla/5.0 (Windows; U; Windows NT 5.1; de-DE; rv:1.8.1.14) Gecko/20080404 Firefox/2.0.0.14"
213.33.68.226 - - [16/May/2008:05:44:06 -0400] "GET /NoteBook/ HTTP/1.1" 200 809 "http://notebook.cowgar.com/" "Mozilla/5.0 (Windows; U; Windows NT 5.1; de-DE; rv:1.8.1.14) Gecko/20080404 Firefox/2.0.0.14"
213.33.68.226 - - [16/May/2008:05:44:06 -0400] "GET /icons/back.gif HTTP/1.1" 200 216 "http://notebook.cowgar.com/NoteBook/" "Mozilla/5.0 (Windows; U; Windows NT 5.1; de-DE; rv:1.8.1.14) Gecko/20080404 Firefox/2.0.0.14"
213.33.68.226 - - [16/May/2008:05:44:06 -0400] "GET /favicon.ico HTTP/1.1" 404 209 "-" "Mozilla/5.0 (Windows; U; Windows NT 5.1; de-DE; rv:1.8.1.14) Gecko/20080404 Firefox/2.0.0.14"
213.33.68.226 - - [16/May/2008:05:44:10 -0400] "GET /NoteBook/releases/ HTTP/1.1" 200 860 "http://notebook.cowgar.com/NoteBook/" "Mozilla/5.0 (Windows; U; Windows NT 5.1; de-DE; rv:1.8.1.14) Gecko/20080404 Firefox/2.0.0.14"
213.33.68.226 - - [16/May/2008:05:44:10 -0400] "GET /icons/compressed.gif HTTP/1.1" 200 1038 "http://notebook.cowgar.com/NoteBook/releases/" "Mozilla/5.0 (Windows; U; Windows NT 5.1; de-DE; rv:1.8.1.14) Gecko/20080404 Firefox/2.0.0.14"
213.33.68.226 - - [16/May/2008:05:44:10 -0400] "GET /favicon.ico HTTP/1.1" 404 209 "-" "Mozilla/5.0 (Windows; U; Windows NT 5.1; de-DE; rv:1.8.1.14) Gecko/20080404 Firefox/2.0.0.14"
213.33.68.226 - - [16/May/2008:05:44:12 -0400] "GET /NoteBook/releases/NoteBook-0.3.tar.gz HTTP/1.1" 200 30612 "http://notebook.cowgar.com/NoteBook/releases/" "Mozilla/5.0 (Windows; U; Windows NT 5.1; de-DE; rv:1.8.1.14) Gecko/20080404 Firefox/2.0.0.14"
213.33.68.226 - - [16/May/2008:05:44:13 -0400] "GET /favicon.ico HTTP/1.1" 404 209 "-" "Mozilla/5.0 (Windows; U; Windows NT 5.1; de-DE; rv:1.8.1.14) Gecko/20080404 Firefox/2.0.0.14"
213.33.68.226 - - [16/May/2008:05:44:13 -0400] "GET /favicon.ico HTTP/1.1" 404 209 "-" "Mozilla/5.0 (Windows; U; Windows NT 5.1; de-DE; rv:1.8.1.14) Gecko/20080404 Firefox/2.0.0.14"
213.33.68.226 - - [16/May/2008:05:44:17 -0400] "GET /NoteBook/ HTTP/1.1" 200 809 "http://notebook.cowgar.com/" "Mozilla/5.0 (Windows; U; Windows NT 5.1; de-DE; rv:1.8.1.14) Gecko/20080404 Firefox/2.0.0.14"
213.33.68.226 - - [16/May/2008:05:44:17 -0400] "GET /favicon.ico HTTP/1.1" 404 209 "-" "Mozilla/5.0 (Windows; U; Windows NT 5.1; de-DE; rv:1.8.1.14) Gecko/20080404 Firefox/2.0.0.14"
213.33.68.226 - - [16/May/2008:05:44:17 -0400] "GET / HTTP/1.1" 200 826 "http://wwwmain.gnustep.org/experience/apps.html" "Mozilla/5.0 (Windows; U; Windows NT 5.1; de-DE; rv:1.8.1.14) Gecko/20080404 Firefox/2.0.0.14"
213.33.68.226 - - [16/May/2008:05:44:18 -0400] "GET /favicon.ico HTTP/1.1" 404 209 "-" "Mozilla/5.0 (Windows; U; Windows NT 5.1; de-DE; rv:1.8.1.14) Gecko/20080404 Firefox/2.0.0.14"
65.55.208.136 - - [16/May/2008:05:59:58 -0400] "GET /robots.txt HTTP/1.1" 404 208 "-" "msnbot/1.1 (+http://search.msn.com/msnbot.htm)"
65.55.208.136 - - [16/May/2008:05:59:58 -0400] "GET /?C=S;O=A HTTP/1.1" 200 826 "-" "msnbot/1.1 (+http://search.msn.com/msnbot.htm)"
74.6.19.32 - - [16/May/2008:06:01:49 -0400] "GET /?C=N;O=D HTTP/1.0" 200 826 "-" "Mozilla/5.0 (compatible; Yahoo! Slurp; http://help.yahoo.com/help/us/ysearch/slurp)"
65.55.208.136 - - [16/May/2008:06:09:34 -0400] "GET /?C=D;O=D HTTP/1.1" 200 826 "-" "msnbot/1.1 (+http://search.msn.com/msnbot.htm)"
65.55.208.121 - - [16/May/2008:06:57:30 -0400] "GET /?C=N;O=D HTTP/1.1" 200 826 "-" "msnbot/1.1 (+http://search.msn.com/msnbot.htm)"
193.55.175.20 - - [16/May/2008:07:47:30 -0400] "GET / HTTP/1.1" 200 826 "http://www.gnustep.org/experience/apps.html" "Mozilla/5.0 (Macintosh; U; Intel Mac OS X; fr; rv:1.8.1.14) Gecko/20080404 Firefox/2.0.0.14"
193.55.175.20 - - [16/May/2008:07:47:31 -0400] "GET /icons/blank.gif HTTP/1.1" 200 148 "http://notebook.cowgar.com/" "Mozilla/5.0 (Macintosh; U; Intel Mac OS X; fr; rv:1.8.1.14) Gecko/20080404 Firefox/2.0.0.14"
193.55.175.20 - - [16/May/2008:07:47:31 -0400] "GET /icons/folder.gif HTTP/1.1" 200 225 "http://notebook.cowgar.com/" "Mozilla/5.0 (Macintosh; U; Intel Mac OS X; fr; rv:1.8.1.14) Gecko/20080404 Firefox/2.0.0.14"
193.55.175.20 - - [16/May/2008:07:47:31 -0400] "GET /icons/unknown.gif HTTP/1.1" 200 245 "http://notebook.cowgar.com/" "Mozilla/5.0 (Macintosh; U; Intel Mac OS X; fr; rv:1.8.1.14) Gecko/20080404 Firefox/2.0.0.14"
193.55.175.20 - - [16/May/2008:07:47:31 -0400] "GET /favicon.ico HTTP/1.1" 404 209 "-" "Mozilla/5.0 (Macintosh; U; Intel Mac OS X; fr; rv:1.8.1.14) Gecko/20080404 Firefox/2.0.0.14"
193.55.175.20 - - [16/May/2008:07:47:34 -0400] "GET /NoteBook/ HTTP/1.1" 200 809 "http://notebook.cowgar.com/" "Mozilla/5.0 (Macintosh; U; Intel Mac OS X; fr; rv:1.8.1.14) Gecko/20080404 Firefox/2.0.0.14"
193.55.175.20 - - [16/May/2008:07:47:34 -0400] "GET /icons/back.gif HTTP/1.1" 200 216 "http://notebook.cowgar.com/NoteBook/" "Mozilla/5.0 (Macintosh; U; Intel Mac OS X; fr; rv:1.8.1.14) Gecko/20080404 Firefox/2.0.0.14"
193.55.175.20 - - [16/May/2008:07:47:36 -0400] "GET /NoteBook/releases/ HTTP/1.1" 200 860 "http://notebook.cowgar.com/NoteBook/" "Mozilla/5.0 (Macintosh; U; Intel Mac OS X; fr; rv:1.8.1.14) Gecko/20080404 Firefox/2.0.0.14"
193.55.175.20 - - [16/May/2008:07:47:36 -0400] "GET /icons/compressed.gif HTTP/1.1" 200 1038 "http://notebook.cowgar.com/NoteBook/releases/" "Mozilla/5.0 (Macintosh; U; Intel Mac OS X; fr; rv:1.8.1.14) Gecko/20080404 Firefox/2.0.0.14"
138.180.194.3 - - [16/May/2008:08:47:55 -0400] "GET / HTTP/1.0" 200 826 "http://www.gnustep.org/experience/apps.html" "Mozilla/4.0 (compatible; MSIE 6.0; Windows NT 5.1; SV1; .NET CLR 1.1.4322; InfoPath.1; .NET CLR 2.0.50727)"
138.180.194.3 - - [16/May/2008:08:47:56 -0400] "GET /icons/blank.gif HTTP/1.0" 200 148 "http://notebook.cowgar.com/" "Mozilla/4.0 (compatible; MSIE 6.0; Windows NT 5.1; SV1; .NET CLR 1.1.4322; InfoPath.1; .NET CLR 2.0.50727)"
138.180.194.3 - - [16/May/2008:08:47:56 -0400] "GET /icons/unknown.gif HTTP/1.0" 200 245 "http://notebook.cowgar.com/" "Mozilla/4.0 (compatible; MSIE 6.0; Windows NT 5.1; SV1; .NET CLR 1.1.4322; InfoPath.1; .NET CLR 2.0.50727)"
138.180.194.3 - - [16/May/2008:08:47:56 -0400] "GET /icons/folder.gif HTTP/1.0" 200 225 "http://notebook.cowgar.com/" "Mozilla/4.0 (compatible; MSIE 6.0; Windows NT 5.1; SV1; .NET CLR 1.1.4322; InfoPath.1; .NET CLR 2.0.50727)"
138.180.194.3 - - [16/May/2008:08:47:59 -0400] "GET /NoteBook/ HTTP/1.0" 200 809 "http://notebook.cowgar.com/" "Mozilla/4.0 (compatible; MSIE 6.0; Windows NT 5.1; SV1; .NET CLR 1.1.4322; InfoPath.1; .NET CLR 2.0.50727)"
138.180.194.3 - - [16/May/2008:08:47:59 -0400] "GET /icons/blank.gif HTTP/1.0" 304 - "http://notebook.cowgar.com/NoteBook/" "Mozilla/4.0 (compatible; MSIE 6.0; Windows NT 5.1; SV1; .NET CLR 1.1.4322; InfoPath.1; .NET CLR 2.0.50727)"
138.180.194.3 - - [16/May/2008:08:47:59 -0400] "GET /icons/back.gif HTTP/1.0" 200 216 "http://notebook.cowgar.com/NoteBook/" "Mozilla/4.0 (compatible; MSIE 6.0; Windows NT 5.1; SV1; .NET CLR 1.1.4322; InfoPath.1; .NET CLR 2.0.50727)"
138.180.194.3 - - [16/May/2008:08:47:59 -0400] "GET /icons/folder.gif HTTP/1.0" 304 - "http://notebook.cowgar.com/NoteBook/" "Mozilla/4.0 (compatible; MSIE 6.0; Windows NT 5.1; SV1; .NET CLR 1.1.4322; InfoPath.1; .NET CLR 2.0.50727)"
138.180.194.3 - - [16/May/2008:08:48:01 -0400] "GET /NoteBook/releases/ HTTP/1.0" 200 860 "http://notebook.cowgar.com/NoteBook/" "Mozilla/4.0 (compatible; MSIE 6.0; Windows NT 5.1; SV1; .NET CLR 1.1.4322; InfoPath.1; .NET CLR 2.0.50727)"
138.180.194.3 - - [16/May/2008:08:48:01 -0400] "GET /icons/blank.gif HTTP/1.0" 304 - "http://notebook.cowgar.com/NoteBook/releases/" "Mozilla/4.0 (compatible; MSIE 6.0; Windows NT 5.1; SV1; .NET CLR 1.1.4322; InfoPath.1; .NET CLR 2.0.50727)"
138.180.194.3 - - [16/May/2008:08:48:01 -0400] "GET /icons/back.gif HTTP/1.0" 304 - "http://notebook.cowgar.com/NoteBook/releases/" "Mozilla/4.0 (compatible; MSIE 6.0; Windows NT 5.1; SV1; .NET CLR 1.1.4322; InfoPath.1; .NET CLR 2.0.50727)"
138.180.194.3 - - [16/May/2008:08:48:02 -0400] "GET /icons/compressed.gif HTTP/1.0" 200 1038 "http://notebook.cowgar.com/NoteBook/releases/" "Mozilla/4.0 (compatible; MSIE 6.0; Windows NT 5.1; SV1; .NET CLR 1.1.4322; InfoPath.1; .NET CLR 2.0.50727)"
212.27.212.28 - - [16/May/2008:08:56:19 -0400] "GET /access.log HTTP/1.1" 200 439139 "-" "Mozilla/4.0 (compatible; MSIE 6.0; Windows NT 5.1; SV1)"
74.6.17.167 - - [16/May/2008:09:20:04 -0400] "GET /robots.txt HTTP/1.0" 404 208 "-" "Mozilla/5.0 (compatible; Yahoo! Slurp; http://help.yahoo.com/help/us/ysearch/slurp)"
74.6.16.166 - - [16/May/2008:09:20:05 -0400] "GET /?C=N;O=A HTTP/1.0" 200 826 "-" "Mozilla/5.0 (compatible; Yahoo! Slurp; http://help.yahoo.com/help/us/ysearch/slurp)"
67.195.37.168 - - [16/May/2008:09:34:09 -0400] "GET /robots.txt HTTP/1.0" 404 208 "-" "Mozilla/5.0 (compatible; Yahoo! Slurp; http://help.yahoo.com/help/us/ysearch/slurp)"
67.195.37.168 - - [16/May/2008:09:34:10 -0400] "GET / HTTP/1.0" 200 826 "-" "Mozilla/5.0 (compatible; Yahoo! Slurp/3.0; http://help.yahoo.com/help/us/ysearch/slurp)"
67.195.37.168 - - [16/May/2008:09:39:27 -0400] "GET /access.log HTTP/1.0" 200 439962 "-" "Mozilla/5.0 (compatible; Yahoo! Slurp/3.0; http://help.yahoo.com/help/us/ysearch/slurp)"
65.55.208.123 - - [16/May/2008:09:40:57 -0400] "GET /robots.txt HTTP/1.1" 404 208 "-" "msnbot/1.1 (+http://search.msn.com/msnbot.htm)"
65.55.208.123 - - [16/May/2008:09:40:58 -0400] "GET /NoteBook/?C=S;O=D HTTP/1.1" 200 809 "-" "msnbot/1.1 (+http://search.msn.com/msnbot.htm)"
212.27.212.28 - - [16/May/2008:10:14:28 -0400] "GET /access.log HTTP/1.1" 200 440418 "-" "Mozilla/4.0 (compatible; MSIE 6.0; Windows NT 5.1; SV1)"
92.104.68.117 - - [16/May/2008:10:31:07 -0400] "GET /NoteBook/releases/NoteBook-0.3.tar.gz HTTP/1.1" 200 30612 "-" "fetch libfetch/2.0"
65.55.208.137 - - [16/May/2008:11:17:00 -0400] "GET /access.log HTTP/1.1" 200 440701 "-" "msnbot/1.1 (+http://search.msn.com/msnbot.htm)"
82.209.201.97 - - [16/May/2008:12:21:33 -0400] "GET /NoteBook/releases/NoteBook-0.3.tar.gz HTTP/1.1" 200 30612 "-" "fetch libfetch/2.0"
66.249.73.82 - - [16/May/2008:14:08:28 -0400] "GET /robots.txt HTTP/1.1" 404 208 "-" "Mozilla/5.0 (compatible; Googlebot/2.1; +http://www.google.com/bot.html)"
66.249.73.82 - - [16/May/2008:14:08:28 -0400] "GET /NoteBook/?C=S;O=A HTTP/1.1" 200 809 "-" "Mozilla/5.0 (compatible; Googlebot/2.1; +http://www.google.com/bot.html)"
74.6.17.167 - - [16/May/2008:14:40:30 -0400] "GET /robots.txt HTTP/1.0" 404 208 "-" "Mozilla/5.0 (compatible; Yahoo! Slurp; http://help.yahoo.com/help/us/ysearch/slurp)"
72.30.179.226 - - [16/May/2008:14:40:31 -0400] "GET /?C=M;O=A HTTP/1.0" 200 826 "-" "Mozilla/5.0 (compatible; Yahoo! Slurp; http://help.yahoo.com/help/us/ysearch/slurp)"
74.6.19.223 - - [16/May/2008:14:45:23 -0400] "GET /robots.txt HTTP/1.0" 404 208 "-" "Mozilla/5.0 (compatible; Yahoo! Slurp; http://help.yahoo.com/help/us/ysearch/slurp)"
67.195.52.27 - - [16/May/2008:14:45:23 -0400] "GET / HTTP/1.0" 200 826 "-" "Mozilla/5.0 (compatible; Yahoo! Slurp; http://help.yahoo.com/help/us/ysearch/slurp)"
67.195.52.105 - - [16/May/2008:14:46:44 -0400] "GET /?C=M;O=A HTTP/1.0" 200 826 "-" "Mozilla/5.0 (compatible; Yahoo! Slurp; http://help.yahoo.com/help/us/ysearch/slurp)"
67.195.54.49 - - [16/May/2008:14:47:31 -0400] "GET /?C=N;O=D HTTP/1.0" 200 826 "-" "Mozilla/5.0 (compatible; Yahoo! Slurp; http://help.yahoo.com/help/us/ysearch/slurp)"
66.249.73.82 - - [16/May/2008:15:11:15 -0400] "GET /?C=S;O=D HTTP/1.1" 200 826 "-" "Mozilla/5.0 (compatible; Googlebot/2.1; +http://www.google.com/bot.html)"
74.6.22.185 - - [16/May/2008:16:46:38 -0400] "GET /robots.txt HTTP/1.0" 404 208 "-" "Mozilla/5.0 (compatible; Yahoo! Slurp; http://help.yahoo.com/help/us/ysearch/slurp)"
74.6.24.234 - - [16/May/2008:16:46:39 -0400] "GET /?C=S;O=A HTTP/1.0" 200 826 "-" "Mozilla/5.0 (compatible; Yahoo! Slurp; http://help.yahoo.com/help/us/ysearch/slurp)"
74.6.22.93 - - [16/May/2008:17:12:37 -0400] "GET /robots.txt HTTP/1.0" 404 208 "-" "Mozilla/5.0 (compatible; Yahoo! Slurp; http://help.yahoo.com/help/us/ysearch/slurp)"
74.6.29.115 - - [16/May/2008:17:12:37 -0400] "GET /?C=M;O=D HTTP/1.0" 200 826 "-" "Mozilla/5.0 (compatible; Yahoo! Slurp; http://help.yahoo.com/help/us/ysearch/slurp)"
222.137.107.108 - - [16/May/2008:17:23:57 -0400] "HEAD / HTTP/1.1" 200 - "-" "Tasapspider/0.9"
222.137.107.108 - - [16/May/2008:17:24:04 -0400] "GET / HTTP/1.1" 200 826 "-" "Tasapspider/0.9"
222.137.107.108 - - [16/May/2008:17:24:08 -0400] "HEAD /c=m/ HTTP/1.1" 404 - "-" "Tasapspider/0.9"
222.137.107.108 - - [16/May/2008:17:24:08 -0400] "HEAD /c=n/ HTTP/1.1" 404 - "-" "Tasapspider/0.9"
222.137.107.108 - - [16/May/2008:17:24:18 -0400] "HEAD /c=s/ HTTP/1.1" 404 - "-" "Tasapspider/0.9"
222.137.107.108 - - [16/May/2008:17:24:18 -0400] "HEAD /notebook/ HTTP/1.1" 404 - "-" "Tasapspider/0.9"
222.137.107.108 - - [16/May/2008:17:24:20 -0400] "HEAD /access.log HTTP/1.1" 200 - "-" "Tasapspider/0.9"
222.137.107.108 - - [16/May/2008:17:24:20 -0400] "HEAD /c=d/ HTTP/1.1" 404 - "-" "Tasapspider/0.9"
222.137.107.108 - - [16/May/2008:17:24:21 -0400] "GET /access.log HTTP/1.1" 200 443941 "-" "Tasapspider/0.9"
86.94.14.2 - - [16/May/2008:17:30:55 -0400] "GET /favicon.ico HTTP/1.1" 404 209 "-" "Mozilla/5.0 (Macintosh; U; PPC Mac OS X Mach-O; en-US; rv:1.8.0.10) Gecko/20070228 Camino/1.0.4"
86.94.14.2 - - [16/May/2008:17:30:55 -0400] "GET /access.log HTTP/1.1" 200 444050 "http://www.google.com/search?q=%22gnustep+on+windows%22+screenshot&btnG=Search&hl=en" "Mozilla/5.0 (Macintosh; U; PPC Mac OS X Mach-O; en-US; rv:1.8.0.10) Gecko/20070228 Camino/1.0.4"
206.222.10.67 - - [16/May/2008:17:36:46 -0400] "GET /access.log HTTP/1.1" 200 444499 "http://search.yahoo.com/search?p=Tina%40aol.com%2C+OR+%40nyc.com%2C+OR+%40sbcglobanet.com%2C+OR+%40yahoo.com%2C+OR+%40comcast.com&n=100&ei=UTF-8&va_vt=any&vo_vt=any&ve_vt=any&vp_vt=any&vd=m3&vst=0&vf=txt&vc=us&vm=p&fl=0&xargs=0&pstart=1&b=101" "Mozilla/4.0 (compatible; MSIE 7.0; Windows NT 5.1; User-agent: Mozilla/4.0 (compatible; MSIE 6.0; Windows NT 5.1; SV1; http://bsalsa.com) ; MSN Optimized;US; MSN Optimized;US)"
91.5.106.159 - - [16/May/2008:18:04:33 -0400] "GET /screenshots/NoteBook-tip-Win32.png HTTP/1.1" 404 232 "http://gnustep.blogspot.com/2006/02/screenshots-of-gnustep-on-windows-xp.html" "Mozilla/5.0 (Windows; U; Windows NT 5.1; en-US; rv:1.9b5) Gecko/2008032620 Firefox/3.0b5"
91.5.106.159 - - [16/May/2008:18:04:34 -0400] "GET /favicon.ico HTTP/1.1" 404 209 "-" "Mozilla/5.0 (Windows; U; Windows NT 5.1; en-US; rv:1.9b5) Gecko/2008032620 Firefox/3.0b5"
91.5.106.159 - - [16/May/2008:18:04:36 -0400] "GET /favicon.ico HTTP/1.1" 404 209 "-" "Mozilla/5.0 (Windows; U; Windows NT 5.1; en-US; rv:1.9b5) Gecko/2008032620 Firefox/3.0b5"
74.6.19.223 - - [16/May/2008:19:27:49 -0400] "GET /robots.txt HTTP/1.0" 404 208 "-" "Mozilla/5.0 (compatible; Yahoo! Slurp; http://help.yahoo.com/help/us/ysearch/slurp)"
67.195.51.185 - - [16/May/2008:19:27:50 -0400] "GET /?C=S;O=D HTTP/1.0" 200 826 "-" "Mozilla/5.0 (compatible; Yahoo! Slurp; http://help.yahoo.com/help/us/ysearch/slurp)"
74.6.19.243 - - [16/May/2008:20:58:00 -0400] "GET /robots.txt HTTP/1.0" 404 208 "-" "Mozilla/5.0 (compatible; Yahoo! Slurp; http://help.yahoo.com/help/us/ysearch/slurp)"
67.195.52.86 - - [16/May/2008:20:58:00 -0400] "GET /NoteBook/ HTTP/1.0" 200 809 "-" "Mozilla/5.0 (compatible; Yahoo! Slurp; http://help.yahoo.com/help/us/ysearch/slurp)"
67.195.51.162 - - [16/May/2008:20:58:59 -0400] "GET /NoteBook/?C=M;O=A HTTP/1.0" 200 809 "-" "Mozilla/5.0 (compatible; Yahoo! Slurp; http://help.yahoo.com/help/us/ysearch/slurp)"
67.195.51.153 - - [16/May/2008:20:59:39 -0400] "GET /NoteBook/?C=D;O=A HTTP/1.0" 200 809 "-" "Mozilla/5.0 (compatible; Yahoo! Slurp; http://help.yahoo.com/help/us/ysearch/slurp)"
74.6.17.184 - - [16/May/2008:20:59:45 -0400] "GET /robots.txt HTTP/1.0" 404 208 "-" "Mozilla/5.0 (compatible; Yahoo! Slurp; http://help.yahoo.com/help/us/ysearch/slurp)"
74.6.16.228 - - [16/May/2008:20:59:45 -0400] "GET /?C=S;O=D HTTP/1.0" 200 826 "-" "Mozilla/5.0 (compatible; Yahoo! Slurp; http://help.yahoo.com/help/us/ysearch/slurp)"
67.195.51.161 - - [16/May/2008:20:59:48 -0400] "GET /NoteBook/?C=N;O=D HTTP/1.0" 200 809 "-" "Mozilla/5.0 (compatible; Yahoo! Slurp; http://help.yahoo.com/help/us/ysearch/slurp)"
67.195.51.177 - - [16/May/2008:20:59:58 -0400] "GET /NoteBook/?C=S;O=A HTTP/1.0" 200 809 "-" "Mozilla/5.0 (compatible; Yahoo! Slurp; http://help.yahoo.com/help/us/ysearch/slurp)"
67.195.52.35 - - [16/May/2008:21:19:10 -0400] "GET /?C=S;O=A HTTP/1.0" 200 826 "-" "Mozilla/5.0 (compatible; Yahoo! Slurp; http://help.yahoo.com/help/us/ysearch/slurp)"
67.195.37.168 - - [16/May/2008:21:32:42 -0400] "GET /robots.txt HTTP/1.0" 404 208 "-" "Mozilla/5.0 (compatible; Yahoo! Slurp; http://help.yahoo.com/help/us/ysearch/slurp)"
67.195.37.168 - - [16/May/2008:21:32:42 -0400] "GET /?C=M;O=A HTTP/1.0" 200 826 "-" "Mozilla/5.0 (compatible; Yahoo! Slurp/3.0; http://help.yahoo.com/help/us/ysearch/slurp)"
67.195.37.168 - - [16/May/2008:21:36:01 -0400] "GET /?C=S;O=A HTTP/1.0" 200 826 "-" "Mozilla/5.0 (compatible; Yahoo! Slurp/3.0; http://help.yahoo.com/help/us/ysearch/slurp)"
74.6.18.253 - - [16/May/2008:22:12:54 -0400] "GET /robots.txt HTTP/1.0" 404 208 "-" "Mozilla/5.0 (compatible; Yahoo! Slurp; http://help.yahoo.com/help/us/ysearch/slurp)"
74.6.20.113 - - [16/May/2008:22:12:55 -0400] "GET /?C=D;O=A HTTP/1.0" 200 826 "-" "Mozilla/5.0 (compatible; Yahoo! Slurp; http://help.yahoo.com/help/us/ysearch/slurp)"
77.91.224.11 - - [16/May/2008:22:25:15 -0400] "GET /robots.txt HTTP/1.1" 404 208 "-" "WebAlta Crawler/2.0 (http://www.webalta.net/ru/about_webmaster.html) (Windows; U; Windows NT 5.1; ru-RU)"
77.91.224.11 - - [16/May/2008:22:25:15 -0400] "GET / HTTP/1.1" 200 826 "-" "WebAlta Crawler/2.0 (http://www.webalta.net/ru/about_webmaster.html) (Windows; U; Windows NT 5.1; ru-RU)"
67.195.37.168 - - [16/May/2008:23:09:57 -0400] "GET /?C=D;O=A HTTP/1.0" 200 826 "-" "Mozilla/5.0 (compatible; Yahoo! Slurp/3.0; http://help.yahoo.com/help/us/ysearch/slurp)"
217.172.44.82 - - [17/May/2008:01:43:27 -0400] "GET /robots.txt HTTP/1.1" 404 208 "-" "portscout/0.7.4"
217.172.44.82 - - [17/May/2008:01:43:27 -0400] "GET /NoteBook/releases/ HTTP/1.1" 200 860 "-" "portscout/0.7.4"
